000
CDUS43 KDTX 110536
CLIDTW


CLIMATE REPORT
NATIONAL WEATHER SERVICE DETROIT/PONTIAC MI
136 AM EDT FRI APR 11 2014


...................................

...THE DETROIT MI CLIMATE SUMMARY FOR APRIL 10 2014...

CLIMATE NORMAL PERIOD 1981 TO 2010
CLIMATE RECORD PERIOD 1874 TO 2014


WEATHER ITEM   OBSERVED TIME   RECORD YEAR NORMAL DEPARTURE LAST
                VALUE   (LST)  VALUE       VALUE  FROM      YEAR
                                                  NORMAL
..................................................................
TEMPERATURE (F)
 YESTERDAY
  MAXIMUM         71    317 PM  86    1977  57     14       46
  MINIMUM         43    106 AM  20    1989  38      5       39
  AVERAGE         57                        47     10       43

PRECIPITATION (IN)
  YESTERDAY        0.01          1.21 1939   0.10  -0.09     0.17
  MONTH TO DATE    0.91                      0.94  -0.03     0.29
  SINCE MAR 1      2.40                      3.22  -0.82     1.03
  SINCE JAN 1      8.14                      7.20   0.94     7.31

SNOWFALL (IN)
  YESTERDAY        0.0           3.0  1923   0.1   -0.1      0.0
  MONTH TO DATE    T                         1.0   -1.0       T
  SINCE MAR 1     12.5                       7.9    4.6      3.1
  SINCE JUL 1     91.7                      41.8   49.9     47.6
  SNOW DEPTH       0

DEGREE DAYS
 HEATING
  YESTERDAY        8                        18    -10       22
  MONTH TO DATE  189                       196     -7      226
  SINCE MAR 1   1308                      1058    250     1159
  SINCE JUL 1   6558                      5611    947     5444

 COOLING
  YESTERDAY        0                         0      0        0
  MONTH TO DATE    0                         0      0        0
  SINCE MAR 1      0                         0      0        0
  SINCE JAN 1      0                         0      0        0
..................................................................


WIND (MPH)
  HIGHEST WIND SPEED    40   HIGHEST WIND DIRECTION     S (200)
  HIGHEST GUST SPEED    48   HIGHEST GUST DIRECTION     S (200)
  AVERAGE WIND SPEED    16.8


SKY COVER
  POSSIBLE SUNSHINE  MM
  AVERAGE SKY COVER 0.8


WEATHER CONDITIONS
 THE FOLLOWING WEATHER WAS RECORDED YESTERDAY.
  LIGHT RAIN


RELATIVE HUMIDITY (PERCENT)
 HIGHEST    72           700 PM
 LOWEST     33           100 PM
 AVERAGE    53

..........................................................


THE DETROIT MI CLIMATE NORMALS FOR TODAY
                         NORMAL    RECORD    YEAR
 MAXIMUM TEMPERATURE (F)   57        87      1977
 MINIMUM TEMPERATURE (F)   38        22      1940


SUNRISE AND SUNSET
APRIL 11 2014.........SUNRISE   659 AM EDT   SUNSET   810 PM EDT
APRIL 12 2014.........SUNRISE   657 AM EDT   SUNSET   811 PM EDT


-  INDICATES NEGATIVE NUMBERS.
R  INDICATES RECORD WAS SET OR TIED.
MM INDICATES DATA IS MISSING.
T  INDICATES TRACE AMOUNT.




$$
