000
CDUS43 KDTX 300541
CLIDTW


CLIMATE REPORT
NATIONAL WEATHER SERVICE DETROIT/PONTIAC MI
1241 AM EST SAT JAN 30 2016


...................................

...THE DETROIT MI CLIMATE SUMMARY FOR JANUARY 29 2016...

CLIMATE NORMAL PERIOD 1981 TO 2010
CLIMATE RECORD PERIOD 1874 TO 2016


WEATHER ITEM   OBSERVED TIME   RECORD YEAR NORMAL DEPARTURE LAST
                VALUE   (LST)  VALUE       VALUE  FROM      YEAR
                                                  NORMAL
..................................................................
TEMPERATURE (F)
 YESTERDAY
  MAXIMUM         32    426 PM  58    1914  32      0       35
  MINIMUM         24   1015 PM  -7    1885  19      5       25
  AVERAGE         28                        26      2       30

PRECIPITATION (IN)
  YESTERDAY        T             0.84 1969   0.06  -0.06     0.05
  MONTH TO DATE    1.18                      1.84  -0.66     1.45
  SINCE DEC 1      4.19                      4.30  -0.11     2.86
  SINCE JAN 1      1.18                      1.84  -0.66     1.45

SNOWFALL (IN)
  YESTERDAY        T             4.5  1909   0.4   -0.4      0.9
  MONTH TO DATE    8.4                      11.7   -3.3     14.2
  SINCE DEC 1      9.7                      21.3  -11.6     14.3
  SINCE JUL 1     15.9                      22.9   -7.0     18.3
  SNOW DEPTH       0

DEGREE DAYS
 HEATING
  YESTERDAY       37                        39     -2       35
  MONTH TO DATE 1093                      1148    -55     1263
  SINCE DEC 1   1825                      2230   -405     2230
  SINCE JUL 1   2745                      3445   -700     3607

 COOLING
  YESTERDAY        0                         0      0        0
  MONTH TO DATE    0                         0      0        0
  SINCE DEC 1      0                         0      0        0
  SINCE JAN 1      0                         0      0        0
..................................................................


WIND (MPH)
  HIGHEST WIND SPEED    24   HIGHEST WIND DIRECTION    NW (300)
  HIGHEST GUST SPEED    32   HIGHEST GUST DIRECTION     W (290)
  AVERAGE WIND SPEED    10.8


SKY COVER
  POSSIBLE SUNSHINE  MM
  AVERAGE SKY COVER 0.6


WEATHER CONDITIONS
 THE FOLLOWING WEATHER WAS RECORDED YESTERDAY.
  LIGHT SNOW


RELATIVE HUMIDITY (PERCENT)
 HIGHEST    72          1200 AM
 LOWEST     43           400 PM
 AVERAGE    58

..........................................................


THE DETROIT MI CLIMATE NORMALS FOR TODAY
                         NORMAL    RECORD    YEAR
 MAXIMUM TEMPERATURE (F)   32        62      2013
 MINIMUM TEMPERATURE (F)   19        -4      1951


SUNRISE AND SUNSET
JANUARY 30 2016.......SUNRISE   749 AM EST   SUNSET   545 PM EST
JANUARY 31 2016.......SUNRISE   748 AM EST   SUNSET   546 PM EST


-  INDICATES NEGATIVE NUMBERS.
R  INDICATES RECORD WAS SET OR TIED.
MM INDICATES DATA IS MISSING.
T  INDICATES TRACE AMOUNT.




$$
