000
CDUS43 KDTX 130536
CLIDTW


CLIMATE REPORT
NATIONAL WEATHER SERVICE DETROIT/PONTIAC MI
136 AM EDT SAT AUG 13 2016


...................................

...THE DETROIT MI CLIMATE SUMMARY FOR AUGUST 12 2016...

CLIMATE NORMAL PERIOD 1981 TO 2010
CLIMATE RECORD PERIOD 1874 TO 2016


WEATHER ITEM   OBSERVED TIME   RECORD YEAR NORMAL DEPARTURE LAST
                VALUE   (LST)  VALUE       VALUE  FROM      YEAR
                                                  NORMAL
..................................................................
TEMPERATURE (F)
 YESTERDAY
  MAXIMUM         95    412 PM  99    1881  82     13       78
  MINIMUM         75   1115 PM  46    1967  63     12       59
  AVERAGE         85                        73     12       69

PRECIPITATION (IN)
  YESTERDAY        T             2.46 2013   0.10  -0.10     0.00
  MONTH TO DATE    0.17                      1.26  -1.09     1.24
  SINCE JUN 1      3.04                      8.15  -5.11     8.32
  SINCE JAN 1     15.77                     20.69  -4.92    20.06

SNOWFALL (IN)
  YESTERDAY        0.0           0.0    MM   0.0    0.0      0.0
  MONTH TO DATE    0.0                       0.0    0.0      0.0
  SINCE JUN 1      0.0                       0.0    0.0      0.0
  SINCE JUL 1      0.0                       0.0    0.0      0.0
  SNOW DEPTH       0

DEGREE DAYS
 HEATING
  YESTERDAY        0                         0      0        0
  MONTH TO DATE    0                         0      0        0
  SINCE JUN 1     14                        37    -23       25
  SINCE JUL 1      0                         2     -2        3

 COOLING
  YESTERDAY       20                         8     12        4
  MONTH TO DATE  175                        96     79       87
  SINCE JUN 1    748                       534    214      481
  SINCE JAN 1    826                       582    244      585
..................................................................


WIND (MPH)
  HIGHEST WIND SPEED    23   HIGHEST WIND DIRECTION     S (200)
  HIGHEST GUST SPEED    28   HIGHEST GUST DIRECTION     W (290)
  AVERAGE WIND SPEED    11.3


SKY COVER
  POSSIBLE SUNSHINE  MM
  AVERAGE SKY COVER 0.8


WEATHER CONDITIONS
 THE FOLLOWING WEATHER WAS RECORDED YESTERDAY.
  THUNDERSTORM
  HEAVY RAIN
  LIGHT RAIN
  FOG
  HAZE


RELATIVE HUMIDITY (PERCENT)
 HIGHEST    87          1100 PM
 LOWEST     43           200 PM
 AVERAGE    65

..........................................................


THE DETROIT MI CLIMATE NORMALS FOR TODAY
                         NORMAL    RECORD    YEAR
 MAXIMUM TEMPERATURE (F)   82        96      1944
                                             1918
 MINIMUM TEMPERATURE (F)   63        47      1967


SUNRISE AND SUNSET
AUGUST 13 2016........SUNRISE   639 AM EDT   SUNSET   836 PM EDT
AUGUST 14 2016........SUNRISE   640 AM EDT   SUNSET   835 PM EDT


-  INDICATES NEGATIVE NUMBERS.
R  INDICATES RECORD WAS SET OR TIED.
MM INDICATES DATA IS MISSING.
T  INDICATES TRACE AMOUNT.




$$
