000
CDUS43 KDTX 080537
CLIDTW


CLIMATE REPORT
NATIONAL WEATHER SERVICE DETROIT/PONTIAC MI
1237 AM EST WED FEB 8 2017


...................................

...THE DETROIT MI CLIMATE SUMMARY FOR FEBRUARY 7 2017...

CLIMATE NORMAL PERIOD 1981 TO 2010
CLIMATE RECORD PERIOD 1874 TO 2017


WEATHER ITEM   OBSERVED TIME   RECORD YEAR NORMAL DEPARTURE LAST
                VALUE   (LST)  VALUE       VALUE  FROM      YEAR
                                                  NORMAL
..................................................................
TEMPERATURE (F)
 YESTERDAY
  MAXIMUM         56R   758 PM  53    1882  33     23       50
  MINIMUM         34    637 AM -10    1875  20     14       28
  AVERAGE         45                        26     19       39

PRECIPITATION (IN)
  YESTERDAY        1.01          1.04 1887   0.06   0.95      T
  MONTH TO DATE    1.11                      0.45   0.66     0.49
  SINCE DEC 1      6.10                      4.87   1.23     4.84
  SINCE JAN 1      3.94                      2.41   1.53     1.83

SNOWFALL (IN)
  YESTERDAY        0.0           5.6  1986   0.3   -0.3      0.0
  MONTH TO DATE    1.6                       2.5   -0.9      0.4
  SINCE DEC 1     30.2                      24.6    5.6     10.1
  SINCE JUL 1     30.3                      26.2    4.1     16.3
  SNOW DEPTH       2

DEGREE DAYS
 HEATING
  YESTERDAY       20                        38    -18       26
  MONTH TO DATE  248                       272    -24      203
  SINCE DEC 1   2367                      2577   -210     2074
  SINCE JUL 1   3235                      3792   -557     2994

 COOLING
  YESTERDAY        0                         0      0        0
  MONTH TO DATE    0                         0      0        0
  SINCE DEC 1      0                         0      0        0
  SINCE JAN 1      0                         0      0        0
..................................................................


WIND (MPH)
  HIGHEST WIND SPEED    30   HIGHEST WIND DIRECTION     W (260)
  HIGHEST GUST SPEED    40   HIGHEST GUST DIRECTION    SW (240)
  AVERAGE WIND SPEED    10.0


SKY COVER
  POSSIBLE SUNSHINE  MM
  AVERAGE SKY COVER 1.0


WEATHER CONDITIONS
 THE FOLLOWING WEATHER WAS RECORDED YESTERDAY.
  HEAVY RAIN
  RAIN
  LIGHT RAIN
  FOG
  FOG W/VISIBILITY <= 1/4 MILE
  HAZE


RELATIVE HUMIDITY (PERCENT)
 HIGHEST   100           600 AM
 LOWEST     76           100 AM
 AVERAGE    88

..........................................................


THE DETROIT MI CLIMATE NORMALS FOR TODAY
                         NORMAL    RECORD    YEAR
 MAXIMUM TEMPERATURE (F)   34        62      1900
 MINIMUM TEMPERATURE (F)   20       -11      1934


SUNRISE AND SUNSET
FEBRUARY  8 2017......SUNRISE   738 AM EST   SUNSET   557 PM EST
FEBRUARY  9 2017......SUNRISE   737 AM EST   SUNSET   558 PM EST


-  INDICATES NEGATIVE NUMBERS.
R  INDICATES RECORD WAS SET OR TIED.
MM INDICATES DATA IS MISSING.
T  INDICATES TRACE AMOUNT.




$$
