000
CDUS43 KDTX 100536
CLIDTW


CLIMATE REPORT
NATIONAL WEATHER SERVICE DETROIT/PONTIAC MI
136 AM EDT WED SEP 10 2014


...................................

...THE DETROIT MI CLIMATE SUMMARY FOR SEPTEMBER 9 2014...

CLIMATE NORMAL PERIOD 1981 TO 2010
CLIMATE RECORD PERIOD 1874 TO 2014


WEATHER ITEM   OBSERVED TIME   RECORD YEAR NORMAL DEPARTURE LAST
                VALUE   (LST)  VALUE       VALUE  FROM      YEAR
                                                  NORMAL
..................................................................
TEMPERATURE (F)
 YESTERDAY
  MAXIMUM         78    200 PM  94    2002  77      1       74
  MINIMUM         61    558 AM  37    1883  58      3       56
  AVERAGE         70                        67      3       65

PRECIPITATION (IN)
  YESTERDAY        0.00          1.82 1992   0.11  -0.11     0.11
  MONTH TO DATE    2.14                      0.98   1.16     0.17
  SINCE SEP 1      2.14                      0.98   1.16     0.17
  SINCE JAN 1     29.56                     23.41   6.15    31.15

SNOWFALL (IN)
  YESTERDAY        0.0           0.0    MM   0.0    0.0      0.0
  MONTH TO DATE    0.0                       0.0    0.0      0.0
  SINCE SEP 1      0.0                       0.0    0.0      0.0
  SINCE JUL 1      0.0                       0.0    0.0      0.0
  SNOW DEPTH       0

DEGREE DAYS
 HEATING
  YESTERDAY        0                         2     -2        0
  MONTH TO DATE    0                        11    -11        2
  SINCE SEP 1      0                        11    -11        2
  SINCE JUL 1     13                        21     -8       14

 COOLING
  YESTERDAY        5                         4      1        0
  MONTH TO DATE   60                        40     20       27
  SINCE SEP 1     60                        40     20       27
  SINCE JAN 1    692                       751    -59      820
..................................................................


WIND (MPH)
  HIGHEST WIND SPEED    14   HIGHEST WIND DIRECTION    SW (210)
  HIGHEST GUST SPEED    17   HIGHEST GUST DIRECTION    SW (210)
  AVERAGE WIND SPEED     3.9


SKY COVER
  POSSIBLE SUNSHINE  MM
  AVERAGE SKY COVER 0.8


WEATHER CONDITIONS
 THE FOLLOWING WEATHER WAS RECORDED YESTERDAY.
  FOG


RELATIVE HUMIDITY (PERCENT)
 HIGHEST    97           500 AM
 LOWEST     46           400 PM
 AVERAGE    72

..........................................................


THE DETROIT MI CLIMATE NORMALS FOR TODAY
                         NORMAL    RECORD    YEAR
 MAXIMUM TEMPERATURE (F)   76        94      1983
                                             1955
 MINIMUM TEMPERATURE (F)   57        40      1883


SUNRISE AND SUNSET
SEPTEMBER 10 2014.....SUNRISE   708 AM EDT   SUNSET   752 PM EDT
SEPTEMBER 11 2014.....SUNRISE   709 AM EDT   SUNSET   750 PM EDT


-  INDICATES NEGATIVE NUMBERS.
R  INDICATES RECORD WAS SET OR TIED.
MM INDICATES DATA IS MISSING.
T  INDICATES TRACE AMOUNT.




$$
