000
CDUS43 KDTX 040538
CLIDTW


CLIMATE REPORT
NATIONAL WEATHER SERVICE DETROIT/PONTIAC MI
137 AM EDT SAT NOV 4 2017


...................................

...THE DETROIT MI CLIMATE SUMMARY FOR NOVEMBER 3 2017...

CLIMATE NORMAL PERIOD 1981 TO 2010
CLIMATE RECORD PERIOD 1874 TO 2017


WEATHER ITEM   OBSERVED TIME   RECORD YEAR NORMAL DEPARTURE LAST
                VALUE   (LST)  VALUE       VALUE  FROM      YEAR
                                                  NORMAL
..................................................................
TEMPERATURE (F)
 YESTERDAY
  MAXIMUM         53    203 PM  76    2015  55     -2       60
  MINIMUM         38   1026 PM  16    1951  38      0       50
  AVERAGE         46                        46      0       55

PRECIPITATION (IN)
  YESTERDAY        0.03          0.90 1899   0.09  -0.06     0.16
  MONTH TO DATE    1.13                      0.27   0.86     0.97
  SINCE SEP 1      4.88                      6.06  -1.18    10.23
  SINCE JAN 1     30.18                     28.49   1.69    31.45

SNOWFALL (IN)
  YESTERDAY        0.0           1.3  1966   0.0    0.0      0.0
  MONTH TO DATE    T                         0.0    0.0      0.0
  SINCE SEP 1      T                         0.1   -0.1      0.0
  SINCE JUL 1      T                         0.1   -0.1      0.0
  SNOW DEPTH       0

DEGREE DAYS
 HEATING
  YESTERDAY       19                        19      0       10
  MONTH TO DATE   57                        55      2       15
  SINCE SEP 1    386                       556   -170      342
  SINCE JUL 1    390                       566   -176      342

 COOLING
  YESTERDAY        0                         0      0        0
  MONTH TO DATE    0                         0      0        0
  SINCE SEP 1    168                        92     76      154
  SINCE JAN 1    918                       803    115     1177
..................................................................


WIND (MPH)
  HIGHEST WIND SPEED    17   HIGHEST WIND DIRECTION     N (340)
  HIGHEST GUST SPEED    22   HIGHEST GUST DIRECTION    NW (330)
  AVERAGE WIND SPEED     7.6


SKY COVER
  POSSIBLE SUNSHINE  MM
  AVERAGE SKY COVER 0.8


WEATHER CONDITIONS
 THE FOLLOWING WEATHER WAS RECORDED YESTERDAY.
  RAIN
  LIGHT RAIN
  FOG


RELATIVE HUMIDITY (PERCENT)
 HIGHEST    93          1200 AM
 LOWEST     50           200 PM
 AVERAGE    72

..........................................................


THE DETROIT MI CLIMATE NORMALS FOR TODAY
                         NORMAL    RECORD    YEAR
 MAXIMUM TEMPERATURE (F)   54        77      2015
 MINIMUM TEMPERATURE (F)   38        17      1879


SUNRISE AND SUNSET
NOVEMBER  4 2017......SUNRISE   810 AM EDT   SUNSET   623 PM EDT
NOVEMBER  5 2017......SUNRISE   712 AM EST   SUNSET   522 PM EST


-  INDICATES NEGATIVE NUMBERS.
R  INDICATES RECORD WAS SET OR TIED.
MM INDICATES DATA IS MISSING.
T  INDICATES TRACE AMOUNT.




$$
