000
CDUS43 KDTX 170535
CLIDTW


CLIMATE REPORT
NATIONAL WEATHER SERVICE DETROIT/PONTIAC MI
135 AM EDT TUE MAY 17 2016


...................................

...THE DETROIT MI CLIMATE SUMMARY FOR MAY 16 2016...

CLIMATE NORMAL PERIOD 1981 TO 2010
CLIMATE RECORD PERIOD 1874 TO 2016


WEATHER ITEM   OBSERVED TIME   RECORD YEAR NORMAL DEPARTURE LAST
                VALUE   (LST)  VALUE       VALUE  FROM      YEAR
                                                  NORMAL
..................................................................
TEMPERATURE (F)
 YESTERDAY
  MAXIMUM         69    435 PM  92    1962  70     -1       78
  MINIMUM         38    510 AM  32    1984  49    -11       63
                                      1967
  AVERAGE         54                        60     -6       71

PRECIPITATION (IN)
  YESTERDAY        0.00          1.09 1945   0.10  -0.10     0.06
                                      1899
  MONTH TO DATE    2.03                      1.65   0.38     2.63
  SINCE MAR 1      9.20                      6.83   2.37     6.04
  SINCE JAN 1     12.56                     10.81   1.75     8.84

SNOWFALL (IN)
  YESTERDAY        0.0           0.0    MM   0.0    0.0      0.0
  MONTH TO DATE    T                         0.0    0.0      0.0
  SINCE MAR 1      8.7                       8.6    0.1      2.8
  SINCE JUL 1     35.3                      42.5   -7.2     47.5
  SNOW DEPTH       0

DEGREE DAYS
 HEATING
  YESTERDAY       11                         7      4        0
  MONTH TO DATE  155                       137     18       52
  SINCE MAR 1   1379                      1478    -99     1430
  SINCE JUL 1   5144                      6031   -887     6541

 COOLING
  YESTERDAY        0                         1     -1        6
  MONTH TO DATE    2                        11     -9       44
  SINCE MAR 1      2                        17    -15       44
  SINCE JAN 1      2                        17    -15       44
..................................................................


WIND (MPH)
  HIGHEST WIND SPEED    28   HIGHEST WIND DIRECTION    SW (210)
  HIGHEST GUST SPEED    35   HIGHEST GUST DIRECTION    SW (220)
  AVERAGE WIND SPEED    15.0


SKY COVER
  POSSIBLE SUNSHINE  MM
  AVERAGE SKY COVER 0.4


WEATHER CONDITIONS
 THE FOLLOWING WEATHER WAS RECORDED YESTERDAY.
  NO SIGNIFICANT WEATHER WAS OBSERVED.


RELATIVE HUMIDITY (PERCENT)
 HIGHEST    64           300 AM
 LOWEST     32           400 PM
 AVERAGE    48

..........................................................


THE DETROIT MI CLIMATE NORMALS FOR TODAY
                         NORMAL    RECORD    YEAR
 MAXIMUM TEMPERATURE (F)   70        93      1962
 MINIMUM TEMPERATURE (F)   50        31      1973


SUNRISE AND SUNSET
MAY 17 2016...........SUNRISE   610 AM EDT   SUNSET   850 PM EDT
MAY 18 2016...........SUNRISE   609 AM EDT   SUNSET   851 PM EDT


-  INDICATES NEGATIVE NUMBERS.
R  INDICATES RECORD WAS SET OR TIED.
MM INDICATES DATA IS MISSING.
T  INDICATES TRACE AMOUNT.




$$
