000
CDUS43 KDTX 220538
CLIDTW


CLIMATE REPORT
NATIONAL WEATHER SERVICE DETROIT/PONTIAC MI
138 AM EDT SUN MAR 22 2015


...................................

...THE DETROIT MI CLIMATE SUMMARY FOR MARCH 21 2015...

CLIMATE NORMAL PERIOD 1981 TO 2010
CLIMATE RECORD PERIOD 1874 TO 2015


WEATHER ITEM   OBSERVED TIME   RECORD YEAR NORMAL DEPARTURE LAST
                VALUE   (LST)  VALUE       VALUE  FROM      YEAR
                                                  NORMAL
..................................................................
TEMPERATURE (F)
 YESTERDAY
  MAXIMUM         52    446 PM  84    2012  48      4       41
  MINIMUM         30   1159 PM  -1    1885  30      0       24
  AVERAGE         41                        39      2       33

PRECIPITATION (IN)
  YESTERDAY        T             1.03 1994   0.08  -0.08      T
  MONTH TO DATE    0.32                      1.49  -1.17     1.34
  SINCE MAR 1      0.32                      1.49  -1.17     1.34
  SINCE JAN 1      3.12                      5.47  -2.35     7.08

SNOWFALL (IN)
  YESTERDAY        0.0           6.9  2008   0.2   -0.2      0.0
  MONTH TO DATE    2.8                       5.4   -2.6     11.5
  SINCE MAR 1      2.8                       5.4   -2.6     11.5
  SINCE JUL 1     47.5                      39.3    8.2     90.7
  SNOW DEPTH       0

DEGREE DAYS
 HEATING
  YESTERDAY       24                        26     -2       32
  MONTH TO DATE  634                       625      9      804
  SINCE MAR 1    634                       625      9      804
  SINCE JUL 1   5745                      5178    567     6054

 COOLING
  YESTERDAY        0                         0      0        0
  MONTH TO DATE    0                         0      0        0
  SINCE MAR 1      0                         0      0        0
  SINCE JAN 1      0                         0      0        0
..................................................................


WIND (MPH)
  HIGHEST WIND SPEED    18   HIGHEST WIND DIRECTION     W (290)
  HIGHEST GUST SPEED    24   HIGHEST GUST DIRECTION    SW (220)
  AVERAGE WIND SPEED    11.5


SKY COVER
  POSSIBLE SUNSHINE  MM
  AVERAGE SKY COVER 0.7


WEATHER CONDITIONS
 THE FOLLOWING WEATHER WAS RECORDED YESTERDAY.
  FOG
  HAZE


RELATIVE HUMIDITY (PERCENT)
 HIGHEST    85           500 AM
 LOWEST     33           600 PM
 AVERAGE    59

..........................................................


THE DETROIT MI CLIMATE NORMALS FOR TODAY
                         NORMAL    RECORD    YEAR
 MAXIMUM TEMPERATURE (F)   48        86      2012
 MINIMUM TEMPERATURE (F)   31         3      1885


SUNRISE AND SUNSET
MARCH 22 2015.........SUNRISE   734 AM EDT   SUNSET   748 PM EDT
MARCH 23 2015.........SUNRISE   732 AM EDT   SUNSET   749 PM EDT


-  INDICATES NEGATIVE NUMBERS.
R  INDICATES RECORD WAS SET OR TIED.
MM INDICATES DATA IS MISSING.
T  INDICATES TRACE AMOUNT.




$$
