000
CDUS43 KDTX 070537
CLIDTW


CLIMATE REPORT
NATIONAL WEATHER SERVICE DETROIT/PONTIAC MI
1237 AM EST TUE NOV 7 2017


...................................

...THE DETROIT MI CLIMATE SUMMARY FOR NOVEMBER 6 2017...

CLIMATE NORMAL PERIOD 1981 TO 2010
CLIMATE RECORD PERIOD 1874 TO 2017


WEATHER ITEM   OBSERVED TIME   RECORD YEAR NORMAL DEPARTURE LAST
                VALUE   (LST)  VALUE       VALUE  FROM      YEAR
                                                  NORMAL
..................................................................
TEMPERATURE (F)
 YESTERDAY
  MAXIMUM         48    320 AM  75    1975  53     -5       66
  MINIMUM         40   1159 PM  18    1877  37      3       43
  AVERAGE         44                        45     -1       55

PRECIPITATION (IN)
  YESTERDAY        0.00          1.64 1880   0.09  -0.09     0.00
  MONTH TO DATE    2.18                      0.54   1.64     0.97
  SINCE SEP 1      5.93                      6.33  -0.40    10.23
  SINCE JAN 1     31.23                     28.76   2.47    31.45

SNOWFALL (IN)
  YESTERDAY        0.0           5.6  1951   0.0    0.0      0.0
  MONTH TO DATE    T                         0.1   -0.1      0.0
  SINCE SEP 1      T                         0.2   -0.2      0.0
  SINCE JUL 1      T                         0.2   -0.2      0.0
  SNOW DEPTH       0

DEGREE DAYS
 HEATING
  YESTERDAY       21                        20      1       10
  MONTH TO DATE  106                       113     -7       52
  SINCE SEP 1    435                       614   -179      379
  SINCE JUL 1    439                       624   -185      379

 COOLING
  YESTERDAY        0                         0      0        0
  MONTH TO DATE    0                         0      0        0
  SINCE SEP 1    168                        92     76      154
  SINCE JAN 1    918                       803    115     1177
..................................................................


WIND (MPH)
  HIGHEST WIND SPEED    16   HIGHEST WIND DIRECTION    NW (310)
  HIGHEST GUST SPEED    19   HIGHEST GUST DIRECTION     N (360)
  AVERAGE WIND SPEED     7.7


SKY COVER
  POSSIBLE SUNSHINE  MM
  AVERAGE SKY COVER 0.8


WEATHER CONDITIONS
 THE FOLLOWING WEATHER WAS RECORDED YESTERDAY.
  NO SIGNIFICANT WEATHER WAS OBSERVED.


RELATIVE HUMIDITY (PERCENT)
 HIGHEST    86           100 AM
 LOWEST     49           300 PM
 AVERAGE    68

..........................................................


THE DETROIT MI CLIMATE NORMALS FOR TODAY
                         NORMAL    RECORD    YEAR
 MAXIMUM TEMPERATURE (F)   53        70      1916
 MINIMUM TEMPERATURE (F)   37        20      1991
                                             1984
                                             1973


SUNRISE AND SUNSET
NOVEMBER  7 2017......SUNRISE   714 AM EST   SUNSET   519 PM EST
NOVEMBER  8 2017......SUNRISE   715 AM EST   SUNSET   518 PM EST


-  INDICATES NEGATIVE NUMBERS.
R  INDICATES RECORD WAS SET OR TIED.
MM INDICATES DATA IS MISSING.
T  INDICATES TRACE AMOUNT.




$$
