000
CDUS43 KDTX 042142
CLIDTW


CLIMATE REPORT
NATIONAL WEATHER SERVICE DETROIT/PONTIAC MI
440 PM EST SUN FEB 4 2018


...................................

...THE DETROIT MI CLIMATE SUMMARY FOR FEBRUARY 4 2018...
VALID TODAY AS OF 0400 PM LOCAL TIME.

CLIMATE NORMAL PERIOD 1981 TO 2010
CLIMATE RECORD PERIOD 1874 TO 2018


WEATHER ITEM   OBSERVED TIME   RECORD YEAR NORMAL DEPARTURE LAST
                VALUE   (LST)  VALUE       VALUE  FROM      YEAR
                                                  NORMAL
..................................................................
TEMPERATURE (F)
 TODAY
  MAXIMUM         35   1258 AM  63    1890  33      2       30
  MINIMUM         26    359 PM -10    1918  19      7       13
                                      1875
  AVERAGE         31                        26      5       22

PRECIPITATION (IN)
  TODAY            0.23          0.98 1971   0.07   0.16     0.00
                                      1900
  MONTH TO DATE    0.23                      0.26  -0.03     0.10
  SINCE DEC 1      3.07                      4.68  -1.61     5.09
  SINCE JAN 1      1.59                      2.22  -0.63     2.93

SNOWFALL (IN)
  TODAY            2.8          10.0  1900   0.4    2.4      0.0
  MONTH TO DATE    2.8                       1.5    1.3      1.5
  SINCE DEC 1     34.5                      23.6   10.9     30.1
  SINCE JUL 1     34.5                      25.2    9.3     30.2
  SNOW DEPTH       2

DEGREE DAYS
 HEATING
  TODAY           34                        39     -5       43
  MONTH TO DATE  166                       156     10      164
  SINCE DEC 1   2593                      2461    132     2283
  SINCE JUL 1   3656                      3676    -20     3151

 COOLING
  TODAY            0                         0      0        0
  MONTH TO DATE    0                         0      0        0
  SINCE DEC 1      0                         0      0        0
  SINCE JAN 1      0                         0      0        0
..................................................................


WIND (MPH)
  HIGHEST WIND SPEED    25   HIGHEST WIND DIRECTION    SW (230)
  HIGHEST GUST SPEED    33   HIGHEST GUST DIRECTION    SW (220)
  AVERAGE WIND SPEED    13.2


SKY COVER
  POSSIBLE SUNSHINE  MM
  AVERAGE SKY COVER 1.0


WEATHER CONDITIONS
 THE FOLLOWING WEATHER WAS RECORDED TODAY.
  LIGHT SNOW
  FOG


RELATIVE HUMIDITY (PERCENT)
 HIGHEST    96          1000 AM
 LOWEST     38          1200 AM
 AVERAGE    67

..........................................................


THE DETROIT MI CLIMATE NORMALS FOR TOMORROW
                         NORMAL    RECORD    YEAR
 MAXIMUM TEMPERATURE (F)   33        51      1993
                                             1962
                                             1944
 MINIMUM TEMPERATURE (F)   20       -16      1918


SUNRISE AND SUNSET
FEBRUARY  4 2018......SUNRISE   743 AM EST   SUNSET   552 PM EST
FEBRUARY  5 2018......SUNRISE   742 AM EST   SUNSET   553 PM EST


-  INDICATES NEGATIVE NUMBERS.
R  INDICATES RECORD WAS SET OR TIED.
MM INDICATES DATA IS MISSING.
T  INDICATES TRACE AMOUNT.




$$
