000
CDUS43 KDTX 030544
CLIDTW


CLIMATE REPORT
NATIONAL WEATHER SERVICE DETROIT/PONTIAC MI
1244 AM EST TUE JAN 3 2017


...................................

...THE DETROIT MI CLIMATE SUMMARY FOR JANUARY 2 2017...

CLIMATE NORMAL PERIOD 1981 TO 2010
CLIMATE RECORD PERIOD 1874 TO 2017


WEATHER ITEM   OBSERVED TIME   RECORD YEAR NORMAL DEPARTURE LAST
                VALUE   (LST)  VALUE       VALUE  FROM      YEAR
                                                  NORMAL
..................................................................
TEMPERATURE (F)
 YESTERDAY
  MAXIMUM         43    308 PM  62    1876  33     10       40
  MINIMUM         27    222 AM -12    1879  20      7       30
  AVERAGE         35                        26      9       35

PRECIPITATION (IN)
  YESTERDAY        0.08          0.67 1999   0.07   0.01     0.00
  MONTH TO DATE    0.08                      0.14  -0.06      T
  SINCE DEC 1      2.24                      2.60  -0.36     3.01
  SINCE JAN 1      0.08                      0.14  -0.06      T

SNOWFALL (IN)
  YESTERDAY        0.0          10.6  1999   0.4   -0.4      0.0
  MONTH TO DATE    0.0                       0.8   -0.8       T
  SINCE DEC 1     16.8                      10.4    6.4      1.3
  SINCE JUL 1     16.9                      12.0    4.9      7.5
  SNOW DEPTH       0

DEGREE DAYS
 HEATING
  YESTERDAY       30                        39     -9       30
  MONTH TO DATE   63                        78    -15       65
  SINCE DEC 1   1173                      1160     13      797
  SINCE JUL 1   2041                      2375   -334     1717

 COOLING
  YESTERDAY        0                         0      0        0
  MONTH TO DATE    0                         0      0        0
  SINCE DEC 1      0                         0      0        0
  SINCE JAN 1      0                         0      0        0
..................................................................


WIND (MPH)
  HIGHEST WIND SPEED    12   HIGHEST WIND DIRECTION     E (90)
  HIGHEST GUST SPEED    17   HIGHEST GUST DIRECTION     E (90)
  AVERAGE WIND SPEED     6.4


SKY COVER
  POSSIBLE SUNSHINE  MM
  AVERAGE SKY COVER 0.9


WEATHER CONDITIONS
 THE FOLLOWING WEATHER WAS RECORDED YESTERDAY.
  LIGHT RAIN
  FOG
  HAZE


RELATIVE HUMIDITY (PERCENT)
 HIGHEST   100           700 PM
 LOWEST     70           100 PM
 AVERAGE    85

..........................................................


THE DETROIT MI CLIMATE NORMALS FOR TODAY
                         NORMAL    RECORD    YEAR
 MAXIMUM TEMPERATURE (F)   32        59      1950
 MINIMUM TEMPERATURE (F)   20       -15      1879


SUNRISE AND SUNSET
JANUARY  3 2017.......SUNRISE   802 AM EST   SUNSET   514 PM EST
JANUARY  4 2017.......SUNRISE   802 AM EST   SUNSET   515 PM EST


-  INDICATES NEGATIVE NUMBERS.
R  INDICATES RECORD WAS SET OR TIED.
MM INDICATES DATA IS MISSING.
T  INDICATES TRACE AMOUNT.




$$
