000
CDUS43 KDTX 200540
CLIDTW


CLIMATE REPORT
NATIONAL WEATHER SERVICE DETROIT/PONTIAC MI
138 AM EDT WED APR 20 2016


...................................

...THE DETROIT MI CLIMATE SUMMARY FOR APRIL 19 2016...

CLIMATE NORMAL PERIOD 1981 TO 2010
CLIMATE RECORD PERIOD 1874 TO 2016


WEATHER ITEM   OBSERVED TIME   RECORD YEAR NORMAL DEPARTURE LAST
                VALUE   (LST)  VALUE       VALUE  FROM      YEAR
                                                  NORMAL
..................................................................
TEMPERATURE (F)
 YESTERDAY
  MAXIMUM         62    518 PM  83    2005  61      1       63
                                      1977
  MINIMUM         46    856 AM  23    1897  41      5       46
  AVERAGE         54                        51      3       55

PRECIPITATION (IN)
  YESTERDAY        0.00          1.38 1911   0.10  -0.10     0.51
  MONTH TO DATE    0.84                      1.83  -0.99     2.17
  SINCE MAR 1      5.70                      4.11   1.59     2.97
  SINCE JAN 1      9.06                      8.09   0.97     5.77

SNOWFALL (IN)
  YESTERDAY        0.0           3.0  1943   0.0    0.0      0.0
  MONTH TO DATE    1.3                       1.5   -0.2      0.0
  SINCE MAR 1      8.7                       8.4    0.3      2.8
  SINCE JUL 1     35.3                      42.3   -7.0     47.5
  SNOW DEPTH       0

DEGREE DAYS
 HEATING
  YESTERDAY       11                        15     -4       10
  MONTH TO DATE  405                       341     64      252
  SINCE MAR 1   1075                      1203   -128     1189
  SINCE JUL 1   4840                      5756   -916     6300

 COOLING
  YESTERDAY        0                         0      0        0
  MONTH TO DATE    0                         0      0        0
  SINCE MAR 1      0                         0      0        0
  SINCE JAN 1      0                         0      0        0
..................................................................


WIND (MPH)
  HIGHEST WIND SPEED    18   HIGHEST WIND DIRECTION     N (10)
  HIGHEST GUST SPEED    23   HIGHEST GUST DIRECTION     N (10)
  AVERAGE WIND SPEED     8.1


SKY COVER
  POSSIBLE SUNSHINE  MM
  AVERAGE SKY COVER 1.0


WEATHER CONDITIONS
 THE FOLLOWING WEATHER WAS RECORDED YESTERDAY.
  HAZE


RELATIVE HUMIDITY (PERCENT)
 HIGHEST    71           600 AM
 LOWEST     34           500 PM
 AVERAGE    53

..........................................................


THE DETROIT MI CLIMATE NORMALS FOR TODAY
                         NORMAL    RECORD    YEAR
 MAXIMUM TEMPERATURE (F)   61        82      1985
                                             1957
                                             1952
 MINIMUM TEMPERATURE (F)   41        20      1897


SUNRISE AND SUNSET
APRIL 20 2016.........SUNRISE   644 AM EDT   SUNSET   821 PM EDT
APRIL 21 2016.........SUNRISE   642 AM EDT   SUNSET   822 PM EDT


-  INDICATES NEGATIVE NUMBERS.
R  INDICATES RECORD WAS SET OR TIED.
MM INDICATES DATA IS MISSING.
T  INDICATES TRACE AMOUNT.




$$
