000
CDUS43 KDTX 100541
CLIDTW


CLIMATE REPORT
NATIONAL WEATHER SERVICE DETROIT/PONTIAC MI
141 AM EDT WED AUG 10 2016


...................................

...THE DETROIT MI CLIMATE SUMMARY FOR AUGUST 9 2016...

CLIMATE NORMAL PERIOD 1981 TO 2010
CLIMATE RECORD PERIOD 1874 TO 2016


WEATHER ITEM   OBSERVED TIME   RECORD YEAR NORMAL DEPARTURE LAST
                VALUE   (LST)  VALUE       VALUE  FROM      YEAR
                                                  NORMAL
..................................................................
TEMPERATURE (F)
 YESTERDAY
  MAXIMUM         90    156 PM  96    1891  82      8       80
  MINIMUM         65    604 AM  46    1884  63      2       68
  AVERAGE         78                        73      5       74

PRECIPITATION (IN)
  YESTERDAY        0.00          1.03 1896   0.11  -0.11      T
  MONTH TO DATE    0.17                      0.97  -0.80     0.83
  SINCE JUN 1      3.04                      7.86  -4.82     7.91
  SINCE JAN 1     15.77                     20.40  -4.63    19.65

SNOWFALL (IN)
  YESTERDAY        0.0           0.0    MM   0.0    0.0      0.0
  MONTH TO DATE    0.0                       0.0    0.0      0.0
  SINCE JUN 1      0.0                       0.0    0.0      0.0
  SINCE JUL 1      0.0                       0.0    0.0      0.0
  SNOW DEPTH       0

DEGREE DAYS
 HEATING
  YESTERDAY        0                         0      0        0
  MONTH TO DATE    0                         0      0        0
  SINCE JUN 1     14                        37    -23       25
  SINCE JUL 1      0                         2     -2        3

 COOLING
  YESTERDAY       13                         8      5        9
  MONTH TO DATE  115                        72     43       65
  SINCE JUN 1    688                       510    178      459
  SINCE JAN 1    766                       558    208      563
..................................................................


WIND (MPH)
  HIGHEST WIND SPEED    12   HIGHEST WIND DIRECTION     S (180)
  HIGHEST GUST SPEED    17   HIGHEST GUST DIRECTION    SE (150)
  AVERAGE WIND SPEED     4.5


SKY COVER
  POSSIBLE SUNSHINE  MM
  AVERAGE SKY COVER 0.6


WEATHER CONDITIONS
 THE FOLLOWING WEATHER WAS RECORDED YESTERDAY.
  FOG
  HAZE


RELATIVE HUMIDITY (PERCENT)
 HIGHEST    87           600 AM
 LOWEST     40           300 PM
 AVERAGE    64

..........................................................


THE DETROIT MI CLIMATE NORMALS FOR TODAY
                         NORMAL    RECORD    YEAR
 MAXIMUM TEMPERATURE (F)   82        98      1944
 MINIMUM TEMPERATURE (F)   63        45      1972


SUNRISE AND SUNSET
AUGUST 10 2016........SUNRISE   636 AM EDT   SUNSET   840 PM EDT
AUGUST 11 2016........SUNRISE   637 AM EDT   SUNSET   839 PM EDT


-  INDICATES NEGATIVE NUMBERS.
R  INDICATES RECORD WAS SET OR TIED.
MM INDICATES DATA IS MISSING.
T  INDICATES TRACE AMOUNT.




$$
