000
CDUS43 KDTX 030544
CLIDTW


CLIMATE REPORT
NATIONAL WEATHER SERVICE DETROIT/PONTIAC MI
144 AM EDT FRI NOV 3 2017


...................................

...THE DETROIT MI CLIMATE SUMMARY FOR NOVEMBER 2 2017...

CLIMATE NORMAL PERIOD 1981 TO 2010
CLIMATE RECORD PERIOD 1874 TO 2017


WEATHER ITEM   OBSERVED TIME   RECORD YEAR NORMAL DEPARTURE LAST
                VALUE   (LST)  VALUE       VALUE  FROM      YEAR
                                                  NORMAL
..................................................................
TEMPERATURE (F)
 YESTERDAY
  MAXIMUM         60    756 PM  75    1933  55      5       68
  MINIMUM         44   1239 AM  22    1951  39      5       56
                                      1905
  AVERAGE         52                        47      5       62

PRECIPITATION (IN)
  YESTERDAY        0.99          1.02 1955   0.09   0.90     0.81
  MONTH TO DATE    1.10                      0.18   0.92     0.81
  SINCE SEP 1      4.85                      5.97  -1.12    10.07
  SINCE JAN 1     30.15                     28.40   1.75    31.29

SNOWFALL (IN)
  YESTERDAY       MM             4.7  1966   0.0   MM        0.0
  MONTH TO DATE    T                         0.0    0.0      0.0
  SINCE SEP 1      T                         0.1   -0.1      0.0
  SINCE JUL 1      T                         0.1   -0.1      0.0
  SNOW DEPTH       0

DEGREE DAYS
 HEATING
  YESTERDAY       13                        18     -5        3
  MONTH TO DATE   38                        36      2        5
  SINCE SEP 1    367                       537   -170      332
  SINCE JUL 1    371                       547   -176      332

 COOLING
  YESTERDAY        0                         0      0        0
  MONTH TO DATE    0                         0      0        0
  SINCE SEP 1    168                        92     76      154
  SINCE JAN 1    918                       803    115     1177
..................................................................


WIND (MPH)
  HIGHEST WIND SPEED    15   HIGHEST WIND DIRECTION    NW (330)
  HIGHEST GUST SPEED    19   HIGHEST GUST DIRECTION    NW (330)
  AVERAGE WIND SPEED     4.5


SKY COVER
  POSSIBLE SUNSHINE  MM
  AVERAGE SKY COVER 1.0


WEATHER CONDITIONS
 THE FOLLOWING WEATHER WAS RECORDED YESTERDAY.
  THUNDERSTORM
  HEAVY RAIN
  RAIN
  LIGHT RAIN
  FOG


RELATIVE HUMIDITY (PERCENT)
 HIGHEST   100          1200 AM
 LOWEST     90           300 PM
 AVERAGE    95

..........................................................


THE DETROIT MI CLIMATE NORMALS FOR TODAY
                         NORMAL    RECORD    YEAR
 MAXIMUM TEMPERATURE (F)   55        76      2015
 MINIMUM TEMPERATURE (F)   38        16      1951


SUNRISE AND SUNSET
NOVEMBER  3 2017......SUNRISE   809 AM EDT   SUNSET   624 PM EDT
NOVEMBER  4 2017......SUNRISE   810 AM EDT   SUNSET   623 PM EDT


-  INDICATES NEGATIVE NUMBERS.
R  INDICATES RECORD WAS SET OR TIED.
MM INDICATES DATA IS MISSING.
T  INDICATES TRACE AMOUNT.




$$
