000
CDUS43 KDTX 150538
CLIDTW


CLIMATE REPORT
NATIONAL WEATHER SERVICE DETROIT/PONTIAC MI
138 AM EDT WED OCT 15 2014


...................................

...THE DETROIT MI CLIMATE SUMMARY FOR OCTOBER 14 2014...

CLIMATE NORMAL PERIOD 1981 TO 2010
CLIMATE RECORD PERIOD 1874 TO 2014


WEATHER ITEM   OBSERVED TIME   RECORD YEAR NORMAL DEPARTURE LAST
                VALUE   (LST)  VALUE       VALUE  FROM      YEAR
                                                  NORMAL
..................................................................
TEMPERATURE (F)
 YESTERDAY
  MAXIMUM         69   1158 AM  83    1989  62      7       64
                                      1975
  MINIMUM         59   1159 PM  27    1937  44     15       46
                                      1874
  AVERAGE         64                        53     11       55

PRECIPITATION (IN)
  YESTERDAY        0.53          1.78 2003   0.08   0.45     0.00
  MONTH TO DATE    1.65                      1.17   0.48     0.95
  SINCE SEP 1      6.36                      4.44   1.92     2.15
  SINCE JAN 1     33.78                     26.87   6.91    33.13

SNOWFALL (IN)
  YESTERDAY        0.0           T    1986   0.0    0.0      0.0
  MONTH TO DATE    0.0                       0.0    0.0      0.0
  SINCE SEP 1      0.0                       0.0    0.0      0.0
  SINCE JUL 1      0.0                       0.0    0.0      0.0
  SNOW DEPTH       0

DEGREE DAYS
 HEATING
  YESTERDAY        1                        12    -11       10
  MONTH TO DATE  150                       142      8       62
  SINCE SEP 1    258                       246     12      160
  SINCE JUL 1    271                       256     15      172

 COOLING
  YESTERDAY        0                         0      0        0
  MONTH TO DATE    0                         7     -7       20
  SINCE SEP 1     72                        91    -19       98
  SINCE JAN 1    704                       802    -98      891
..................................................................


WIND (MPH)
  HIGHEST WIND SPEED    26   HIGHEST WIND DIRECTION    SW (210)
  HIGHEST GUST SPEED    33   HIGHEST GUST DIRECTION    SW (210)
  AVERAGE WIND SPEED    10.2


SKY COVER
  POSSIBLE SUNSHINE  MM
  AVERAGE SKY COVER 1.0


WEATHER CONDITIONS
 THE FOLLOWING WEATHER WAS RECORDED YESTERDAY.
  RAIN
  LIGHT RAIN
  FOG


RELATIVE HUMIDITY (PERCENT)
 HIGHEST    93           400 PM
 LOWEST     68           500 AM
 AVERAGE    81

..........................................................


THE DETROIT MI CLIMATE NORMALS FOR TODAY
                         NORMAL    RECORD    YEAR
 MAXIMUM TEMPERATURE (F)   62        86      1897
 MINIMUM TEMPERATURE (F)   43        24      1876


SUNRISE AND SUNSET
OCTOBER 15 2014.......SUNRISE   746 AM EDT   SUNSET   651 PM EDT
OCTOBER 16 2014.......SUNRISE   747 AM EDT   SUNSET   650 PM EDT


-  INDICATES NEGATIVE NUMBERS.
R  INDICATES RECORD WAS SET OR TIED.
MM INDICATES DATA IS MISSING.
T  INDICATES TRACE AMOUNT.




$$
