000
CDUS43 KDTX 102037
CLIDTW


CLIMATE REPORT
NATIONAL WEATHER SERVICE DETROIT/PONTIAC MI
437 PM EDT TUE MAY 10 2016


...................................

...THE DETROIT MI CLIMATE SUMMARY FOR MAY 10 2016...
VALID TODAY AS OF 0400 PM LOCAL TIME.

CLIMATE NORMAL PERIOD 1981 TO 2010
CLIMATE RECORD PERIOD 1874 TO 2016


WEATHER ITEM   OBSERVED TIME   RECORD YEAR NORMAL DEPARTURE LAST
                VALUE   (LST)  VALUE       VALUE  FROM      YEAR
                                                  NORMAL
..................................................................
TEMPERATURE (F)
 TODAY
  MAXIMUM         54   1208 PM  90    1936  68    -14       79
                                      1895
  MINIMUM         50    722 AM  25    1966  47      3       59
  AVERAGE         52                        58     -6       69

PRECIPITATION (IN)
  TODAY            0.07          2.33 1948   0.11  -0.04     0.46
  MONTH TO DATE    0.72                      1.02  -0.30     1.90
  SINCE MAR 1      7.89                      6.20   1.69     5.31
  SINCE JAN 1     11.25                     10.18   1.07     8.11

SNOWFALL (IN)
  TODAY            0.0           0.5  1902   0.0    0.0      0.0
  MONTH TO DATE    0.0                       0.0    0.0      0.0
  SINCE MAR 1      8.7                       8.6    0.1      2.8
  SINCE JUL 1     35.3                      42.5   -7.2     47.5
  SNOW DEPTH       0

DEGREE DAYS
 HEATING
  TODAY           13                         8      5        0
  MONTH TO DATE   98                        93      5       15
  SINCE MAR 1   1322                      1434   -112     1393
  SINCE JUL 1   5087                      5987   -900     6504

 COOLING
  TODAY            0                         1     -1        4
  MONTH TO DATE    0                         5     -5       28
  SINCE MAR 1      0                        11    -11       28
  SINCE JAN 1      0                        11    -11       28
..................................................................


WIND (MPH)
  HIGHEST WIND SPEED    15   HIGHEST WIND DIRECTION     E (80)
  HIGHEST GUST SPEED    20   HIGHEST GUST DIRECTION    NE (60)
  AVERAGE WIND SPEED     9.2


SKY COVER
  POSSIBLE SUNSHINE  MM
  AVERAGE SKY COVER 0.9


WEATHER CONDITIONS
 THE FOLLOWING WEATHER WAS RECORDED TODAY.
  LIGHT RAIN


RELATIVE HUMIDITY (PERCENT)
 HIGHEST    77           100 PM
 LOWEST     54           200 AM
 AVERAGE    66

..........................................................


THE DETROIT MI CLIMATE NORMALS FOR TOMORROW
                         NORMAL    RECORD    YEAR
 MAXIMUM TEMPERATURE (F)   68        87      1993
                                             1979
 MINIMUM TEMPERATURE (F)   48        30      1907


SUNRISE AND SUNSET
MAY 10 2016...........SUNRISE   617 AM EDT   SUNSET   843 PM EDT
MAY 11 2016...........SUNRISE   616 AM EDT   SUNSET   844 PM EDT


-  INDICATES NEGATIVE NUMBERS.
R  INDICATES RECORD WAS SET OR TIED.
MM INDICATES DATA IS MISSING.
T  INDICATES TRACE AMOUNT.




$$
