000
CDUS43 KDTX 022045
CLIDTW


CLIMATE REPORT
NATIONAL WEATHER SERVICE DETROIT/PONTIAC MI
445 PM EDT MON OCT 2 2017


...................................

...THE DETROIT MI CLIMATE SUMMARY FOR OCTOBER 2 2017...
VALID TODAY AS OF 0400 PM LOCAL TIME.

CLIMATE NORMAL PERIOD 1981 TO 2010
CLIMATE RECORD PERIOD 1874 TO 2017


WEATHER ITEM   OBSERVED TIME   RECORD YEAR NORMAL DEPARTURE LAST
                VALUE   (LST)  VALUE       VALUE  FROM      YEAR
                                                  NORMAL
..................................................................
TEMPERATURE (F)
 TODAY
  MAXIMUM         74    257 PM  86    1971  67      7       69
  MINIMUM         45    548 AM  29    1974  48     -3       52
  AVERAGE         60                        58      2       61

PRECIPITATION (IN)
  TODAY            0.00          2.00 1925   0.09  -0.09     0.02
  MONTH TO DATE    0.00                      0.18  -0.18     0.31
  SINCE SEP 1      0.91                      3.45  -2.54     6.59
  SINCE JAN 1     26.21                     25.88   0.33    27.81

SNOWFALL (IN)
  TODAY            0.0           T    1987   0.0    0.0      0.0
  MONTH TO DATE    0.0                       0.0    0.0      0.0
  SINCE SEP 1      0.0                       0.0    0.0      0.0
  SINCE JUL 1      0.0                       0.0    0.0      0.0
  SNOW DEPTH       0

DEGREE DAYS
 HEATING
  TODAY            5                         8     -3        4
  MONTH TO DATE   15                        16     -1        6
  SINCE SEP 1     81                       120    -39       36
  SINCE JUL 1     85                       130    -45       36

 COOLING
  TODAY            0                         1     -1        0
  MONTH TO DATE    0                         2     -2        0
  SINCE SEP 1    136                        86     50      132
  SINCE JAN 1    886                       797     89     1155
..................................................................


WIND (MPH)
  HIGHEST WIND SPEED    12   HIGHEST WIND DIRECTION    SE (140)
  HIGHEST GUST SPEED    16   HIGHEST GUST DIRECTION    SE (140)
  AVERAGE WIND SPEED     3.5


SKY COVER
  POSSIBLE SUNSHINE  MM
  AVERAGE SKY COVER 0.5


WEATHER CONDITIONS
 THE FOLLOWING WEATHER WAS RECORDED TODAY.
  FOG
  HAZE


RELATIVE HUMIDITY (PERCENT)
 HIGHEST    93           300 AM
 LOWEST     33           300 PM
 AVERAGE    63

..........................................................


THE DETROIT MI CLIMATE NORMALS FOR TOMORROW
                         NORMAL    RECORD    YEAR
 MAXIMUM TEMPERATURE (F)   67        89      1953
 MINIMUM TEMPERATURE (F)   48        24      1974


SUNRISE AND SUNSET
OCTOBER  2 2017.......SUNRISE   732 AM EDT   SUNSET   713 PM EDT
OCTOBER  3 2017.......SUNRISE   733 AM EDT   SUNSET   711 PM EDT


-  INDICATES NEGATIVE NUMBERS.
R  INDICATES RECORD WAS SET OR TIED.
MM INDICATES DATA IS MISSING.
T  INDICATES TRACE AMOUNT.




$$
