000
CDUS43 KDTX 110535
CLIDTW


CLIMATE REPORT
NATIONAL WEATHER SERVICE DETROIT/PONTIAC MI
135 AM EDT MON AUG 11 2014


...................................

...THE DETROIT MI CLIMATE SUMMARY FOR AUGUST 10 2014...

CLIMATE NORMAL PERIOD 1981 TO 2010
CLIMATE RECORD PERIOD 1874 TO 2014


WEATHER ITEM   OBSERVED TIME   RECORD YEAR NORMAL DEPARTURE LAST
                VALUE   (LST)  VALUE       VALUE  FROM      YEAR
                                                  NORMAL
..................................................................
TEMPERATURE (F)
 YESTERDAY
  MAXIMUM         84    405 PM  98    1944  82      2       79
  MINIMUM         62    550 AM  45    1972  63     -1       65
  AVERAGE         73                        73      0       72

PRECIPITATION (IN)
  YESTERDAY        0.00          1.30 1914   0.10  -0.10     0.00
  MONTH TO DATE    0.15                      1.07  -0.92     0.04
  SINCE JUN 1      6.58                      7.96  -1.38    10.19
  SINCE JAN 1     21.25                     20.50   0.75    25.04

SNOWFALL (IN)
  YESTERDAY        0.0           0.0    MM   0.0    0.0      0.0
  MONTH TO DATE    0.0                       0.0    0.0      0.0
  SINCE JUN 1      0.0                       0.0    0.0      0.0
  SINCE JUL 1      0.0                       0.0    0.0      0.0
  SNOW DEPTH       0

DEGREE DAYS
 HEATING
  YESTERDAY        0                         0      0        0
  MONTH TO DATE    0                         0      0        0
  SINCE JUN 1     20                        37    -17       27
  SINCE JUL 1      8                         2      6        4

 COOLING
  YESTERDAY        8                         8      0        7
  MONTH TO DATE   67                        80    -13       62
  SINCE JUN 1    419                       518    -99      525
  SINCE JAN 1    483                       566    -83      628
..................................................................


WIND (MPH)
  HIGHEST WIND SPEED    12   HIGHEST WIND DIRECTION     E (100)
  HIGHEST GUST SPEED    16   HIGHEST GUST DIRECTION    NE (60)
  AVERAGE WIND SPEED     6.0


SKY COVER
  POSSIBLE SUNSHINE  MM
  AVERAGE SKY COVER 0.6


WEATHER CONDITIONS
 THE FOLLOWING WEATHER WAS RECORDED YESTERDAY.
  FOG


RELATIVE HUMIDITY (PERCENT)
 HIGHEST    90           300 AM
 LOWEST     47           500 PM
 AVERAGE    69

..........................................................


THE DETROIT MI CLIMATE NORMALS FOR TODAY
                         NORMAL    RECORD    YEAR
 MAXIMUM TEMPERATURE (F)   82        99      1944
 MINIMUM TEMPERATURE (F)   63        47      1967


SUNRISE AND SUNSET
AUGUST 11 2014........SUNRISE   637 AM EDT   SUNSET   840 PM EDT
AUGUST 12 2014........SUNRISE   638 AM EDT   SUNSET   838 PM EDT


-  INDICATES NEGATIVE NUMBERS.
R  INDICATES RECORD WAS SET OR TIED.
MM INDICATES DATA IS MISSING.
T  INDICATES TRACE AMOUNT.




$$
