000
CDUS43 KDTX 122039
CLIDTW


CLIMATE REPORT
NATIONAL WEATHER SERVICE DETROIT/PONTIAC MI
436 PM EDT WED APR 12 2017


...................................

...THE DETROIT MI CLIMATE SUMMARY FOR APRIL 12 2017...
VALID TODAY AS OF 0400 PM LOCAL TIME.

CLIMATE NORMAL PERIOD 1981 TO 2010
CLIMATE RECORD PERIOD 1874 TO 2017


WEATHER ITEM   OBSERVED TIME   RECORD YEAR NORMAL DEPARTURE LAST
                VALUE   (LST)  VALUE       VALUE  FROM      YEAR
                                                  NORMAL
..................................................................
TEMPERATURE (F)
 TODAY
  MAXIMUM         60    258 PM  89    1977  58      2       50
  MINIMUM         45    632 AM  18    1976  38      7       32
  AVERAGE         53                        48      5       41

PRECIPITATION (IN)
  TODAY            0.00          1.24 1903   0.10  -0.10     0.00
  MONTH TO DATE    1.85                      1.14   0.71     0.84
  SINCE MAR 1      6.11                      3.42   2.69     5.70
  SINCE JAN 1     10.84                      7.40   3.44     9.06

SNOWFALL (IN)
  TODAY            0.0           1.8  1920   0.0    0.0      0.0
  MONTH TO DATE    0.1                       1.1   -1.0      1.3
  SINCE MAR 1      7.0                       8.0   -1.0      8.7
  SINCE JUL 1     37.9                      41.9   -4.0     35.3
  SNOW DEPTH       0

DEGREE DAYS
 HEATING
  TODAY           12                        17     -5       24
  MONTH TO DATE  169                       231    -62      327
  SINCE MAR 1   1034                      1093    -59      997
  SINCE JUL 1   4772                      5646   -874     4762

 COOLING
  TODAY            0                         0      0        0
  MONTH TO DATE    3                         0      3        0
  SINCE MAR 1      3                         0      3        0
  SINCE JAN 1      3                         0      3        0
..................................................................


WIND (MPH)
  HIGHEST WIND SPEED    15   HIGHEST WIND DIRECTION     W (280)
  HIGHEST GUST SPEED    20   HIGHEST GUST DIRECTION    NW (320)
  AVERAGE WIND SPEED     9.4


SKY COVER
  POSSIBLE SUNSHINE  MM
  AVERAGE SKY COVER 0.8


WEATHER CONDITIONS
 THE FOLLOWING WEATHER WAS RECORDED TODAY.
  NO SIGNIFICANT WEATHER WAS OBSERVED.


RELATIVE HUMIDITY (PERCENT)
 HIGHEST    76           600 AM
 LOWEST     39           300 PM
 AVERAGE    58

..........................................................


THE DETROIT MI CLIMATE NORMALS FOR TOMORROW
                         NORMAL    RECORD    YEAR
 MAXIMUM TEMPERATURE (F)   58        87      1977
                                             1941
 MINIMUM TEMPERATURE (F)   39        19      1950


SUNRISE AND SUNSET
APRIL 12 2017.........SUNRISE   657 AM EDT   SUNSET   812 PM EDT
APRIL 13 2017.........SUNRISE   655 AM EDT   SUNSET   813 PM EDT


-  INDICATES NEGATIVE NUMBERS.
R  INDICATES RECORD WAS SET OR TIED.
MM INDICATES DATA IS MISSING.
T  INDICATES TRACE AMOUNT.




$$
