000
CDUS43 KDTX 010536
CLIDTW


CLIMATE REPORT
NATIONAL WEATHER SERVICE DETROIT/PONTIAC MI
1236 AM EST MON FEB 1 2016


...................................

...THE DETROIT MI CLIMATE SUMMARY FOR JANUARY 31 2016...

CLIMATE NORMAL PERIOD 1981 TO 2010
CLIMATE RECORD PERIOD 1874 TO 2016


WEATHER ITEM   OBSERVED TIME   RECORD YEAR NORMAL DEPARTURE LAST
                VALUE   (LST)  VALUE       VALUE  FROM      YEAR
                                                  NORMAL
..................................................................
TEMPERATURE (F)
 YESTERDAY
  MAXIMUM         53    850 PM  60    1989  32     21       35
  MINIMUM         35   1214 AM  -7    1920  19     16       11
  AVERAGE         44                        26     18       23

PRECIPITATION (IN)
  YESTERDAY        0.16          1.48 1878   0.06   0.10     0.00
  MONTH TO DATE    1.34                      1.96  -0.62     1.45
  SINCE DEC 1      4.35                      4.42  -0.07     2.86
  SINCE JAN 1      1.34                      1.96  -0.62     1.45

SNOWFALL (IN)
  YESTERDAY        0.0          10.0  1982   0.4   -0.4      0.0
  MONTH TO DATE    8.4                      12.5   -4.1     14.2
  SINCE DEC 1      9.7                      22.1  -12.4     14.3
  SINCE JUL 1     15.9                      23.7   -7.8     18.3
  SNOW DEPTH       0

DEGREE DAYS
 HEATING
  YESTERDAY       21                        39    -18       42
  MONTH TO DATE 1139                      1226    -87     1349
  SINCE DEC 1   1871                      2305   -434     2316
  SINCE JUL 1   2791                      3520   -729     3693

 COOLING
  YESTERDAY        0                         0      0        0
  MONTH TO DATE    0                         0      0        0
  SINCE DEC 1      0                         0      0        0
  SINCE JAN 1      0                         0      0        0
..................................................................


WIND (MPH)
  HIGHEST WIND SPEED    23   HIGHEST WIND DIRECTION    SW (210)
  HIGHEST GUST SPEED    28   HIGHEST GUST DIRECTION     W (250)
  AVERAGE WIND SPEED    10.1


SKY COVER
  POSSIBLE SUNSHINE  MM
  AVERAGE SKY COVER 1.0


WEATHER CONDITIONS
 THE FOLLOWING WEATHER WAS RECORDED YESTERDAY.
  RAIN
  LIGHT RAIN
  FOG
  HAZE


RELATIVE HUMIDITY (PERCENT)
 HIGHEST    89          1200 AM
 LOWEST     79           300 AM
 AVERAGE    84

..........................................................


THE DETROIT MI CLIMATE NORMALS FOR TODAY
                         NORMAL    RECORD    YEAR
 MAXIMUM TEMPERATURE (F)   33        54      1933
 MINIMUM TEMPERATURE (F)   19        -7      1971


SUNRISE AND SUNSET
FEBRUARY  1 2016......SUNRISE   747 AM EST   SUNSET   547 PM EST
FEBRUARY  2 2016......SUNRISE   746 AM EST   SUNSET   548 PM EST


-  INDICATES NEGATIVE NUMBERS.
R  INDICATES RECORD WAS SET OR TIED.
MM INDICATES DATA IS MISSING.
T  INDICATES TRACE AMOUNT.




$$
