000
CDUS43 KDTX 252133
CLIDTW


CLIMATE REPORT
NATIONAL WEATHER SERVICE DETROIT/PONTIAC MI
429 PM EST SAT NOV 25 2017


...................................

...THE DETROIT MI CLIMATE SUMMARY FOR NOVEMBER 25 2017...
VALID TODAY AS OF 0400 PM LOCAL TIME.

CLIMATE NORMAL PERIOD 1981 TO 2010
CLIMATE RECORD PERIOD 1874 TO 2017


WEATHER ITEM   OBSERVED TIME   RECORD YEAR NORMAL DEPARTURE LAST
                VALUE   (LST)  VALUE       VALUE  FROM      YEAR
                                                  NORMAL
..................................................................
TEMPERATURE (F)
 TODAY
  MAXIMUM         53    115 PM  63    2001  44      9       44
                                      1908
  MINIMUM         46    651 AM  10    1950  31     15       39
  AVERAGE         50                        38     12       42

PRECIPITATION (IN)
  TODAY            T             1.52 1987   0.09  -0.09     0.03
  MONTH TO DATE    4.78                      2.33   2.45     1.45
  SINCE SEP 1      8.53                      8.12   0.41    10.71
  SINCE JAN 1     33.83                     30.55   3.28    31.93

SNOWFALL (IN)
  TODAY            0.0           3.8  1956   0.1   -0.1      0.0
  MONTH TO DATE    T                         1.0   -1.0      0.1
  SINCE SEP 1      T                         1.1   -1.1      0.1
  SINCE JUL 1      T                         1.1   -1.1      0.1
  SNOW DEPTH       0

DEGREE DAYS
 HEATING
  TODAY           15                        27    -12       23
  MONTH TO DATE  611                       561     50      440
  SINCE SEP 1    940                      1062   -122      767
  SINCE JUL 1    944                      1072   -128      767

 COOLING
  TODAY            0                         0      0        0
  MONTH TO DATE    0                         0      0        0
  SINCE SEP 1    168                        92     76      154
  SINCE JAN 1    918                       803    115     1177
..................................................................


WIND (MPH)
  HIGHEST WIND SPEED    23   HIGHEST WIND DIRECTION    SW (220)
  HIGHEST GUST SPEED    29   HIGHEST GUST DIRECTION    SW (220)
  AVERAGE WIND SPEED    15.5


SKY COVER
  POSSIBLE SUNSHINE  MM
  AVERAGE SKY COVER 0.9


WEATHER CONDITIONS
 THE FOLLOWING WEATHER WAS RECORDED TODAY.
  LIGHT RAIN


RELATIVE HUMIDITY (PERCENT)
 HIGHEST    80           800 AM
 LOWEST     46           100 PM
 AVERAGE    63

..........................................................


THE DETROIT MI CLIMATE NORMALS FOR TOMORROW
                         NORMAL    RECORD    YEAR
 MAXIMUM TEMPERATURE (F)   44        65      1896
 MINIMUM TEMPERATURE (F)   31        10      1949


SUNRISE AND SUNSET
NOVEMBER 25 2017......SUNRISE   736 AM EST   SUNSET   504 PM EST
NOVEMBER 26 2017......SUNRISE   737 AM EST   SUNSET   504 PM EST


-  INDICATES NEGATIVE NUMBERS.
R  INDICATES RECORD WAS SET OR TIED.
MM INDICATES DATA IS MISSING.
T  INDICATES TRACE AMOUNT.




$$
