000
CDUS43 KDTX 130535
CLIDTW


CLIMATE REPORT
NATIONAL WEATHER SERVICE DETROIT/PONTIAC MI
135 AM EDT WED AUG 13 2014


...................................

...THE DETROIT MI CLIMATE SUMMARY FOR AUGUST 12 2014...

CLIMATE NORMAL PERIOD 1981 TO 2010
CLIMATE RECORD PERIOD 1874 TO 2014


WEATHER ITEM   OBSERVED TIME   RECORD YEAR NORMAL DEPARTURE LAST
                VALUE   (LST)  VALUE       VALUE  FROM      YEAR
                                                  NORMAL
..................................................................
TEMPERATURE (F)
 YESTERDAY
  MAXIMUM         78   1237 PM  99    1881  82     -4       74
  MINIMUM         62    356 AM  46    1967  63     -1       65
  AVERAGE         70                        73     -3       70

PRECIPITATION (IN)
  YESTERDAY        0.28          2.46 2013   0.10   0.18     2.46
  MONTH TO DATE    5.00                      1.26   3.74     2.50
  SINCE JUN 1     11.43                      8.15   3.28    12.65
  SINCE JAN 1     26.10                     20.69   5.41    27.50

SNOWFALL (IN)
  YESTERDAY        0.0           0.0    MM   0.0    0.0      0.0
  MONTH TO DATE    0.0                       0.0    0.0      0.0
  SINCE JUN 1      0.0                       0.0    0.0      0.0
  SINCE JUL 1      0.0                       0.0    0.0      0.0
  SNOW DEPTH       0

DEGREE DAYS
 HEATING
  YESTERDAY        0                         0      0        0
  MONTH TO DATE    0                         0      0        0
  SINCE JUN 1     20                        37    -17       27
  SINCE JUL 1      8                         2      6        4

 COOLING
  YESTERDAY        5                         8     -3        5
  MONTH TO DATE   77                        96    -19       73
  SINCE JUN 1    429                       534   -105      536
  SINCE JAN 1    493                       582    -89      639
..................................................................


WIND (MPH)
  HIGHEST WIND SPEED    18   HIGHEST WIND DIRECTION    SW (220)
  HIGHEST GUST SPEED    29   HIGHEST GUST DIRECTION    SW (220)
  AVERAGE WIND SPEED     8.6


SKY COVER
  POSSIBLE SUNSHINE  MM
  AVERAGE SKY COVER 0.9


WEATHER CONDITIONS
 THE FOLLOWING WEATHER WAS RECORDED YESTERDAY.
  THUNDERSTORM
  RAIN
  LIGHT RAIN
  FOG
  FOG W/VISIBILITY <= 1/4 MILE
  HAZE


RELATIVE HUMIDITY (PERCENT)
 HIGHEST   100           500 AM
 LOWEST     64           100 PM
 AVERAGE    82

..........................................................


THE DETROIT MI CLIMATE NORMALS FOR TODAY
                         NORMAL    RECORD    YEAR
 MAXIMUM TEMPERATURE (F)   82        96      1944
                                             1918
 MINIMUM TEMPERATURE (F)   63        47      1967


SUNRISE AND SUNSET
AUGUST 13 2014........SUNRISE   639 AM EDT   SUNSET   837 PM EDT
AUGUST 14 2014........SUNRISE   640 AM EDT   SUNSET   836 PM EDT


-  INDICATES NEGATIVE NUMBERS.
R  INDICATES RECORD WAS SET OR TIED.
MM INDICATES DATA IS MISSING.
T  INDICATES TRACE AMOUNT.




$$
