000
CDUS43 KDTX 252029
CLIDTW


CLIMATE REPORT
NATIONAL WEATHER SERVICE DETROIT/PONTIAC MI
428 PM EDT WED MAY 25 2016


...................................

...THE DETROIT MI CLIMATE SUMMARY FOR MAY 25 2016...
VALID TODAY AS OF 0400 PM LOCAL TIME.

CLIMATE NORMAL PERIOD 1981 TO 2010
CLIMATE RECORD PERIOD 1874 TO 2016


WEATHER ITEM   OBSERVED TIME   RECORD YEAR NORMAL DEPARTURE LAST
                VALUE   (LST)  VALUE       VALUE  FROM      YEAR
                                                  NORMAL
..................................................................
TEMPERATURE (F)
 TODAY
  MAXIMUM         86    135 PM  90    2012  73     13       84
  MINIMUM         61    555 AM  35    1992  52      9       65
  AVERAGE         74                        62     12       75

PRECIPITATION (IN)
  TODAY            0.00          1.67 2011   0.12  -0.12      T
  MONTH TO DATE    2.03                      2.70  -0.67     2.84
  SINCE MAR 1      9.20                      7.88   1.32     6.25
  SINCE JAN 1     12.56                     11.86   0.70     9.05

SNOWFALL (IN)
  TODAY            0.0           0.0    MM   0.0    0.0      0.0
  MONTH TO DATE    T                         0.0    0.0      0.0
  SINCE MAR 1      8.7                       8.6    0.1      2.8
  SINCE JUL 1     35.3                      42.5   -7.2     47.5
  SNOW DEPTH       0

DEGREE DAYS
 HEATING
  TODAY            0                         5     -5        0
  MONTH TO DATE  192                       186      6       96
  SINCE MAR 1   1416                      1527   -111     1474
  SINCE JUL 1   5181                      6080   -899     6585

 COOLING
  TODAY            9                         2      7       10
  MONTH TO DATE   15                        26    -11       72
  SINCE MAR 1     15                        32    -17       72
  SINCE JAN 1     15                        32    -17       72
..................................................................


WIND (MPH)
  HIGHEST WIND SPEED    20   HIGHEST WIND DIRECTION     S (160)
  HIGHEST GUST SPEED    25   HIGHEST GUST DIRECTION     S (180)
  AVERAGE WIND SPEED     8.0


SKY COVER
  POSSIBLE SUNSHINE  MM
  AVERAGE SKY COVER 0.7


WEATHER CONDITIONS
 THE FOLLOWING WEATHER WAS RECORDED TODAY.
  NO SIGNIFICANT WEATHER WAS OBSERVED.


RELATIVE HUMIDITY (PERCENT)
 HIGHEST    64           600 AM
 LOWEST     40          1200 PM
 AVERAGE    52

..........................................................


THE DETROIT MI CLIMATE NORMALS FOR TOMORROW
                         NORMAL    RECORD    YEAR
 MAXIMUM TEMPERATURE (F)   73        92      1944
 MINIMUM TEMPERATURE (F)   53        36      1983
                                             1969
                                             1913


SUNRISE AND SUNSET
MAY 25 2016...........SUNRISE   603 AM EDT   SUNSET   858 PM EDT
MAY 26 2016...........SUNRISE   603 AM EDT   SUNSET   859 PM EDT


-  INDICATES NEGATIVE NUMBERS.
R  INDICATES RECORD WAS SET OR TIED.
MM INDICATES DATA IS MISSING.
T  INDICATES TRACE AMOUNT.




$$
