000
CDUS43 KDTX 010538
CLIDTW


CLIMATE REPORT
NATIONAL WEATHER SERVICE DETROIT/PONTIAC MI
138 AM EDT TUE SEP 1 2015


...................................

...THE DETROIT MI CLIMATE SUMMARY FOR AUGUST 31 2015...

CLIMATE NORMAL PERIOD 1981 TO 2010
CLIMATE RECORD PERIOD 1874 TO 2015


WEATHER ITEM   OBSERVED TIME   RECORD YEAR NORMAL DEPARTURE LAST
                VALUE   (LST)  VALUE       VALUE  FROM      YEAR
                                                  NORMAL
..................................................................
TEMPERATURE (F)
 YESTERDAY
  MAXIMUM         85    457 PM  97    1953  79      6       84
                                      1898
  MINIMUM         66    432 AM  46    1935  60      6       68
                                      1934
  AVERAGE         76                        70      6       76

PRECIPITATION (IN)
  YESTERDAY        0.00          2.02 1877   0.10  -0.10     0.04
  MONTH TO DATE    3.16                      3.00   0.16     6.32
  SINCE JUN 1     10.24                      9.89   0.35    12.75
  SINCE JAN 1     21.98                     22.43  -0.45    27.42

SNOWFALL (IN)
  YESTERDAY        0.0           0.0    MM   0.0    0.0      0.0
  MONTH TO DATE    0.0                       0.0    0.0      0.0
  SINCE JUN 1      0.0                       0.0    0.0      0.0
  SINCE JUL 1      0.0                       0.0    0.0      0.0
  SNOW DEPTH       0

DEGREE DAYS
 HEATING
  YESTERDAY        0                         1     -1        0
  MONTH TO DATE    7                         3      4        5
  SINCE JUN 1     32                        45    -13       25
  SINCE JUL 1     10                        10      0       13

 COOLING
  YESTERDAY       11                         5      6       11
  MONTH TO DATE  222                       225     -3      216
  SINCE JUN 1    616                       663    -47      568
  SINCE JAN 1    720                       711      9      632
..................................................................


WIND (MPH)
  HIGHEST WIND SPEED    15   HIGHEST WIND DIRECTION     W (250)
  HIGHEST GUST SPEED    25   HIGHEST GUST DIRECTION     N (10)
  AVERAGE WIND SPEED     4.6


SKY COVER
  POSSIBLE SUNSHINE  MM
  AVERAGE SKY COVER 0.4


WEATHER CONDITIONS
 THE FOLLOWING WEATHER WAS RECORDED YESTERDAY.
  FOG
  FOG W/VISIBILITY <= 1/4 MILE
  HAZE


RELATIVE HUMIDITY (PERCENT)
 HIGHEST    97           100 AM
 LOWEST     55           100 PM
 AVERAGE    76

..........................................................


THE DETROIT MI CLIMATE NORMALS FOR TODAY
                         NORMAL    RECORD    YEAR
 MAXIMUM TEMPERATURE (F)   79        98      1953
 MINIMUM TEMPERATURE (F)   60        42      1967
                                             1888


SUNRISE AND SUNSET
SEPTEMBER  1 2015.....SUNRISE   658 AM EDT   SUNSET   808 PM EDT
SEPTEMBER  2 2015.....SUNRISE   659 AM EDT   SUNSET   806 PM EDT


-  INDICATES NEGATIVE NUMBERS.
R  INDICATES RECORD WAS SET OR TIED.
MM INDICATES DATA IS MISSING.
T  INDICATES TRACE AMOUNT.




$$
