540
CDUS43 KDTX 290535
CLIDTW


CLIMATE REPORT
NATIONAL WEATHER SERVICE DETROIT/PONTIAC MI
135 AM EDT WED MAR 29 2017


...................................

...THE DETROIT MI CLIMATE SUMMARY FOR MARCH 28 2017...

CLIMATE NORMAL PERIOD 1981 TO 2010
CLIMATE RECORD PERIOD 1874 TO 2017


WEATHER ITEM   OBSERVED TIME   RECORD YEAR NORMAL DEPARTURE LAST
                VALUE   (LST)  VALUE       VALUE  FROM      YEAR
                                                  NORMAL
..................................................................
TEMPERATURE (F)
 YESTERDAY
  MAXIMUM         54   1208 AM  82    1945  51      3       50
  MINIMUM         38   1137 PM   4    1934  33      5       39
  AVERAGE         46                        42      4       45

PRECIPITATION (IN)
  YESTERDAY        0.00          1.69 1985   0.08  -0.08     0.14
  MONTH TO DATE    2.29                      2.03   0.26     4.24
  SINCE MAR 1      2.29                      2.03   0.26     4.24
  SINCE JAN 1      7.02                      6.01   1.01     7.60

SNOWFALL (IN)
  YESTERDAY        0.0           2.5  1964   0.2   -0.2      0.0
  MONTH TO DATE    6.9                       6.5    0.4      7.4
  SINCE MAR 1      6.9                       6.5    0.4      7.4
  SINCE JUL 1     37.8                      40.4   -2.6     34.0
  SNOW DEPTH       0

DEGREE DAYS
 HEATING
  YESTERDAY       19                        23     -4       20
  MONTH TO DATE  797                       795      2      624
  SINCE MAR 1    797                       795      2      624
  SINCE JUL 1   4535                      5348   -813     4389

 COOLING
  YESTERDAY        0                         0      0        0
  MONTH TO DATE    0                         0      0        0
  SINCE MAR 1      0                         0      0        0
  SINCE JAN 1      0                         0      0        0
..................................................................


WIND (MPH)
  HIGHEST WIND SPEED    15   HIGHEST WIND DIRECTION     N (350)
  HIGHEST GUST SPEED    24   HIGHEST GUST DIRECTION     N (10)
  AVERAGE WIND SPEED     8.5


SKY COVER
  POSSIBLE SUNSHINE  MM
  AVERAGE SKY COVER 0.8


WEATHER CONDITIONS
 THE FOLLOWING WEATHER WAS RECORDED YESTERDAY.
  FOG
  HAZE


RELATIVE HUMIDITY (PERCENT)
 HIGHEST    89           500 AM
 LOWEST     66           100 PM
 AVERAGE    78

..........................................................


THE DETROIT MI CLIMATE NORMALS FOR TODAY
                         NORMAL    RECORD    YEAR
 MAXIMUM TEMPERATURE (F)   52        78      1986
 MINIMUM TEMPERATURE (F)   33         7      1887


SUNRISE AND SUNSET
MARCH 29 2017.........SUNRISE   721 AM EDT   SUNSET   756 PM EDT
MARCH 30 2017.........SUNRISE   719 AM EDT   SUNSET   757 PM EDT


-  INDICATES NEGATIVE NUMBERS.
R  INDICATES RECORD WAS SET OR TIED.
MM INDICATES DATA IS MISSING.
T  INDICATES TRACE AMOUNT.




$$
