000
CDUS43 KDTX 170539
CLIDTW


CLIMATE REPORT
NATIONAL WEATHER SERVICE DETROIT/PONTIAC MI
138 AM EDT TUE MAR 17 2015


...................................

...THE DETROIT MI CLIMATE SUMMARY FOR MARCH 16 2015...

CLIMATE NORMAL PERIOD 1981 TO 2010
CLIMATE RECORD PERIOD 1874 TO 2015


WEATHER ITEM   OBSERVED TIME   RECORD YEAR NORMAL DEPARTURE LAST
                VALUE   (LST)  VALUE       VALUE  FROM      YEAR
                                                  NORMAL
..................................................................
TEMPERATURE (F)
 YESTERDAY
  MAXIMUM         62    247 PM  74    1945  46     16       27
  MINIMUM         40    311 AM   4    1900  28     12       12
  AVERAGE         51                        37     14       20

PRECIPITATION (IN)
  YESTERDAY        0.00          1.15 1876   0.07  -0.07      T
  MONTH TO DATE    0.32                      1.12  -0.80     1.25
  SINCE MAR 1      0.32                      1.12  -0.80     1.25
  SINCE JAN 1      3.12                      5.10  -1.98     6.99

SNOWFALL (IN)
  YESTERDAY        0.0           3.7  2004   0.2   -0.2       T
  MONTH TO DATE    2.8                       4.4   -1.6     11.5
  SINCE MAR 1      2.8                       4.4   -1.6     11.5
  SINCE JUL 1     47.5                      38.3    9.2     90.7
  SNOW DEPTH       0

DEGREE DAYS
 HEATING
  YESTERDAY       14                        28    -14       45
  MONTH TO DATE  506                       491     15      647
  SINCE MAR 1    506                       491     15      647
  SINCE JUL 1   5617                      5044    573     5897

 COOLING
  YESTERDAY        0                         0      0        0
  MONTH TO DATE    0                         0      0        0
  SINCE MAR 1      0                         0      0        0
  SINCE JAN 1      0                         0      0        0
..................................................................


WIND (MPH)
  HIGHEST WIND SPEED    16   HIGHEST WIND DIRECTION     S (180)
  HIGHEST GUST SPEED    20   HIGHEST GUST DIRECTION     S (170)
  AVERAGE WIND SPEED     8.5


SKY COVER
  POSSIBLE SUNSHINE  MM
  AVERAGE SKY COVER 1.0


WEATHER CONDITIONS
 THE FOLLOWING WEATHER WAS RECORDED YESTERDAY.
  NO SIGNIFICANT WEATHER WAS OBSERVED.


RELATIVE HUMIDITY (PERCENT)
 HIGHEST    85           300 AM
 LOWEST     42          1200 PM
 AVERAGE    64

..........................................................


THE DETROIT MI CLIMATE NORMALS FOR TODAY
                         NORMAL    RECORD    YEAR
 MAXIMUM TEMPERATURE (F)   46        75      2012
                                             1945
 MINIMUM TEMPERATURE (F)   29        -2      1900
                                             1877


SUNRISE AND SUNSET
MARCH 17 2015.........SUNRISE   742 AM EDT   SUNSET   742 PM EDT
MARCH 18 2015.........SUNRISE   741 AM EDT   SUNSET   743 PM EDT


-  INDICATES NEGATIVE NUMBERS.
R  INDICATES RECORD WAS SET OR TIED.
MM INDICATES DATA IS MISSING.
T  INDICATES TRACE AMOUNT.




$$
