000
CDUS43 KDTX 280536
CLIDTW


CLIMATE REPORT
NATIONAL WEATHER SERVICE DETROIT/PONTIAC MI
1236 AM EST TUE NOV 28 2017


...................................

...THE DETROIT MI CLIMATE SUMMARY FOR NOVEMBER 27 2017...

CLIMATE NORMAL PERIOD 1981 TO 2010
CLIMATE RECORD PERIOD 1874 TO 2017


WEATHER ITEM   OBSERVED TIME   RECORD YEAR NORMAL DEPARTURE LAST
                VALUE   (LST)  VALUE       VALUE  FROM      YEAR
                                                  NORMAL
..................................................................
TEMPERATURE (F)
 YESTERDAY
  MAXIMUM         49    154 PM  69    1990  43      6       48
  MINIMUM         28    708 AM   9    1930  30     -2       29
  AVERAGE         39                        37      2       39

PRECIPITATION (IN)
  YESTERDAY        0.00          1.69 1893   0.09  -0.09     0.00
  MONTH TO DATE    4.78                      2.51   2.27     1.45
  SINCE SEP 1      8.53                      8.30   0.23    10.71
  SINCE JAN 1     33.83                     30.73   3.10    31.93

SNOWFALL (IN)
  YESTERDAY        0.0           5.6  1977   0.1   -0.1      0.0
  MONTH TO DATE    T                         1.2   -1.2      0.1
  SINCE SEP 1      T                         1.3   -1.3      0.1
  SINCE JUL 1      T                         1.3   -1.3      0.1
  SNOW DEPTH       0

DEGREE DAYS
 HEATING
  YESTERDAY       26                        28     -2       26
  MONTH TO DATE  672                       617     55      491
  SINCE SEP 1   1001                      1118   -117      818
  SINCE JUL 1   1005                      1128   -123      818

 COOLING
  YESTERDAY        0                         0      0        0
  MONTH TO DATE    0                         0      0        0
  SINCE SEP 1    168                        92     76      154
  SINCE JAN 1    918                       803    115     1177
..................................................................


WIND (MPH)
  HIGHEST WIND SPEED    10   HIGHEST WIND DIRECTION     S (170)
  HIGHEST GUST SPEED    13   HIGHEST GUST DIRECTION     S (160)
  AVERAGE WIND SPEED     4.5


SKY COVER
  POSSIBLE SUNSHINE  MM
  AVERAGE SKY COVER 0.8


WEATHER CONDITIONS
 THE FOLLOWING WEATHER WAS RECORDED YESTERDAY.
  FOG


RELATIVE HUMIDITY (PERCENT)
 HIGHEST    92          1100 PM
 LOWEST     56           200 PM
 AVERAGE    74

..........................................................


THE DETROIT MI CLIMATE NORMALS FOR TODAY
                         NORMAL    RECORD    YEAR
 MAXIMUM TEMPERATURE (F)   43        68      1990
 MINIMUM TEMPERATURE (F)   30         8      1955


SUNRISE AND SUNSET
NOVEMBER 28 2017......SUNRISE   739 AM EST   SUNSET   503 PM EST
NOVEMBER 29 2017......SUNRISE   741 AM EST   SUNSET   503 PM EST


-  INDICATES NEGATIVE NUMBERS.
R  INDICATES RECORD WAS SET OR TIED.
MM INDICATES DATA IS MISSING.
T  INDICATES TRACE AMOUNT.




$$
