000
CDUS43 KDTX 130539
CLIDTW


CLIMATE REPORT
NATIONAL WEATHER SERVICE DETROIT/PONTIAC MI
1239 AM EST THU NOV 13 2014


...................................

...THE DETROIT MI CLIMATE SUMMARY FOR NOVEMBER 12 2014...

CLIMATE NORMAL PERIOD 1981 TO 2010
CLIMATE RECORD PERIOD 1874 TO 2014


WEATHER ITEM   OBSERVED TIME   RECORD YEAR NORMAL DEPARTURE LAST
                VALUE   (LST)  VALUE       VALUE  FROM      YEAR
                                                  NORMAL
..................................................................
TEMPERATURE (F)
 YESTERDAY
  MAXIMUM         39   1218 AM  69    2005  51    -12       35
                                      1964
                                      1902
  MINIMUM         31   1159 PM  16    1983  36     -5       24
                                      1911
  AVERAGE         35                        43     -8       30

PRECIPITATION (IN)
  YESTERDAY        T             1.59 1992   0.10  -0.10     0.00
  MONTH TO DATE    0.15                      1.09  -0.94     0.40
  SINCE SEP 1      7.22                      6.88   0.34     5.08
  SINCE JAN 1     34.64                     29.31   5.33    36.06

SNOWFALL (IN)
  YESTERDAY        T             3.1  1959   0.1   -0.1      0.0
  MONTH TO DATE    T                         0.3   -0.3      0.5
  SINCE SEP 1      T                         0.4   -0.4      0.5
  SINCE JUL 1      T                         0.4   -0.4      0.5
  SNOW DEPTH       0

DEGREE DAYS
 HEATING
  YESTERDAY       30                        22      8       35
  MONTH TO DATE  263                       239     24      269
  SINCE SEP 1    762                       740     22      742
  SINCE JUL 1    775                       750     25      754

 COOLING
  YESTERDAY        0                         0      0        0
  MONTH TO DATE    0                         0      0        0
  SINCE SEP 1     72                        92    -20       98
  SINCE JAN 1    704                       803    -99      891
..................................................................


WIND (MPH)
  HIGHEST WIND SPEED    23   HIGHEST WIND DIRECTION     W (280)
  HIGHEST GUST SPEED    30   HIGHEST GUST DIRECTION     W (270)
  AVERAGE WIND SPEED    11.8


SKY COVER
  POSSIBLE SUNSHINE  MM
  AVERAGE SKY COVER 1.0


WEATHER CONDITIONS
 THE FOLLOWING WEATHER WAS RECORDED YESTERDAY.
  LIGHT SNOW


RELATIVE HUMIDITY (PERCENT)
 HIGHEST    70          1200 AM
 LOWEST     56           800 AM
 AVERAGE    63

..........................................................


THE DETROIT MI CLIMATE NORMALS FOR TODAY
                         NORMAL    RECORD    YEAR
 MAXIMUM TEMPERATURE (F)   50        70      1989
 MINIMUM TEMPERATURE (F)   35        12      1911


SUNRISE AND SUNSET
NOVEMBER 13 2014......SUNRISE   721 AM EST   SUNSET   513 PM EST
NOVEMBER 14 2014......SUNRISE   723 AM EST   SUNSET   513 PM EST


-  INDICATES NEGATIVE NUMBERS.
R  INDICATES RECORD WAS SET OR TIED.
MM INDICATES DATA IS MISSING.
T  INDICATES TRACE AMOUNT.




$$
