000
CDUS43 KDTX 192027
CLIDTW


CLIMATE REPORT
NATIONAL WEATHER SERVICE DETROIT/PONTIAC MI
426 PM EDT THU MAY 19 2016


...................................

...THE DETROIT MI CLIMATE SUMMARY FOR MAY 19 2016...
VALID TODAY AS OF 0400 PM LOCAL TIME.

CLIMATE NORMAL PERIOD 1981 TO 2010
CLIMATE RECORD PERIOD 1874 TO 2016


WEATHER ITEM   OBSERVED TIME   RECORD YEAR NORMAL DEPARTURE LAST
                VALUE   (LST)  VALUE       VALUE  FROM      YEAR
                                                  NORMAL
..................................................................
TEMPERATURE (F)
 TODAY
  MAXIMUM         71    217 PM  91    1934  71      0       65
  MINIMUM         44    400 AM  32    2002  50     -6       46
  AVERAGE         58                        61     -3       56

PRECIPITATION (IN)
  TODAY            0.00          1.68 1949   0.11  -0.11     0.00
  MONTH TO DATE    2.03                      1.98   0.05     2.83
  SINCE MAR 1      9.20                      7.16   2.04     6.24
  SINCE JAN 1     12.56                     11.14   1.42     9.04

SNOWFALL (IN)
  TODAY            0.0           0.0    MM   0.0    0.0      0.0
  MONTH TO DATE    T                         0.0    0.0      0.0
  SINCE MAR 1      8.7                       8.6    0.1      2.8
  SINCE JUL 1     35.3                      42.5   -7.2     47.5
  SNOW DEPTH       0

DEGREE DAYS
 HEATING
  TODAY            7                         6      1        9
  MONTH TO DATE  178                       155     23       61
  SINCE MAR 1   1402                      1496    -94     1439
  SINCE JUL 1   5167                      6049   -882     6550

 COOLING
  TODAY            0                         1     -1        0
  MONTH TO DATE    2                        14    -12       61
  SINCE MAR 1      2                        20    -18       61
  SINCE JAN 1      2                        20    -18       61
..................................................................


WIND (MPH)
  HIGHEST WIND SPEED    14   HIGHEST WIND DIRECTION     N (340)
  HIGHEST GUST SPEED    20   HIGHEST GUST DIRECTION    NW (320)
  AVERAGE WIND SPEED     3.0


SKY COVER
  POSSIBLE SUNSHINE  MM
  AVERAGE SKY COVER 0.2


WEATHER CONDITIONS
 THE FOLLOWING WEATHER WAS RECORDED TODAY.
  HAZE


RELATIVE HUMIDITY (PERCENT)
 HIGHEST    86           600 AM
 LOWEST     28           100 PM
 AVERAGE    57

..........................................................


THE DETROIT MI CLIMATE NORMALS FOR TOMORROW
                         NORMAL    RECORD    YEAR
 MAXIMUM TEMPERATURE (F)   71        91      1977
 MINIMUM TEMPERATURE (F)   51        33      1981


SUNRISE AND SUNSET
MAY 19 2016...........SUNRISE   608 AM EDT   SUNSET   852 PM EDT
MAY 20 2016...........SUNRISE   607 AM EDT   SUNSET   853 PM EDT


-  INDICATES NEGATIVE NUMBERS.
R  INDICATES RECORD WAS SET OR TIED.
MM INDICATES DATA IS MISSING.
T  INDICATES TRACE AMOUNT.




$$
