000
CDUS43 KDTX 110536
CLIDTW


CLIMATE REPORT
NATIONAL WEATHER SERVICE DETROIT/PONTIAC MI
136 AM EDT THU AUG 11 2016


...................................

...THE DETROIT MI CLIMATE SUMMARY FOR AUGUST 10 2016...

CLIMATE NORMAL PERIOD 1981 TO 2010
CLIMATE RECORD PERIOD 1874 TO 2016


WEATHER ITEM   OBSERVED TIME   RECORD YEAR NORMAL DEPARTURE LAST
                VALUE   (LST)  VALUE       VALUE  FROM      YEAR
                                                  NORMAL
..................................................................
TEMPERATURE (F)
 YESTERDAY
  MAXIMUM         96    424 PM  98    1944  82     14       78
  MINIMUM         72    516 AM  45    1972  63      9       69
  AVERAGE         84                        73     11       74

PRECIPITATION (IN)
  YESTERDAY        0.00          1.30 1914   0.10  -0.10     0.41
  MONTH TO DATE    0.17                      1.07  -0.90     1.24
  SINCE JUN 1      3.04                      7.96  -4.92     8.32
  SINCE JAN 1     15.77                     20.50  -4.73    20.06

SNOWFALL (IN)
  YESTERDAY        0.0           0.0    MM   0.0    0.0      0.0
  MONTH TO DATE    0.0                       0.0    0.0      0.0
  SINCE JUN 1      0.0                       0.0    0.0      0.0
  SINCE JUL 1      0.0                       0.0    0.0      0.0
  SNOW DEPTH       0

DEGREE DAYS
 HEATING
  YESTERDAY        0                         0      0        0
  MONTH TO DATE    0                         0      0        0
  SINCE JUN 1     14                        37    -23       25
  SINCE JUL 1      0                         2     -2        3

 COOLING
  YESTERDAY       19                         8     11        9
  MONTH TO DATE  134                        80     54       74
  SINCE JUN 1    707                       518    189      468
  SINCE JAN 1    785                       566    219      572
..................................................................


WIND (MPH)
  HIGHEST WIND SPEED    16   HIGHEST WIND DIRECTION     S (170)
  HIGHEST GUST SPEED    21   HIGHEST GUST DIRECTION    SW (240)
  AVERAGE WIND SPEED     4.6


SKY COVER
  POSSIBLE SUNSHINE  MM
  AVERAGE SKY COVER 0.5


WEATHER CONDITIONS
 THE FOLLOWING WEATHER WAS RECORDED YESTERDAY.
  FOG
  HAZE


RELATIVE HUMIDITY (PERCENT)
 HIGHEST    93           300 AM
 LOWEST     30           500 PM
 AVERAGE    62

..........................................................


THE DETROIT MI CLIMATE NORMALS FOR TODAY
                         NORMAL    RECORD    YEAR
 MAXIMUM TEMPERATURE (F)   82        99      1944
 MINIMUM TEMPERATURE (F)   63        47      1967


SUNRISE AND SUNSET
AUGUST 11 2016........SUNRISE   637 AM EDT   SUNSET   839 PM EDT
AUGUST 12 2016........SUNRISE   638 AM EDT   SUNSET   838 PM EDT


-  INDICATES NEGATIVE NUMBERS.
R  INDICATES RECORD WAS SET OR TIED.
MM INDICATES DATA IS MISSING.
T  INDICATES TRACE AMOUNT.




$$
