000
CDUS43 KDTX 252028
CLIDTW


CLIMATE REPORT
NATIONAL WEATHER SERVICE DETROIT/PONTIAC MI
428 PM EDT THU JUN 25 2015


...................................

...THE DETROIT MI CLIMATE SUMMARY FOR JUNE 25 2015...
VALID TODAY AS OF 0400 PM LOCAL TIME.

CLIMATE NORMAL PERIOD 1981 TO 2010
CLIMATE RECORD PERIOD 1874 TO 2015


WEATHER ITEM   OBSERVED TIME   RECORD YEAR NORMAL DEPARTURE LAST
                VALUE   (LST)  VALUE       VALUE  FROM      YEAR
                                                  NORMAL
..................................................................
TEMPERATURE (F)
 TODAY
  MAXIMUM         73   1139 AM 104    1988  82     -9       81
  MINIMUM         63    430 AM  43    1979  62      1       67
  AVERAGE         68                        72     -4       74

PRECIPITATION (IN)
  TODAY            T             2.17 1993   0.11  -0.11      T
                                      1968
  MONTH TO DATE    4.30                      2.97   1.33     4.00
  SINCE JUN 1      4.30                      2.97   1.33     4.00
  SINCE JAN 1     16.04                     15.51   0.53    18.67

SNOWFALL (IN)
  TODAY            0.0           0.0    MM   0.0    0.0      0.0
  MONTH TO DATE    0.0                       0.0    0.0      0.0
  SINCE JUN 1      0.0                       0.0    0.0      0.0
  SINCE JUL 1     47.5                      42.5    5.0     94.9
  SNOW DEPTH       0

DEGREE DAYS
 HEATING
  TODAY            0                         0      0        0
  MONTH TO DATE   19                        34    -15       12
  SINCE JUN 1     19                        34    -15       12
  SINCE JUL 1   6617                      6136    481     7023

 COOLING
  TODAY            3                         7     -4        9
  MONTH TO DATE  124                       127     -3      131
  SINCE JUN 1    124                       127     -3      131
  SINCE JAN 1    228                       175     53      195
..................................................................


WIND (MPH)
  HIGHEST WIND SPEED    13   HIGHEST WIND DIRECTION     S (180)
  HIGHEST GUST SPEED    14   HIGHEST GUST DIRECTION     S (180)
  AVERAGE WIND SPEED     2.4


SKY COVER
  POSSIBLE SUNSHINE  MM
  AVERAGE SKY COVER 1.0


WEATHER CONDITIONS
 THE FOLLOWING WEATHER WAS RECORDED TODAY.
  LIGHT RAIN
  HAZE


RELATIVE HUMIDITY (PERCENT)
 HIGHEST    78           100 AM
 LOWEST     67           300 AM
 AVERAGE    73

..........................................................


THE DETROIT MI CLIMATE NORMALS FOR TOMORROW
                         NORMAL    RECORD    YEAR
 MAXIMUM TEMPERATURE (F)   82       100      1952
 MINIMUM TEMPERATURE (F)   62        44      1979


SUNRISE AND SUNSET
JUNE 25 2015..........SUNRISE   558 AM EDT   SUNSET   914 PM EDT
JUNE 26 2015..........SUNRISE   558 AM EDT   SUNSET   914 PM EDT


-  INDICATES NEGATIVE NUMBERS.
R  INDICATES RECORD WAS SET OR TIED.
MM INDICATES DATA IS MISSING.
T  INDICATES TRACE AMOUNT.




$$
