000
CDUS43 KDTX 102039
CLIDTW


CLIMATE REPORT
NATIONAL WEATHER SERVICE DETROIT/PONTIAC MI
437 PM EDT SUN APR 10 2016


...................................

...THE DETROIT MI CLIMATE SUMMARY FOR APRIL 10 2016...
VALID TODAY AS OF 0400 PM LOCAL TIME.

CLIMATE NORMAL PERIOD 1981 TO 2010
CLIMATE RECORD PERIOD 1874 TO 2016


WEATHER ITEM   OBSERVED TIME   RECORD YEAR NORMAL DEPARTURE LAST
                VALUE   (LST)  VALUE       VALUE  FROM      YEAR
                                                  NORMAL
..................................................................
TEMPERATURE (F)
 TODAY
  MAXIMUM         34    101 PM  86    1977  57    -23       68
  MINIMUM         26    126 AM  20    1989  38    -12       43
  AVERAGE         30                        47    -17       56

PRECIPITATION (IN)
  TODAY            0.09          1.21 1939   0.10  -0.01     0.13
  MONTH TO DATE    0.48                      0.94  -0.46     1.58
  SINCE MAR 1      5.34                      3.22   2.12     2.38
  SINCE JAN 1      8.70                      7.20   1.50     5.18

SNOWFALL (IN)
  TODAY            0.2           3.0  1923   0.1    0.1      0.0
  MONTH TO DATE    1.3                       1.0    0.3      0.0
  SINCE MAR 1      8.7                       7.9    0.8      2.8
  SINCE JUL 1     35.3                      41.8   -6.5     47.5
  SNOW DEPTH       0

DEGREE DAYS
 HEATING
  TODAY           35                        18     17        9
  MONTH TO DATE  292                       196     96      168
  SINCE MAR 1    962                      1058    -96     1105
  SINCE JUL 1   4727                      5611   -884     6216

 COOLING
  TODAY            0                         0      0        0
  MONTH TO DATE    0                         0      0        0
  SINCE MAR 1      0                         0      0        0
  SINCE JAN 1      0                         0      0        0
..................................................................


WIND (MPH)
  HIGHEST WIND SPEED    22   HIGHEST WIND DIRECTION    SE (140)
  HIGHEST GUST SPEED    26   HIGHEST GUST DIRECTION    SE (140)
  AVERAGE WIND SPEED     7.4


SKY COVER
  POSSIBLE SUNSHINE  MM
  AVERAGE SKY COVER 1.0


WEATHER CONDITIONS
 THE FOLLOWING WEATHER WAS RECORDED TODAY.
  LIGHT RAIN
  LT FREEZING RAIN
  SNOW
  LIGHT SNOW
  SLEET
  FOG


RELATIVE HUMIDITY (PERCENT)
 HIGHEST    82           300 PM
 LOWEST     63          1200 AM
 AVERAGE    73

..........................................................


THE DETROIT MI CLIMATE NORMALS FOR TOMORROW
                         NORMAL    RECORD    YEAR
 MAXIMUM TEMPERATURE (F)   57        87      1977
 MINIMUM TEMPERATURE (F)   38        22      1940


SUNRISE AND SUNSET
APRIL 10 2016.........SUNRISE   700 AM EDT   SUNSET   810 PM EDT
APRIL 11 2016.........SUNRISE   658 AM EDT   SUNSET   811 PM EDT


-  INDICATES NEGATIVE NUMBERS.
R  INDICATES RECORD WAS SET OR TIED.
MM INDICATES DATA IS MISSING.
T  INDICATES TRACE AMOUNT.




$$
