000
CDUS43 KDTX 220537
CLIDTW


CLIMATE REPORT
NATIONAL WEATHER SERVICE DETROIT/PONTIAC MI
137 AM EDT MON SEP 22 2014


...................................

...THE DETROIT MI CLIMATE SUMMARY FOR SEPTEMBER 21 2014...

CLIMATE NORMAL PERIOD 1981 TO 2010
CLIMATE RECORD PERIOD 1874 TO 2014


WEATHER ITEM   OBSERVED TIME   RECORD YEAR NORMAL DEPARTURE LAST
                VALUE   (LST)  VALUE       VALUE  FROM      YEAR
                                                  NORMAL
..................................................................
TEMPERATURE (F)
 YESTERDAY
  MAXIMUM         69   1107 AM  92    1895  72     -3       70
  MINIMUM         50   1159 PM  35    1875  53     -3       56
  AVERAGE         60                        62     -2       63

PRECIPITATION (IN)
  YESTERDAY        0.18          1.73 1919   0.11   0.07     0.08
  MONTH TO DATE    4.53                      2.35   2.18     1.10
  SINCE SEP 1      4.53                      2.35   2.18     1.10
  SINCE JAN 1     31.95                     24.78   7.17    32.08

SNOWFALL (IN)
  YESTERDAY        0.0           0.0    MM   0.0    0.0      0.0
  MONTH TO DATE    0.0                       0.0    0.0      0.0
  SINCE SEP 1      0.0                       0.0    0.0      0.0
  SINCE JUL 1      0.0                       0.0    0.0      0.0
  SNOW DEPTH       0

DEGREE DAYS
 HEATING
  YESTERDAY        5                         5      0        2
  MONTH TO DATE   82                        48     34       56
  SINCE SEP 1     82                        48     34       56
  SINCE JUL 1     95                        58     37       68

 COOLING
  YESTERDAY        0                         2     -2        0
  MONTH TO DATE   67                        72     -5       78
  SINCE SEP 1     67                        72     -5       78
  SINCE JAN 1    699                       783    -84      871
..................................................................


WIND (MPH)
  HIGHEST WIND SPEED    25   HIGHEST WIND DIRECTION    SW (230)
  HIGHEST GUST SPEED    32   HIGHEST GUST DIRECTION    SW (220)
  AVERAGE WIND SPEED    14.6


SKY COVER
  POSSIBLE SUNSHINE  MM
  AVERAGE SKY COVER 0.8


WEATHER CONDITIONS
 THE FOLLOWING WEATHER WAS RECORDED YESTERDAY.
  LIGHT RAIN
  FOG
  HAZE


RELATIVE HUMIDITY (PERCENT)
 HIGHEST    93          1200 AM
 LOWEST     56          1200 PM
 AVERAGE    75

..........................................................


THE DETROIT MI CLIMATE NORMALS FOR TODAY
                         NORMAL    RECORD    YEAR
 MAXIMUM TEMPERATURE (F)   72        91      1941
 MINIMUM TEMPERATURE (F)   52        30      1974


SUNRISE AND SUNSET
SEPTEMBER 22 2014.....SUNRISE   721 AM EDT   SUNSET   731 PM EDT
SEPTEMBER 23 2014.....SUNRISE   722 AM EDT   SUNSET   729 PM EDT


-  INDICATES NEGATIVE NUMBERS.
R  INDICATES RECORD WAS SET OR TIED.
MM INDICATES DATA IS MISSING.
T  INDICATES TRACE AMOUNT.




$$
