000
CDUS43 KDTX 262145
CLIDTW


CLIMATE REPORT
NATIONAL WEATHER SERVICE DETROIT/PONTIAC MI
445 PM EST SUN NOV 26 2017


...................................

...THE DETROIT MI CLIMATE SUMMARY FOR NOVEMBER 26 2017...
VALID TODAY AS OF 0400 PM LOCAL TIME.

CLIMATE NORMAL PERIOD 1981 TO 2010
CLIMATE RECORD PERIOD 1874 TO 2017


WEATHER ITEM   OBSERVED TIME   RECORD YEAR NORMAL DEPARTURE LAST
                VALUE   (LST)  VALUE       VALUE  FROM      YEAR
                                                  NORMAL
..................................................................
TEMPERATURE (F)
 TODAY
  MAXIMUM         45    355 PM  65    1896  44      1       43
  MINIMUM         27    739 AM  10    1949  31     -4       36
  AVERAGE         36                        37     -1       40

PRECIPITATION (IN)
  TODAY            0.00          1.23 1887   0.09  -0.09      T
  MONTH TO DATE    4.78                      2.42   2.36     1.45
  SINCE SEP 1      8.53                      8.21   0.32    10.71
  SINCE JAN 1     33.83                     30.64   3.19    31.93

SNOWFALL (IN)
  TODAY            0.0           2.1  1972   0.1   -0.1      0.0
  MONTH TO DATE    T                         1.1   -1.1      0.1
  SINCE SEP 1      T                         1.2   -1.2      0.1
  SINCE JUL 1      T                         1.2   -1.2      0.1
  SNOW DEPTH       0

DEGREE DAYS
 HEATING
  TODAY           29                        28      1       25
  MONTH TO DATE  646                       589     57      465
  SINCE SEP 1    975                      1090   -115      792
  SINCE JUL 1    979                      1100   -121      792

 COOLING
  TODAY            0                         0      0        0
  MONTH TO DATE    0                         0      0        0
  SINCE SEP 1    168                        92     76      154
  SINCE JAN 1    918                       803    115     1177
..................................................................


WIND (MPH)
  HIGHEST WIND SPEED    18   HIGHEST WIND DIRECTION    SW (240)
  HIGHEST GUST SPEED    24   HIGHEST GUST DIRECTION     W (250)
  AVERAGE WIND SPEED     9.2


SKY COVER
  POSSIBLE SUNSHINE  MM
  AVERAGE SKY COVER 0.4


WEATHER CONDITIONS
 THE FOLLOWING WEATHER WAS RECORDED TODAY.
  NO SIGNIFICANT WEATHER WAS OBSERVED.


RELATIVE HUMIDITY (PERCENT)
 HIGHEST    81           700 AM
 LOWEST     49           200 PM
 AVERAGE    65

..........................................................


THE DETROIT MI CLIMATE NORMALS FOR TOMORROW
                         NORMAL    RECORD    YEAR
 MAXIMUM TEMPERATURE (F)   43        69      1990
 MINIMUM TEMPERATURE (F)   30         9      1930


SUNRISE AND SUNSET
NOVEMBER 26 2017......SUNRISE   737 AM EST   SUNSET   504 PM EST
NOVEMBER 27 2017......SUNRISE   738 AM EST   SUNSET   503 PM EST


-  INDICATES NEGATIVE NUMBERS.
R  INDICATES RECORD WAS SET OR TIED.
MM INDICATES DATA IS MISSING.
T  INDICATES TRACE AMOUNT.




$$
