000
CDUS43 KDTX 090555
CLIDTW


CLIMATE REPORT
NATIONAL WEATHER SERVICE DETROIT/PONTIAC MI
155 AM EDT TUE SEP 9 2014


...................................

...THE DETROIT MI CLIMATE SUMMARY FOR SEPTEMBER 8 2014...

CLIMATE NORMAL PERIOD 1981 TO 2010
CLIMATE RECORD PERIOD 1874 TO 2014


WEATHER ITEM   OBSERVED TIME   RECORD YEAR NORMAL DEPARTURE LAST
                VALUE   (LST)  VALUE       VALUE  FROM      YEAR
                                                  NORMAL
..................................................................
TEMPERATURE (F)
 YESTERDAY
  MAXIMUM         76    401 PM  98    1976  77     -1       75
  MINIMUM         56    523 AM  39    1986  58     -2       59
  AVERAGE         66                        67     -1       67

PRECIPITATION (IN)
  YESTERDAY        0.00          0.91 1942   0.12  -0.12     0.00
  MONTH TO DATE    2.14                      0.87   1.27     0.06
  SINCE SEP 1      2.14                      0.87   1.27     0.06
  SINCE JAN 1     29.56                     23.30   6.26    31.04

SNOWFALL (IN)
  YESTERDAY        0.0           0.0    MM   0.0    0.0      0.0
  MONTH TO DATE    0.0                       0.0    0.0      0.0
  SINCE SEP 1      0.0                       0.0    0.0      0.0
  SINCE JUL 1      0.0                       0.0    0.0      0.0
  SNOW DEPTH       0

DEGREE DAYS
 HEATING
  YESTERDAY        0                         2     -2        0
  MONTH TO DATE    0                         9     -9        2
  SINCE SEP 1      0                         9     -9        2
  SINCE JUL 1     13                        19     -6       14

 COOLING
  YESTERDAY        1                         4     -3        2
  MONTH TO DATE   55                        36     19       27
  SINCE SEP 1     55                        36     19       27
  SINCE JAN 1    687                       747    -60      820
..................................................................


WIND (MPH)
  HIGHEST WIND SPEED    12   HIGHEST WIND DIRECTION     E (110)
  HIGHEST GUST SPEED    17   HIGHEST GUST DIRECTION    SE (130)
  AVERAGE WIND SPEED     4.5


SKY COVER
  POSSIBLE SUNSHINE  MM
  AVERAGE SKY COVER 0.3


WEATHER CONDITIONS
 THE FOLLOWING WEATHER WAS RECORDED YESTERDAY.
  NO SIGNIFICANT WEATHER WAS OBSERVED.


RELATIVE HUMIDITY (PERCENT)
 HIGHEST    86           200 AM
 LOWEST     46           300 PM
 AVERAGE    66

..........................................................


THE DETROIT MI CLIMATE NORMALS FOR TODAY
                         NORMAL    RECORD    YEAR
 MAXIMUM TEMPERATURE (F)   77        94      2002
 MINIMUM TEMPERATURE (F)   58        37      1883


SUNRISE AND SUNSET
SEPTEMBER  9 2014.....SUNRISE   707 AM EDT   SUNSET   753 PM EDT
SEPTEMBER 10 2014.....SUNRISE   708 AM EDT   SUNSET   752 PM EDT


-  INDICATES NEGATIVE NUMBERS.
R  INDICATES RECORD WAS SET OR TIED.
MM INDICATES DATA IS MISSING.
T  INDICATES TRACE AMOUNT.




$$
