000
CDUS43 KDTX 032029
CLIDTW


CLIMATE REPORT
NATIONAL WEATHER SERVICE DETROIT/PONTIAC MI
429 PM EDT SUN JUL 3 2016


...................................

...THE DETROIT MI CLIMATE SUMMARY FOR JULY 3 2016...
VALID TODAY AS OF 0400 PM LOCAL TIME.

CLIMATE NORMAL PERIOD 1981 TO 2010
CLIMATE RECORD PERIOD 1874 TO 2016


WEATHER ITEM   OBSERVED TIME   RECORD YEAR NORMAL DEPARTURE LAST
                VALUE   (LST)  VALUE       VALUE  FROM      YEAR
                                                  NORMAL
..................................................................
TEMPERATURE (F)
 TODAY
  MAXIMUM         79    259 PM 100    1911  83     -4       77
  MINIMUM         57    508 AM  48    1971  63     -6       53
  AVERAGE         68                        73     -5       65

PRECIPITATION (IN)
  TODAY            0.00          2.17 1902   0.11  -0.11     0.00
  MONTH TO DATE    0.34                      0.31   0.03     0.00
  SINCE JUN 1      1.64                      3.83  -2.19     5.32
  SINCE JAN 1     14.37                     16.37  -2.00    17.06

SNOWFALL (IN)
  TODAY            0.0           0.0    MM   0.0    0.0      0.0
  MONTH TO DATE    0.0                       0.0    0.0      0.0
  SINCE JUN 1      0.0                       0.0    0.0      0.0
  SINCE JUL 1      0.0                       0.0    0.0      0.0
  SNOW DEPTH       0

DEGREE DAYS
 HEATING
  TODAY            0                         0      0        0
  MONTH TO DATE    0                         0      0        0
  SINCE JUN 1     14                        35    -21       22
  SINCE JUL 1      0                         0      0        0

 COOLING
  TODAY            3                         8     -5        0
  MONTH TO DATE    8                        24    -16        5
  SINCE JUN 1    211                       191     20      145
  SINCE JAN 1    289                       239     50      249
..................................................................


WIND (MPH)
  HIGHEST WIND SPEED    10   HIGHEST WIND DIRECTION     S (200)
  HIGHEST GUST SPEED    16   HIGHEST GUST DIRECTION     S (180)
  AVERAGE WIND SPEED     2.7


SKY COVER
  POSSIBLE SUNSHINE  MM
  AVERAGE SKY COVER 0.8


WEATHER CONDITIONS
 THE FOLLOWING WEATHER WAS RECORDED TODAY.
  NO SIGNIFICANT WEATHER WAS OBSERVED.


RELATIVE HUMIDITY (PERCENT)
 HIGHEST    80           500 AM
 LOWEST     35           300 PM
 AVERAGE    58

..........................................................


THE DETROIT MI CLIMATE NORMALS FOR TOMORROW
                         NORMAL    RECORD    YEAR
 MAXIMUM TEMPERATURE (F)   83       102      2012
 MINIMUM TEMPERATURE (F)   64        49      1972


SUNRISE AND SUNSET
JULY  3 2016..........SUNRISE   602 AM EDT   SUNSET   913 PM EDT
JULY  4 2016..........SUNRISE   603 AM EDT   SUNSET   913 PM EDT


-  INDICATES NEGATIVE NUMBERS.
R  INDICATES RECORD WAS SET OR TIED.
MM INDICATES DATA IS MISSING.
T  INDICATES TRACE AMOUNT.




$$
