000
CDUS43 KDTX 242130
CLIDTW


CLIMATE REPORT
NATIONAL WEATHER SERVICE DETROIT/PONTIAC MI
428 PM EST FRI NOV 24 2017


...................................

...THE DETROIT MI CLIMATE SUMMARY FOR NOVEMBER 24 2017...
VALID TODAY AS OF 0400 PM LOCAL TIME.

CLIMATE NORMAL PERIOD 1981 TO 2010
CLIMATE RECORD PERIOD 1874 TO 2017


WEATHER ITEM   OBSERVED TIME   RECORD YEAR NORMAL DEPARTURE LAST
                VALUE   (LST)  VALUE       VALUE  FROM      YEAR
                                                  NORMAL
..................................................................
TEMPERATURE (F)
 TODAY
  MAXIMUM         54    341 PM  62    2001  45      9       46
                                      1973
  MINIMUM         28    425 AM   7    1950  32     -4       39
  AVERAGE         41                        38      3       43

PRECIPITATION (IN)
  TODAY            0.00          0.82 2004   0.09  -0.09      T
  MONTH TO DATE    4.78                      2.24   2.54     1.42
  SINCE SEP 1      8.53                      8.03   0.50    10.68
  SINCE JAN 1     33.83                     30.46   3.37    31.90

SNOWFALL (IN)
  TODAY            0.0           2.6  1949   0.1   -0.1      0.0
  MONTH TO DATE    T                         0.9   -0.9      0.1
  SINCE SEP 1      T                         1.0   -1.0      0.1
  SINCE JUL 1      T                         1.0   -1.0      0.1
  SNOW DEPTH       0

DEGREE DAYS
 HEATING
  TODAY           24                        27     -3       22
  MONTH TO DATE  596                       534     62      417
  SINCE SEP 1    925                      1035   -110      744
  SINCE JUL 1    929                      1045   -116      744

 COOLING
  TODAY            0                         0      0        0
  MONTH TO DATE    0                         0      0        0
  SINCE SEP 1    168                        92     76      154
  SINCE JAN 1    918                       803    115     1177
..................................................................


WIND (MPH)
  HIGHEST WIND SPEED    25   HIGHEST WIND DIRECTION    SW (210)
  HIGHEST GUST SPEED    30   HIGHEST GUST DIRECTION     S (200)
  AVERAGE WIND SPEED    11.8


SKY COVER
  POSSIBLE SUNSHINE  MM
  AVERAGE SKY COVER 0.4


WEATHER CONDITIONS
 THE FOLLOWING WEATHER WAS RECORDED TODAY.
  NO SIGNIFICANT WEATHER WAS OBSERVED.


RELATIVE HUMIDITY (PERCENT)
 HIGHEST    78           300 AM
 LOWEST     41           100 PM
 AVERAGE    60

..........................................................


THE DETROIT MI CLIMATE NORMALS FOR TOMORROW
                         NORMAL    RECORD    YEAR
 MAXIMUM TEMPERATURE (F)   44        63      2001
                                             1908
 MINIMUM TEMPERATURE (F)   31        10      1950


SUNRISE AND SUNSET
NOVEMBER 24 2017......SUNRISE   735 AM EST   SUNSET   505 PM EST
NOVEMBER 25 2017......SUNRISE   736 AM EST   SUNSET   504 PM EST


-  INDICATES NEGATIVE NUMBERS.
R  INDICATES RECORD WAS SET OR TIED.
MM INDICATES DATA IS MISSING.
T  INDICATES TRACE AMOUNT.




$$
