000
CDUS43 KDTX 280536
CLIDTW


CLIMATE REPORT
NATIONAL WEATHER SERVICE DETROIT/PONTIAC MI
136 AM EDT FRI MAR 28 2014


...................................

...THE DETROIT MI CLIMATE SUMMARY FOR MARCH 27 2014...

CLIMATE NORMAL PERIOD 1981 TO 2010
CLIMATE RECORD PERIOD 1874 TO 2014


WEATHER ITEM   OBSERVED TIME   RECORD YEAR NORMAL DEPARTURE LAST
                VALUE   (LST)  VALUE       VALUE  FROM      YEAR
                                                  NORMAL
..................................................................
TEMPERATURE (F)
 YESTERDAY
  MAXIMUM         46   1152 PM  81    2007  51     -5       49
  MINIMUM         28   1247 AM   3    1934  32     -4       31
  AVERAGE         37                        42     -5       40

PRECIPITATION (IN)
  YESTERDAY        0.06          1.35 1880   0.08  -0.02     0.00
  MONTH TO DATE    1.49                      1.95  -0.46     0.71
  SINCE MAR 1      1.49                      1.95  -0.46     0.71
  SINCE JAN 1      7.23                      5.93   1.30     6.99

SNOWFALL (IN)
  YESTERDAY        T             6.3  1934   0.1   -0.1      0.0
  MONTH TO DATE   12.5                       6.3    6.2      3.1
  SINCE MAR 1     12.5                       6.3    6.2      3.1
  SINCE JUL 1     91.7                      40.2   51.5     47.6
  SNOW DEPTH       T

DEGREE DAYS
 HEATING
  YESTERDAY       28                        23      5       25
  MONTH TO DATE 1025                       772    253      854
  SINCE MAR 1   1025                       772    253      854
  SINCE JUL 1   6275                      5325    950     5139

 COOLING
  YESTERDAY        0                         0      0        0
  MONTH TO DATE    0                         0      0        0
  SINCE MAR 1      0                         0      0        0
  SINCE JAN 1      0                         0      0        0
..................................................................


WIND (MPH)
  HIGHEST WIND SPEED    24   HIGHEST WIND DIRECTION     S (180)
  HIGHEST GUST SPEED    30   HIGHEST GUST DIRECTION     S (190)
  AVERAGE WIND SPEED    11.4


SKY COVER
  POSSIBLE SUNSHINE  MM
  AVERAGE SKY COVER 1.0


WEATHER CONDITIONS
 THE FOLLOWING WEATHER WAS RECORDED YESTERDAY.
  LIGHT RAIN
  SNOW
  LIGHT SNOW


RELATIVE HUMIDITY (PERCENT)
 HIGHEST    79           600 PM
 LOWEST     56           800 AM
 AVERAGE    68

..........................................................


THE DETROIT MI CLIMATE NORMALS FOR TODAY
                         NORMAL    RECORD    YEAR
 MAXIMUM TEMPERATURE (F)   51        82      1945
 MINIMUM TEMPERATURE (F)   33         4      1934


SUNRISE AND SUNSET
MARCH 28 2014.........SUNRISE   723 AM EDT   SUNSET   755 PM EDT
MARCH 29 2014.........SUNRISE   721 AM EDT   SUNSET   756 PM EDT


-  INDICATES NEGATIVE NUMBERS.
R  INDICATES RECORD WAS SET OR TIED.
MM INDICATES DATA IS MISSING.
T  INDICATES TRACE AMOUNT.




$$
