713
CDUS43 KDTX 160554
CLIDTW


CLIMATE REPORT
NATIONAL WEATHER SERVICE DETROIT/PONTIAC MI
154 AM EDT THU MAR 16 2017


...................................

...THE DETROIT MI CLIMATE SUMMARY FOR MARCH 15 2017...

CLIMATE NORMAL PERIOD 1981 TO 2010
CLIMATE RECORD PERIOD 1874 TO 2017


WEATHER ITEM   OBSERVED TIME   RECORD YEAR NORMAL DEPARTURE LAST
                VALUE   (LST)  VALUE       VALUE  FROM      YEAR
                                                  NORMAL
..................................................................
TEMPERATURE (F)
 YESTERDAY
  MAXIMUM         32    551 PM  77    2012  45    -13       52
                                      1990
                                      1977
  MINIMUM         17    725 AM   5    1993  28    -11       45
                                      1911
  AVERAGE         25                        37    -12       49

PRECIPITATION (IN)
  YESTERDAY        0.00          0.93 1912   0.07  -0.07      T
  MONTH TO DATE    1.28                      1.05   0.23     1.87
  SINCE MAR 1      1.28                      1.05   0.23     1.87
  SINCE JAN 1      6.01                      5.03   0.98     5.23

SNOWFALL (IN)
  YESTERDAY        0.0           8.6  1912   0.3   -0.3      0.0
  MONTH TO DATE    5.6                       4.2    1.4      7.4
  SINCE MAR 1      5.6                       4.2    1.4      7.4
  SINCE JUL 1     36.5                      38.1   -1.6     34.0
  SNOW DEPTH       4

DEGREE DAYS
 HEATING
  YESTERDAY       40                        28     12       16
  MONTH TO DATE  487                       463     24      344
  SINCE MAR 1    487                       463     24      344
  SINCE JUL 1   4225                      5016   -791     4109

 COOLING
  YESTERDAY        0                         0      0        0
  MONTH TO DATE    0                         0      0        0
  SINCE MAR 1      0                         0      0        0
  SINCE JAN 1      0                         0      0        0
..................................................................


WIND (MPH)
  HIGHEST WIND SPEED    24   HIGHEST WIND DIRECTION    NW (300)
  HIGHEST GUST SPEED    32   HIGHEST GUST DIRECTION    NW (320)
  AVERAGE WIND SPEED    15.2


SKY COVER
  POSSIBLE SUNSHINE  MM
  AVERAGE SKY COVER 0.5


WEATHER CONDITIONS
 THE FOLLOWING WEATHER WAS RECORDED YESTERDAY.
  NO SIGNIFICANT WEATHER WAS OBSERVED.


RELATIVE HUMIDITY (PERCENT)
 HIGHEST    58           900 PM
 LOWEST     35           100 PM
 AVERAGE    47

..........................................................


THE DETROIT MI CLIMATE NORMALS FOR TODAY
                         NORMAL    RECORD    YEAR
 MAXIMUM TEMPERATURE (F)   46        74      1945
 MINIMUM TEMPERATURE (F)   28         4      1900


SUNRISE AND SUNSET
MARCH 16 2017.........SUNRISE   743 AM EDT   SUNSET   741 PM EDT
MARCH 17 2017.........SUNRISE   741 AM EDT   SUNSET   742 PM EDT


-  INDICATES NEGATIVE NUMBERS.
R  INDICATES RECORD WAS SET OR TIED.
MM INDICATES DATA IS MISSING.
T  INDICATES TRACE AMOUNT.




$$
