999
CDUS43 KDTX 180540
CLIDTW


CLIMATE REPORT
NATIONAL WEATHER SERVICE DETROIT/PONTIAC MI
140 AM EDT THU AUG 18 2016


...................................

...THE DETROIT MI CLIMATE SUMMARY FOR AUGUST 17 2016...

CLIMATE NORMAL PERIOD 1981 TO 2010
CLIMATE RECORD PERIOD 1874 TO 2016


WEATHER ITEM   OBSERVED TIME   RECORD YEAR NORMAL DEPARTURE LAST
                VALUE   (LST)  VALUE       VALUE  FROM      YEAR
                                                  NORMAL
..................................................................
TEMPERATURE (F)
 YESTERDAY
  MAXIMUM         86    249 PM 100    1988  82      4       89
  MINIMUM         67    552 AM  46    1981  63      4       70
  AVERAGE         77                        72      5       80

PRECIPITATION (IN)
  YESTERDAY        0.19          4.51 1926   0.09   0.10      T
  MONTH TO DATE    3.83                      1.73   2.10     1.24
  SINCE JUN 1      6.70                      8.62  -1.92     8.32
  SINCE JAN 1     19.43                     21.16  -1.73    20.06

SNOWFALL (IN)
  YESTERDAY        0.0           0.0    MM   0.0    0.0      0.0
  MONTH TO DATE    0.0                       0.0    0.0      0.0
  SINCE JUN 1      0.0                       0.0    0.0      0.0
  SINCE JUL 1      0.0                       0.0    0.0      0.0
  SNOW DEPTH       0

DEGREE DAYS
 HEATING
  YESTERDAY        0                         0      0        0
  MONTH TO DATE    0                         0      0        0
  SINCE JUN 1     14                        37    -23       25
  SINCE JUL 1      0                         2     -2        3

 COOLING
  YESTERDAY       12                         7      5       15
  MONTH TO DATE  234                       134    100      147
  SINCE JUN 1    807                       572    235      541
  SINCE JAN 1    885                       620    265      645
..................................................................


WIND (MPH)
  HIGHEST WIND SPEED    28   HIGHEST WIND DIRECTION    NW (300)
  HIGHEST GUST SPEED    41   HIGHEST GUST DIRECTION     W (280)
  AVERAGE WIND SPEED     6.5


SKY COVER
  POSSIBLE SUNSHINE  MM
  AVERAGE SKY COVER 0.7


WEATHER CONDITIONS
 THE FOLLOWING WEATHER WAS RECORDED YESTERDAY.
  THUNDERSTORM
  HEAVY RAIN
  RAIN
  FOG
  HAZE


RELATIVE HUMIDITY (PERCENT)
 HIGHEST   100           500 AM
 LOWEST     55           200 PM
 AVERAGE    78

..........................................................


THE DETROIT MI CLIMATE NORMALS FOR TODAY
                         NORMAL    RECORD    YEAR
 MAXIMUM TEMPERATURE (F)   81        95      1947
 MINIMUM TEMPERATURE (F)   63        46      1981
                                             1977


SUNRISE AND SUNSET
AUGUST 18 2016........SUNRISE   644 AM EDT   SUNSET   829 PM EDT
AUGUST 19 2016........SUNRISE   645 AM EDT   SUNSET   827 PM EDT


-  INDICATES NEGATIVE NUMBERS.
R  INDICATES RECORD WAS SET OR TIED.
MM INDICATES DATA IS MISSING.
T  INDICATES TRACE AMOUNT.




$$
