000
CDUS43 KDTX 202026
CLIDTW


CLIMATE REPORT
NATIONAL WEATHER SERVICE DETROIT/PONTIAC MI
426 PM EDT MON JUL 20 2015


...................................

...THE DETROIT MI CLIMATE SUMMARY FOR JULY 20 2015...
VALID TODAY AS OF 0400 PM LOCAL TIME.

CLIMATE NORMAL PERIOD 1981 TO 2010
CLIMATE RECORD PERIOD 1874 TO 2015


WEATHER ITEM   OBSERVED TIME   RECORD YEAR NORMAL DEPARTURE LAST
                VALUE   (LST)  VALUE       VALUE  FROM      YEAR
                                                  NORMAL
..................................................................
TEMPERATURE (F)
 TODAY
  MAXIMUM         86    203 PM  97    1977  84      2       83
  MINIMUM         61    511 AM  48    1971  64     -3       60
  AVERAGE         74                        74      0       72

PRECIPITATION (IN)
  TODAY            0.00          2.04 1989   0.11  -0.11     0.00
  MONTH TO DATE    1.18                      2.09  -0.91     1.29
  SINCE JUN 1      6.50                      5.61   0.89     5.29
  SINCE JAN 1     18.24                     18.15   0.09    19.96

SNOWFALL (IN)
  TODAY            0.0           0.0    MM   0.0    0.0      0.0
  MONTH TO DATE    0.0                       0.0    0.0      0.0
  SINCE JUN 1      0.0                       0.0    0.0      0.0
  SINCE JUL 1      0.0                       0.0    0.0      0.0
  SNOW DEPTH       0

DEGREE DAYS
 HEATING
  TODAY            0                         0      0        0
  MONTH TO DATE    3                         0      3        3
  SINCE JUN 1     25                        35    -10       15
  SINCE JUL 1      3                         0      3        3

 COOLING
  TODAY            9                         9      0        7
  MONTH TO DATE  126                       177    -51      112
  SINCE JUN 1    266                       344    -78      297
  SINCE JAN 1    370                       392    -22      361
..................................................................


WIND (MPH)
  HIGHEST WIND SPEED    16   HIGHEST WIND DIRECTION    SW (240)
  HIGHEST GUST SPEED    22   HIGHEST GUST DIRECTION    SW (210)
  AVERAGE WIND SPEED     6.7


SKY COVER
  POSSIBLE SUNSHINE  MM
  AVERAGE SKY COVER 0.3


WEATHER CONDITIONS
 THE FOLLOWING WEATHER WAS RECORDED TODAY.
  NO SIGNIFICANT WEATHER WAS OBSERVED.


RELATIVE HUMIDITY (PERCENT)
 HIGHEST    90           500 AM
 LOWEST     44           200 PM
 AVERAGE    67

..........................................................


THE DETROIT MI CLIMATE NORMALS FOR TOMORROW
                         NORMAL    RECORD    YEAR
 MAXIMUM TEMPERATURE (F)   84       100      2011
 MINIMUM TEMPERATURE (F)   64        50      1970


SUNRISE AND SUNSET
JULY 20 2015..........SUNRISE   614 AM EDT   SUNSET   904 PM EDT
JULY 21 2015..........SUNRISE   615 AM EDT   SUNSET   904 PM EDT


-  INDICATES NEGATIVE NUMBERS.
R  INDICATES RECORD WAS SET OR TIED.
MM INDICATES DATA IS MISSING.
T  INDICATES TRACE AMOUNT.




$$
