000
CDUS43 KDTX 272031
CLIDTW


CLIMATE REPORT
NATIONAL WEATHER SERVICE DETROIT/PONTIAC MI
430 PM EDT SUN AUG 27 2017


...................................

...THE DETROIT MI CLIMATE SUMMARY FOR AUGUST 27 2017...
VALID TODAY AS OF 0400 PM LOCAL TIME.

CLIMATE NORMAL PERIOD 1981 TO 2010
CLIMATE RECORD PERIOD 1874 TO 2017


WEATHER ITEM   OBSERVED TIME   RECORD YEAR NORMAL DEPARTURE LAST
                VALUE   (LST)  VALUE       VALUE  FROM      YEAR
                                                  NORMAL
..................................................................
TEMPERATURE (F)
 TODAY
  MAXIMUM         78    257 PM  98    1948  80     -2       83
  MINIMUM         58    646 AM  47    1915  61     -3       70
                                      1876
  AVERAGE         68                        71     -3       77

PRECIPITATION (IN)
  TODAY            0.00          1.30 1903   0.09  -0.09     1.29
  MONTH TO DATE    1.95                      2.61  -0.66     5.62
  SINCE JUN 1      6.41                      9.50  -3.09     8.49
  SINCE JAN 1     23.34                     22.04   1.30    21.22

SNOWFALL (IN)
  TODAY            0.0           0.0    MM   0.0    0.0      0.0
  MONTH TO DATE    0.0                       0.0    0.0      0.0
  SINCE JUN 1      0.0                       0.0    0.0      0.0
  SINCE JUL 1      0.0                       0.0    0.0      0.0
  SNOW DEPTH       0

DEGREE DAYS
 HEATING
  TODAY            0                         0      0        0
  MONTH TO DATE    3                         0      3        0
  SINCE JUN 1     14                        37    -23       14
  SINCE JUL 1      3                         2      1        0

 COOLING
  TODAY            3                         6     -3       12
  MONTH TO DATE  191                       201    -10      330
  SINCE JUN 1    693                       639     54      903
  SINCE JAN 1    739                       687     52      981
..................................................................


WIND (MPH)
  HIGHEST WIND SPEED    10   HIGHEST WIND DIRECTION     E (100)
  HIGHEST GUST SPEED    16   HIGHEST GUST DIRECTION     S (170)
  AVERAGE WIND SPEED     4.7


SKY COVER
  POSSIBLE SUNSHINE  MM
  AVERAGE SKY COVER 0.8


WEATHER CONDITIONS
 THE FOLLOWING WEATHER WAS RECORDED TODAY.
  NO SIGNIFICANT WEATHER WAS OBSERVED.


RELATIVE HUMIDITY (PERCENT)
 HIGHEST    80           500 AM
 LOWEST     33           100 PM
 AVERAGE    57

..........................................................


THE DETROIT MI CLIMATE NORMALS FOR TOMORROW
                         NORMAL    RECORD    YEAR
 MAXIMUM TEMPERATURE (F)   80        97      1948
 MINIMUM TEMPERATURE (F)   61        43      1986


SUNRISE AND SUNSET
AUGUST 27 2017........SUNRISE   654 AM EDT   SUNSET   815 PM EDT
AUGUST 28 2017........SUNRISE   655 AM EDT   SUNSET   813 PM EDT


-  INDICATES NEGATIVE NUMBERS.
R  INDICATES RECORD WAS SET OR TIED.
MM INDICATES DATA IS MISSING.
T  INDICATES TRACE AMOUNT.




$$
