000
CDUS43 KDTX 150542
CLIDTW


CLIMATE REPORT
NATIONAL WEATHER SERVICE DETROIT/PONTIAC MI
1241 AM EST THU JAN 15 2015


...................................

...THE DETROIT MI CLIMATE SUMMARY FOR JANUARY 14 2015...

CLIMATE NORMAL PERIOD 1981 TO 2010
CLIMATE RECORD PERIOD 1874 TO 2015


WEATHER ITEM   OBSERVED TIME   RECORD YEAR NORMAL DEPARTURE LAST
                VALUE   (LST)  VALUE       VALUE  FROM      YEAR
                                                  NORMAL
..................................................................
TEMPERATURE (F)
 YESTERDAY
  MAXIMUM         17    410 PM  58    1995  32    -15       39
  MINIMUM          4    958 AM  -9    1893  19    -15       25
  AVERAGE         11                        25    -14       32

PRECIPITATION (IN)
  YESTERDAY        0.01          0.78 1940   0.06  -0.05      T
  MONTH TO DATE    1.17                      0.95   0.22     2.03
  SINCE DEC 1      2.58                      3.41  -0.83     4.45
  SINCE JAN 1      1.17                      0.95   0.22     2.03

SNOWFALL (IN)
  YESTERDAY        0.4          11.1  1992   0.4    0.0       T
  MONTH TO DATE    9.4                       5.7    3.7     22.5
  SINCE DEC 1      9.5                      15.3   -5.8     38.0
  SINCE JUL 1     13.5                      16.9   -3.4     39.2
  SNOW DEPTH       6

DEGREE DAYS
 HEATING
  YESTERDAY       54                        40     14       33
  MONTH TO DATE  671                       550    121      650
  SINCE DEC 1   1638                      1632      6     1827
  SINCE JUL 1   3015                      2847    168     3129

 COOLING
  YESTERDAY        0                         0      0        0
  MONTH TO DATE    0                         0      0        0
  SINCE DEC 1      0                         0      0        0
  SINCE JAN 1      0                         0      0        0
..................................................................


WIND (MPH)
  HIGHEST WIND SPEED    12   HIGHEST WIND DIRECTION    SW (210)
  HIGHEST GUST SPEED    13   HIGHEST GUST DIRECTION    SW (210)
  AVERAGE WIND SPEED     5.5


SKY COVER
  POSSIBLE SUNSHINE  MM
  AVERAGE SKY COVER 0.8


WEATHER CONDITIONS
 THE FOLLOWING WEATHER WAS RECORDED YESTERDAY.
  LIGHT SNOW
  FOG
  HAZE


RELATIVE HUMIDITY (PERCENT)
 HIGHEST    91           800 AM
 LOWEST     56           400 PM
 AVERAGE    74

..........................................................


THE DETROIT MI CLIMATE NORMALS FOR TODAY
                         NORMAL    RECORD    YEAR
 MAXIMUM TEMPERATURE (F)   32        59      1932
 MINIMUM TEMPERATURE (F)   19       -12      1972


SUNRISE AND SUNSET
JANUARY 15 2015.......SUNRISE   800 AM EST   SUNSET   526 PM EST
JANUARY 16 2015.......SUNRISE   759 AM EST   SUNSET   527 PM EST


-  INDICATES NEGATIVE NUMBERS.
R  INDICATES RECORD WAS SET OR TIED.
MM INDICATES DATA IS MISSING.
T  INDICATES TRACE AMOUNT.




$$
