000
CDUS43 KDTX 232137
CLIDTW


CLIMATE REPORT
NATIONAL WEATHER SERVICE DETROIT/PONTIAC MI
434 PM EST WED NOV 23 2016


...................................

...THE DETROIT MI CLIMATE SUMMARY FOR NOVEMBER 23 2016...
VALID TODAY AS OF 0400 PM LOCAL TIME.

CLIMATE NORMAL PERIOD 1981 TO 2010
CLIMATE RECORD PERIOD 1874 TO 2016


WEATHER ITEM   OBSERVED TIME   RECORD YEAR NORMAL DEPARTURE LAST
                VALUE   (LST)  VALUE       VALUE  FROM      YEAR
                                                  NORMAL
..................................................................
TEMPERATURE (F)
 TODAY
  MAXIMUM         40   1157 AM  69    1931  45     -5       34
  MINIMUM         29    321 AM   8    1880  32     -3       21
  AVERAGE         35                        38     -3       28

PRECIPITATION (IN)
  TODAY            0.14          1.24 1891   0.10   0.04      T
  MONTH TO DATE    1.18                      2.15  -0.97     1.53
  SINCE SEP 1     10.44                      7.94   2.50     4.79
  SINCE JAN 1     31.66                     30.37   1.29    26.77

SNOWFALL (IN)
  TODAY            T             2.3  2005   0.1   MM        0.2
  MONTH TO DATE    0.1                       0.8   -0.7      6.2
  SINCE SEP 1      0.1                       0.9   -0.8      6.2
  SINCE JUL 1      0.1                       0.9   -0.8      6.2
  SNOW DEPTH       0

DEGREE DAYS
 HEATING
  TODAY           30                        26      4       37
  MONTH TO DATE  395                       507   -112      387
  SINCE SEP 1    722                      1008   -286      734
  SINCE JUL 1    722                      1018   -296      744

 COOLING
  TODAY            0                         0      0        0
  MONTH TO DATE    0                         0      0        0
  SINCE SEP 1    154                        92     62      171
  SINCE JAN 1   1177                       803    374      891
..................................................................


WIND (MPH)
  HIGHEST WIND SPEED    15   HIGHEST WIND DIRECTION    SE (140)
  HIGHEST GUST SPEED    18   HIGHEST GUST DIRECTION    SE (140)
  AVERAGE WIND SPEED     5.3


SKY COVER
  POSSIBLE SUNSHINE  MM
  AVERAGE SKY COVER 0.8


WEATHER CONDITIONS
 THE FOLLOWING WEATHER WAS RECORDED TODAY.
  LIGHT RAIN
  LIGHT SNOW
  SLEET
  FOG
  HAZE


RELATIVE HUMIDITY (PERCENT)
 HIGHEST    92           200 PM
 LOWEST     78          1200 AM
 AVERAGE    85

..........................................................


THE DETROIT MI CLIMATE NORMALS FOR TOMORROW
                         NORMAL    RECORD    YEAR
 MAXIMUM TEMPERATURE (F)   45        62      2001
                                             1973
 MINIMUM TEMPERATURE (F)   32         7      1950


SUNRISE AND SUNSET
NOVEMBER 23 2016......SUNRISE   734 AM EST   SUNSET   505 PM EST
NOVEMBER 24 2016......SUNRISE   735 AM EST   SUNSET   505 PM EST


-  INDICATES NEGATIVE NUMBERS.
R  INDICATES RECORD WAS SET OR TIED.
MM INDICATES DATA IS MISSING.
T  INDICATES TRACE AMOUNT.




$$
