000
CDUS43 KDTX 042040
CLIDTW


CLIMATE REPORT
NATIONAL WEATHER SERVICE DETROIT/PONTIAC MI
434 PM EDT SUN SEP 4 2016


...................................

...THE DETROIT MI CLIMATE SUMMARY FOR SEPTEMBER 4 2016...
VALID TODAY AS OF 0400 PM LOCAL TIME.

CLIMATE NORMAL PERIOD 1981 TO 2010
CLIMATE RECORD PERIOD 1874 TO 2016


WEATHER ITEM   OBSERVED TIME   RECORD YEAR NORMAL DEPARTURE LAST
                VALUE   (LST)  VALUE       VALUE  FROM      YEAR
                                                  NORMAL
..................................................................
TEMPERATURE (F)
 TODAY
  MAXIMUM         80    121 PM  92    1973  78      2       85
  MINIMUM         56    628 AM  40    1974  59     -3       69
  AVERAGE         68                        69     -1       77

PRECIPITATION (IN)
  TODAY            T             2.10 1918   0.11  -0.11     0.09
  MONTH TO DATE    T                         0.43  -0.43     0.51
  SINCE SEP 1      T                         0.43  -0.43     0.51
  SINCE JAN 1     21.22                     22.86  -1.64    22.49

SNOWFALL (IN)
  TODAY            0.0           0.0    MM   0.0    0.0      0.0
  MONTH TO DATE    0.0                       0.0    0.0      0.0
  SINCE SEP 1      0.0                       0.0    0.0      0.0
  SINCE JUL 1      0.0                       0.0    0.0      0.0
  SNOW DEPTH       0

DEGREE DAYS
 HEATING
  TODAY            0                         1     -1        0
  MONTH TO DATE    0                         4     -4        0
  SINCE SEP 1      0                         4     -4        0
  SINCE JUL 1      0                        14    -14       10

 COOLING
  TODAY            3                         5     -2       12
  MONTH TO DATE    8                        20    -12       55
  SINCE SEP 1      8                        20    -12       55
  SINCE JAN 1   1031                       731    300      775
..................................................................


WIND (MPH)
  HIGHEST WIND SPEED    10   HIGHEST WIND DIRECTION     S (160)
  HIGHEST GUST SPEED    13   HIGHEST GUST DIRECTION     S (170)
  AVERAGE WIND SPEED     1.8


SKY COVER
  POSSIBLE SUNSHINE  MM
  AVERAGE SKY COVER 0.2


WEATHER CONDITIONS
 THE FOLLOWING WEATHER WAS RECORDED TODAY.
  FOG
  HAZE


RELATIVE HUMIDITY (PERCENT)
 HIGHEST    93           300 AM
 LOWEST     48          1200 PM
 AVERAGE    71

..........................................................


THE DETROIT MI CLIMATE NORMALS FOR TOMORROW
                         NORMAL    RECORD    YEAR
 MAXIMUM TEMPERATURE (F)   78        99      1954
 MINIMUM TEMPERATURE (F)   59        42      1984
                                             1974


SUNRISE AND SUNSET
SEPTEMBER  4 2016.....SUNRISE   702 AM EDT   SUNSET   801 PM EDT
SEPTEMBER  5 2016.....SUNRISE   703 AM EDT   SUNSET   759 PM EDT


-  INDICATES NEGATIVE NUMBERS.
R  INDICATES RECORD WAS SET OR TIED.
MM INDICATES DATA IS MISSING.
T  INDICATES TRACE AMOUNT.




$$
