000
CDUS43 KDTX 100537
CLIDTW


CLIMATE REPORT
NATIONAL WEATHER SERVICE DETROIT/PONTIAC MI
1237 AM EST FRI NOV 10 2017


...................................

...THE DETROIT MI CLIMATE SUMMARY FOR NOVEMBER 9 2017...

CLIMATE NORMAL PERIOD 1981 TO 2010
CLIMATE RECORD PERIOD 1874 TO 2017


WEATHER ITEM   OBSERVED TIME   RECORD YEAR NORMAL DEPARTURE LAST
                VALUE   (LST)  VALUE       VALUE  FROM      YEAR
                                                  NORMAL
..................................................................
TEMPERATURE (F)
 YESTERDAY
  MAXIMUM         50    210 PM  75    1999  52     -2       54
  MINIMUM         27   1159 PM  18    1991  37    -10       39
  AVERAGE         39                        44     -5       47

PRECIPITATION (IN)
  YESTERDAY        T             1.38 1897   0.09  -0.09      T
  MONTH TO DATE    2.18                      0.81   1.37     1.01
  SINCE SEP 1      5.93                      6.60  -0.67    10.27
  SINCE JAN 1     31.23                     29.03   2.20    31.49

SNOWFALL (IN)
  YESTERDAY        T             5.3  1921   0.1   -0.1      0.0
  MONTH TO DATE    T                         0.2   -0.2      0.0
  SINCE SEP 1      T                         0.3   -0.3      0.0
  SINCE JUL 1      T                         0.3   -0.3      0.0
  SNOW DEPTH       0

DEGREE DAYS
 HEATING
  YESTERDAY       26                        21      5       18
  MONTH TO DATE  180                       174      6       92
  SINCE SEP 1    509                       675   -166      419
  SINCE JUL 1    513                       685   -172      419

 COOLING
  YESTERDAY        0                         0      0        0
  MONTH TO DATE    0                         0      0        0
  SINCE SEP 1    168                        92     76      154
  SINCE JAN 1    918                       803    115     1177
..................................................................


WIND (MPH)
  HIGHEST WIND SPEED    30   HIGHEST WIND DIRECTION     W (290)
  HIGHEST GUST SPEED    38   HIGHEST GUST DIRECTION     W (280)
  AVERAGE WIND SPEED    13.2


SKY COVER
  POSSIBLE SUNSHINE  MM
  AVERAGE SKY COVER 0.8


WEATHER CONDITIONS
 THE FOLLOWING WEATHER WAS RECORDED YESTERDAY.
  LIGHT SNOW


RELATIVE HUMIDITY (PERCENT)
 HIGHEST    85           300 AM
 LOWEST     47           700 PM
 AVERAGE    66

..........................................................


THE DETROIT MI CLIMATE NORMALS FOR TODAY
                         NORMAL    RECORD    YEAR
 MAXIMUM TEMPERATURE (F)   52        68      1999
 MINIMUM TEMPERATURE (F)   36        19      1913


SUNRISE AND SUNSET
NOVEMBER 10 2017......SUNRISE   718 AM EST   SUNSET   516 PM EST
NOVEMBER 11 2017......SUNRISE   719 AM EST   SUNSET   515 PM EST


-  INDICATES NEGATIVE NUMBERS.
R  INDICATES RECORD WAS SET OR TIED.
MM INDICATES DATA IS MISSING.
T  INDICATES TRACE AMOUNT.




$$
