000
CDUS43 KDTX 160541
CLIDTW


CLIMATE REPORT
NATIONAL WEATHER SERVICE DETROIT/PONTIAC MI
141 AM EDT SUN APR 16 2017


...................................

...THE DETROIT MI CLIMATE SUMMARY FOR APRIL 15 2017...

CLIMATE NORMAL PERIOD 1981 TO 2010
CLIMATE RECORD PERIOD 1874 TO 2017


WEATHER ITEM   OBSERVED TIME   RECORD YEAR NORMAL DEPARTURE LAST
                VALUE   (LST)  VALUE       VALUE  FROM      YEAR
                                                  NORMAL
..................................................................
TEMPERATURE (F)
 YESTERDAY
  MAXIMUM         83    400 PM  85    2003  59     24       68
                                      1976
  MINIMUM         49    608 AM  21    1935  39     10       35
  AVERAGE         66                        49     17       52

PRECIPITATION (IN)
  YESTERDAY        0.07          1.48 1919   0.10  -0.03     0.00
  MONTH TO DATE    1.92                      1.43   0.49     0.84
  SINCE MAR 1      6.18                      3.71   2.47     5.70
  SINCE JAN 1     10.91                      7.69   3.22     9.06

SNOWFALL (IN)
  YESTERDAY        0.0           2.6  2014   0.1   -0.1      0.0
  MONTH TO DATE    0.1                       1.3   -1.2      1.3
  SINCE MAR 1      7.0                       8.2   -1.2      8.7
  SINCE JUL 1     37.9                      42.1   -4.2     35.3
  SNOW DEPTH       0

DEGREE DAYS
 HEATING
  YESTERDAY        0                        16    -16       13
  MONTH TO DATE  195                       280    -85      383
  SINCE MAR 1   1060                      1142    -82     1053
  SINCE JUL 1   4798                      5695   -897     4818

 COOLING
  YESTERDAY        1                         0      1        0
  MONTH TO DATE    4                         0      4        0
  SINCE MAR 1      4                         0      4        0
  SINCE JAN 1      4                         0      4        0
..................................................................


WIND (MPH)
  HIGHEST WIND SPEED    32   HIGHEST WIND DIRECTION    SW (230)
  HIGHEST GUST SPEED    42   HIGHEST GUST DIRECTION    SW (230)
  AVERAGE WIND SPEED    13.8


SKY COVER
  POSSIBLE SUNSHINE  MM
  AVERAGE SKY COVER 0.7


WEATHER CONDITIONS
 THE FOLLOWING WEATHER WAS RECORDED YESTERDAY.
  RAIN
  LIGHT RAIN
  FOG
  HAZE


RELATIVE HUMIDITY (PERCENT)
 HIGHEST    89           800 AM
 LOWEST     36           600 PM
 AVERAGE    63

..........................................................


THE DETROIT MI CLIMATE NORMALS FOR TODAY
                         NORMAL    RECORD    YEAR
 MAXIMUM TEMPERATURE (F)   60        86      2002
 MINIMUM TEMPERATURE (F)   40        17      1875


SUNRISE AND SUNSET
APRIL 16 2017.........SUNRISE   651 AM EDT   SUNSET   816 PM EDT
APRIL 17 2017.........SUNRISE   649 AM EDT   SUNSET   817 PM EDT


-  INDICATES NEGATIVE NUMBERS.
R  INDICATES RECORD WAS SET OR TIED.
MM INDICATES DATA IS MISSING.
T  INDICATES TRACE AMOUNT.




$$
