000
CDUS43 KDTX 190535
CLIDTW


CLIMATE REPORT
NATIONAL WEATHER SERVICE DETROIT/PONTIAC MI
135 AM EDT FRI JUN 19 2015


...................................

...THE DETROIT MI CLIMATE SUMMARY FOR JUNE 18 2015...

CLIMATE NORMAL PERIOD 1981 TO 2010
CLIMATE RECORD PERIOD 1874 TO 2015


WEATHER ITEM   OBSERVED TIME   RECORD YEAR NORMAL DEPARTURE LAST
                VALUE   (LST)  VALUE       VALUE  FROM      YEAR
                                                  NORMAL
..................................................................
TEMPERATURE (F)
 YESTERDAY
  MAXIMUM         82    347 PM  99    1994  80      2       80
  MINIMUM         65    242 AM  47    1980  61      4       66
                                      1960
                                      1950
  AVERAGE         74                        70      4       73

PRECIPITATION (IN)
  YESTERDAY        0.01          1.77 2014   0.12  -0.11     1.77
  MONTH TO DATE    3.22                      2.19   1.03     2.85
  SINCE JUN 1      3.22                      2.19   1.03     2.85
  SINCE JAN 1     14.96                     14.73   0.23    17.52

SNOWFALL (IN)
  YESTERDAY        0.0           0.0    MM   0.0    0.0      0.0
  MONTH TO DATE    0.0                       0.0    0.0      0.0
  SINCE JUN 1      0.0                       0.0    0.0      0.0
  SINCE JUL 1     47.5                      42.5    5.0     94.9
  SNOW DEPTH       0

DEGREE DAYS
 HEATING
  YESTERDAY        0                         1     -1        0
  MONTH TO DATE   19                        30    -11        9
  SINCE JUN 1     19                        30    -11        9
  SINCE JUL 1   6617                      6132    485     7020

 COOLING
  YESTERDAY        9                         6      3        8
  MONTH TO DATE   84                        79      5       90
  SINCE JUN 1     84                        79      5       90
  SINCE JAN 1    188                       127     61      154
..................................................................


WIND (MPH)
  HIGHEST WIND SPEED    16   HIGHEST WIND DIRECTION     W (260)
  HIGHEST GUST SPEED    21   HIGHEST GUST DIRECTION     W (260)
  AVERAGE WIND SPEED     5.9


SKY COVER
  POSSIBLE SUNSHINE  MM
  AVERAGE SKY COVER 1.0


WEATHER CONDITIONS
 THE FOLLOWING WEATHER WAS RECORDED YESTERDAY.
  FOG
  HAZE


RELATIVE HUMIDITY (PERCENT)
 HIGHEST    93           100 AM
 LOWEST     62           200 PM
 AVERAGE    78

..........................................................


THE DETROIT MI CLIMATE NORMALS FOR TODAY
                         NORMAL    RECORD    YEAR
 MAXIMUM TEMPERATURE (F)   81        95      2012
                                             1995
                                             1933
 MINIMUM TEMPERATURE (F)   61        46      1926
                                             1914


SUNRISE AND SUNSET
JUNE 19 2015..........SUNRISE   557 AM EDT   SUNSET   913 PM EDT
JUNE 20 2015..........SUNRISE   557 AM EDT   SUNSET   913 PM EDT


-  INDICATES NEGATIVE NUMBERS.
R  INDICATES RECORD WAS SET OR TIED.
MM INDICATES DATA IS MISSING.
T  INDICATES TRACE AMOUNT.




$$
