000
CDUS43 KDTX 040555
CLIDTW


CLIMATE REPORT
NATIONAL WEATHER SERVICE DETROIT/PONTIAC MI
155 AM EDT SUN JUN 4 2017


...................................

...THE DETROIT MI CLIMATE SUMMARY FOR JUNE 3 2017...

CLIMATE NORMAL PERIOD 1981 TO 2010
CLIMATE RECORD PERIOD 1874 TO 2017


WEATHER ITEM   OBSERVED TIME   RECORD YEAR NORMAL DEPARTURE LAST
                VALUE   (LST)  VALUE       VALUE  FROM      YEAR
                                                  NORMAL
..................................................................
TEMPERATURE (F)
 YESTERDAY
  MAXIMUM         77    346 PM  96    1895  76      1       82
  MINIMUM         55    614 AM  39    1926  56     -1       58
  AVERAGE         66                        66      0       70

PRECIPITATION (IN)
  YESTERDAY        0.00          1.63 2006   0.12  -0.12     0.00
  MONTH TO DATE    0.00                      0.35  -0.35     0.04
  SINCE JUN 1      0.00                      0.35  -0.35     0.04
  SINCE JAN 1     16.93                     12.89   4.04    12.77

SNOWFALL (IN)
  YESTERDAY        0.0           0.0    MM   0.0    0.0      0.0
  MONTH TO DATE    0.0                       0.0    0.0      0.0
  SINCE JUN 1      0.0                       0.0    0.0      0.0
  SINCE JUL 1     37.9                      42.5   -4.6     35.3
  SNOW DEPTH       0

DEGREE DAYS
 HEATING
  YESTERDAY        0                         3     -3        0
  MONTH TO DATE    2                         9     -7        0
  SINCE JUN 1      2                         9     -7        0
  SINCE JUL 1   5148                      6111   -963     5181

 COOLING
  YESTERDAY        1                         3     -2        5
  MONTH TO DATE    4                         9     -5       17
  SINCE JUN 1      4                         9     -5       17
  SINCE JAN 1     50                        57     -7       95
..................................................................


WIND (MPH)
  HIGHEST WIND SPEED    13   HIGHEST WIND DIRECTION     S (170)
  HIGHEST GUST SPEED    16   HIGHEST GUST DIRECTION     S (170)
  AVERAGE WIND SPEED     4.6


SKY COVER
  POSSIBLE SUNSHINE  MM
  AVERAGE SKY COVER 0.7


WEATHER CONDITIONS
 THE FOLLOWING WEATHER WAS RECORDED YESTERDAY.
  NO SIGNIFICANT WEATHER WAS OBSERVED.


RELATIVE HUMIDITY (PERCENT)
 HIGHEST    72           300 AM
 LOWEST     38          1100 AM
 AVERAGE    55

..........................................................


THE DETROIT MI CLIMATE NORMALS FOR TODAY
                         NORMAL    RECORD    YEAR
 MAXIMUM TEMPERATURE (F)   76        95      1934
 MINIMUM TEMPERATURE (F)   56        39      1947


SUNRISE AND SUNSET
JUNE  4 2017..........SUNRISE   558 AM EDT   SUNSET   906 PM EDT
JUNE  5 2017..........SUNRISE   558 AM EDT   SUNSET   906 PM EDT


-  INDICATES NEGATIVE NUMBERS.
R  INDICATES RECORD WAS SET OR TIED.
MM INDICATES DATA IS MISSING.
T  INDICATES TRACE AMOUNT.




$$
