000
CDUS43 KDTX 052033
CLIDTW


CLIMATE REPORT
NATIONAL WEATHER SERVICE DETROIT/PONTIAC MI
432 PM EDT THU MAY 5 2016


...................................

...THE DETROIT MI CLIMATE SUMMARY FOR MAY 5 2016...
VALID TODAY AS OF 0400 PM LOCAL TIME.

CLIMATE NORMAL PERIOD 1981 TO 2010
CLIMATE RECORD PERIOD 1874 TO 2016


WEATHER ITEM   OBSERVED TIME   RECORD YEAR NORMAL DEPARTURE LAST
                VALUE   (LST)  VALUE       VALUE  FROM      YEAR
                                                  NORMAL
..................................................................
TEMPERATURE (F)
 TODAY
  MAXIMUM         67    258 PM  90    1895  67      0       64
  MINIMUM         44    601 AM  29    1891  46     -2       51
  AVERAGE         56                        56      0       58

PRECIPITATION (IN)
  TODAY            0.01          0.85 1991   0.10  -0.09     0.81
  MONTH TO DATE    0.65                      0.52   0.13     0.91
  SINCE MAR 1      7.82                      5.70   2.12     4.32
  SINCE JAN 1     11.18                      9.68   1.50     7.12

SNOWFALL (IN)
  TODAY            0.0           T    1954   0.0    0.0     0.0
  MONTH TO DATE    0.0                       0.0    0.0      0.0
  SINCE MAR 1      8.7                       8.6    0.1      2.8
  SINCE JUL 1     35.3                      42.5   -7.2     47.5
  SNOW DEPTH       0

DEGREE DAYS
 HEATING
  TODAY            9                         9      0        7
  MONTH TO DATE   59                        50      9       12
  SINCE MAR 1   1283                      1391   -108     1390
  SINCE JUL 1   5048                      5944   -896     6501

 COOLING
  TODAY            0                         0      0        0
  MONTH TO DATE    0                         0      0        6
  SINCE MAR 1      0                         6     -6        6
  SINCE JAN 1      0                         6     -6        6
..................................................................


WIND (MPH)
  HIGHEST WIND SPEED    21   HIGHEST WIND DIRECTION     N (350)
  HIGHEST GUST SPEED    29   HIGHEST GUST DIRECTION     N (340)
  AVERAGE WIND SPEED    12.0


SKY COVER
  POSSIBLE SUNSHINE  MM
  AVERAGE SKY COVER 0.7


WEATHER CONDITIONS
 THE FOLLOWING WEATHER WAS RECORDED TODAY.
  LIGHT RAIN
  FOG
  HAZE


RELATIVE HUMIDITY (PERCENT)
 HIGHEST    93          1200 AM
 LOWEST     37           200 PM
 AVERAGE    65

..........................................................


THE DETROIT MI CLIMATE NORMALS FOR TOMORROW
                         NORMAL    RECORD    YEAR
 MAXIMUM TEMPERATURE (F)   67        90      1949
 MINIMUM TEMPERATURE (F)   46        31      1974


SUNRISE AND SUNSET
MAY  5 2016...........SUNRISE   623 AM EDT   SUNSET   838 PM EDT
MAY  6 2016...........SUNRISE   622 AM EDT   SUNSET   839 PM EDT


-  INDICATES NEGATIVE NUMBERS.
R  INDICATES RECORD WAS SET OR TIED.
MM INDICATES DATA IS MISSING.
T  INDICATES TRACE AMOUNT.




$$
