000
CDUS43 KDTX 150547
CLIDTW


CLIMATE REPORT
NATIONAL WEATHER SERVICE DETROIT/PONTIAC MI
147 AM EDT MON SEP 15 2014


...................................

...THE DETROIT MI CLIMATE SUMMARY FOR SEPTEMBER 14 2014...

CLIMATE NORMAL PERIOD 1981 TO 2010
CLIMATE RECORD PERIOD 1874 TO 2014


WEATHER ITEM   OBSERVED TIME   RECORD YEAR NORMAL DEPARTURE LAST
                VALUE   (LST)  VALUE       VALUE  FROM      YEAR
                                                  NORMAL
..................................................................
TEMPERATURE (F)
 YESTERDAY
  MAXIMUM         64    255 PM  98    1939  75    -11       67
  MINIMUM         43    640 AM  37    1975  56    -13       42
  AVERAGE         54                        65    -11       55

PRECIPITATION (IN)
  YESTERDAY        0.02          1.58 1911   0.11  -0.09     0.00
  MONTH TO DATE    3.92                      1.54   2.38     0.25
  SINCE SEP 1      3.92                      1.54   2.38     0.25
  SINCE JAN 1     31.34                     23.97   7.37    31.23

SNOWFALL (IN)
  YESTERDAY        0.0           0.0    MM   0.0    0.0      0.0
  MONTH TO DATE    0.0                       0.0    0.0      0.0
  SINCE SEP 1      0.0                       0.0    0.0      0.0
  SINCE JUL 1      0.0                       0.0    0.0      0.0
  SNOW DEPTH       0

DEGREE DAYS
 HEATING
  YESTERDAY       11                         3      8       10
  MONTH TO DATE   35                        22     13       23
  SINCE SEP 1     35                        22     13       23
  SINCE JUL 1     48                        32     16       35

 COOLING
  YESTERDAY        0                         3     -3        0
  MONTH TO DATE   66                        56     10       65
  SINCE SEP 1     66                        56     10       65
  SINCE JAN 1    698                       767    -69      858
..................................................................


WIND (MPH)
  HIGHEST WIND SPEED    13   HIGHEST WIND DIRECTION    SW (240)
  HIGHEST GUST SPEED    17   HIGHEST GUST DIRECTION    SW (220)
  AVERAGE WIND SPEED     2.8


SKY COVER
  POSSIBLE SUNSHINE  MM
  AVERAGE SKY COVER 0.4


WEATHER CONDITIONS
 THE FOLLOWING WEATHER WAS RECORDED YESTERDAY.
  FOG
  HAZE


RELATIVE HUMIDITY (PERCENT)
 HIGHEST    96           400 AM
 LOWEST     44          1000 AM
 AVERAGE    70

..........................................................


THE DETROIT MI CLIMATE NORMALS FOR TODAY
                         NORMAL    RECORD    YEAR
 MAXIMUM TEMPERATURE (F)   75       100      1939
 MINIMUM TEMPERATURE (F)   55        41      1984


SUNRISE AND SUNSET
SEPTEMBER 15 2014.....SUNRISE   713 AM EDT   SUNSET   743 PM EDT
SEPTEMBER 16 2014.....SUNRISE   714 AM EDT   SUNSET   741 PM EDT


-  INDICATES NEGATIVE NUMBERS.
R  INDICATES RECORD WAS SET OR TIED.
MM INDICATES DATA IS MISSING.
T  INDICATES TRACE AMOUNT.




$$
