000
CDUS43 KDTX 230540
CLIDTW


CLIMATE REPORT
NATIONAL WEATHER SERVICE DETROIT/PONTIAC MI
138 AM EDT SAT JUL 23 2016


...................................

...THE DETROIT MI CLIMATE SUMMARY FOR JULY 22 2016...

CLIMATE NORMAL PERIOD 1981 TO 2010
CLIMATE RECORD PERIOD 1874 TO 2016


WEATHER ITEM   OBSERVED TIME   RECORD YEAR NORMAL DEPARTURE LAST
                VALUE   (LST)  VALUE       VALUE  FROM      YEAR
                                                  NORMAL
..................................................................
TEMPERATURE (F)
 YESTERDAY
  MAXIMUM         95    335 PM  96    1940  83     12       81
  MINIMUM         73    547 AM  49    1970  64      9       59
  AVERAGE         84                        74     10       70

PRECIPITATION (IN)
  YESTERDAY        0.00          1.73 1994   0.11  -0.11     0.00
  MONTH TO DATE    1.43                      2.32  -0.89     1.18
  SINCE JUN 1      2.73                      5.84  -3.11     6.50
  SINCE JAN 1     15.46                     18.38  -2.92    18.24

SNOWFALL (IN)
  YESTERDAY        0.0           0.0    MM   0.0    0.0      0.0
  MONTH TO DATE    0.0                       0.0    0.0      0.0
  SINCE JUN 1      0.0                       0.0    0.0      0.0
  SINCE JUL 1      0.0                       0.0    0.0      0.0
  SNOW DEPTH       0

DEGREE DAYS
 HEATING
  YESTERDAY        0                         0      0        0
  MONTH TO DATE    0                         0      0        3
  SINCE JUN 1     14                        35    -21       25
  SINCE JUL 1      0                         0      0        3

 COOLING
  YESTERDAY       19                         9     10        5
  MONTH TO DATE  240                       195     45      140
  SINCE JUN 1    443                       362     81      280
  SINCE JAN 1    521                       410    111      384
..................................................................


WIND (MPH)
  HIGHEST WIND SPEED    18   HIGHEST WIND DIRECTION     W (260)
  HIGHEST GUST SPEED    24   HIGHEST GUST DIRECTION    SW (230)
  AVERAGE WIND SPEED     9.3


SKY COVER
  POSSIBLE SUNSHINE  MM
  AVERAGE SKY COVER 0.6


WEATHER CONDITIONS
 THE FOLLOWING WEATHER WAS RECORDED YESTERDAY.
  FOG
  HAZE


RELATIVE HUMIDITY (PERCENT)
 HIGHEST    93           100 AM
 LOWEST     39           200 PM
 AVERAGE    66

..........................................................


THE DETROIT MI CLIMATE NORMALS FOR TODAY
                         NORMAL    RECORD    YEAR
 MAXIMUM TEMPERATURE (F)   83        98      2012
                                             1933
 MINIMUM TEMPERATURE (F)   64        50      1981


SUNRISE AND SUNSET
JULY 23 2016..........SUNRISE   618 AM EDT   SUNSET   901 PM EDT
JULY 24 2016..........SUNRISE   619 AM EDT   SUNSET   900 PM EDT


-  INDICATES NEGATIVE NUMBERS.
R  INDICATES RECORD WAS SET OR TIED.
MM INDICATES DATA IS MISSING.
T  INDICATES TRACE AMOUNT.




$$
