000
CDUS43 KDTX 260603
CLIDTW


CLIMATE REPORT
NATIONAL WEATHER SERVICE DETROIT/PONTIAC MI
203 AM EDT WED APR 26 2017


...................................

...THE DETROIT MI CLIMATE SUMMARY FOR APRIL 25 2017...

CLIMATE NORMAL PERIOD 1981 TO 2010
CLIMATE RECORD PERIOD 1874 TO 2017


WEATHER ITEM   OBSERVED TIME   RECORD YEAR NORMAL DEPARTURE LAST
                VALUE   (LST)  VALUE       VALUE  FROM      YEAR
                                                  NORMAL
..................................................................
TEMPERATURE (F)
 YESTERDAY
  MAXIMUM         71    522 PM  87    1994  63      8       73
                                      1990
                                      1915
  MINIMUM         51    554 AM  26    1892  43      8       46
  AVERAGE         61                        53      8       60

PRECIPITATION (IN)
  YESTERDAY        0.00          1.41 1961   0.10  -0.10     0.09
  MONTH TO DATE    2.91                      2.41   0.50     1.19
  SINCE MAR 1      7.17                      4.69   2.48     6.05
  SINCE JAN 1     11.90                      8.67   3.23     9.41

SNOWFALL (IN)
  YESTERDAY        0.0           0.4  1976   0.0    0.0      0.0
  MONTH TO DATE    0.1                       1.6   -1.5      1.3
  SINCE MAR 1      7.0                       8.5   -1.5      8.7
  SINCE JUL 1     37.9                      42.4   -4.5     35.3
  SNOW DEPTH       0

DEGREE DAYS
 HEATING
  YESTERDAY        4                        13     -9        5
  MONTH TO DATE  280                       422   -142      470
  SINCE MAR 1   1145                      1284   -139     1140
  SINCE JUL 1   4883                      5837   -954     4905

 COOLING
  YESTERDAY        0                         0      0        0
  MONTH TO DATE    5                         0      5        0
  SINCE MAR 1      5                         0      5        0
  SINCE JAN 1      5                         0      5        0
..................................................................


WIND (MPH)
  HIGHEST WIND SPEED    15   HIGHEST WIND DIRECTION     E (100)
  HIGHEST GUST SPEED    21   HIGHEST GUST DIRECTION     E (100)
  AVERAGE WIND SPEED     8.2


SKY COVER
  POSSIBLE SUNSHINE  MM
  AVERAGE SKY COVER 0.8


WEATHER CONDITIONS
 THE FOLLOWING WEATHER WAS RECORDED YESTERDAY.
  NO SIGNIFICANT WEATHER WAS OBSERVED.


RELATIVE HUMIDITY (PERCENT)
 HIGHEST    83          1100 PM
 LOWEST     57           400 PM
 AVERAGE    70

..........................................................


THE DETROIT MI CLIMATE NORMALS FOR TODAY
                         NORMAL    RECORD    YEAR
 MAXIMUM TEMPERATURE (F)   63        86      2009
                                             1915
 MINIMUM TEMPERATURE (F)   43        27      1926


SUNRISE AND SUNSET
APRIL 26 2017.........SUNRISE   635 AM EDT   SUNSET   827 PM EDT
APRIL 27 2017.........SUNRISE   634 AM EDT   SUNSET   829 PM EDT


-  INDICATES NEGATIVE NUMBERS.
R  INDICATES RECORD WAS SET OR TIED.
MM INDICATES DATA IS MISSING.
T  INDICATES TRACE AMOUNT.




$$
