000
CDUS43 KDTX 202044 CCA
CLIDTW

CLIMATE REPORT...CORRECTED
NATIONAL WEATHER SERVICE DETROIT/PONTIAC MI
435 PM EDT SAT JUN 20 2015


...................................

...THE DETROIT MI CLIMATE SUMMARY FOR JUNE 20 2015...
VALID TODAY AS OF 0400 PM LOCAL TIME.

CLIMATE NORMAL PERIOD 1981 TO 2010
CLIMATE RECORD PERIOD 1874 TO 2015

...CLIMATE REPORT CORRECTED FOR WIND...


WEATHER ITEM   OBSERVED TIME   RECORD YEAR NORMAL DEPARTURE LAST
                VALUE   (LST)  VALUE       VALUE  FROM      YEAR
                                                  NORMAL
..................................................................
TEMPERATURE (F)
 TODAY
  MAXIMUM         75    259 PM  97    1953  81     -6       70
  MINIMUM         56    344 AM  43    1970  61     -5       54
                                      1914
  AVERAGE         66                        71     -5       62

PRECIPITATION (IN)
  TODAY            T             1.96 1972   0.11  -0.11     0.09
  MONTH TO DATE    3.22                      2.41   0.81     3.18
  SINCE JUN 1      3.22                      2.41   0.81     3.18
  SINCE JAN 1     14.96                     14.95   0.01    17.85

SNOWFALL (IN)
  TODAY            0.0           0.0    MM   0.0    0.0      0.0
  MONTH TO DATE    0.0                       0.0    0.0      0.0
  SINCE JUN 1      0.0                       0.0    0.0      0.0
  SINCE JUL 1     47.5                      42.5    5.0     94.9
  SNOW DEPTH       0

DEGREE DAYS
 HEATING
  TODAY            0                         1     -1        3
  MONTH TO DATE   19                        32    -13       12
  SINCE JUN 1     19                        32    -13       12
  SINCE JUL 1   6617                      6134    483     7023

 COOLING
  TODAY            1                         7     -6        0
  MONTH TO DATE   87                        92     -5       95
  SINCE JUN 1     87                        92     -5       95
  SINCE JAN 1    191                       140     51      159
..................................................................


WIND (MPH)
  HIGHEST WIND SPEED    10   HIGHEST WIND DIRECTION    NE (045)
  HIGHEST GUST SPEED    14   HIGHEST GUST DIRECTION     E (085)
  AVERAGE WIND SPEED     5.2


SKY COVER
  POSSIBLE SUNSHINE  MM
  AVERAGE SKY COVER 0.8


WEATHER CONDITIONS
 THE FOLLOWING WEATHER WAS RECORDED TODAY.
  LIGHT RAIN
  FOG


RELATIVE HUMIDITY (PERCENT)
 HIGHEST    84           100 PM
 LOWEST     62          1200 AM
 AVERAGE    73

..........................................................


THE DETROIT MI CLIMATE NORMALS FOR TOMORROW
                         NORMAL    RECORD    YEAR
 MAXIMUM TEMPERATURE (F)   81        96      1933
 MINIMUM TEMPERATURE (F)   61        42      1992


SUNRISE AND SUNSET
JUNE 20 2015..........SUNRISE   557 AM EDT   SUNSET   913 PM EDT
JUNE 21 2015..........SUNRISE   557 AM EDT   SUNSET   913 PM EDT


-  INDICATES NEGATIVE NUMBERS.
R  INDICATES RECORD WAS SET OR TIED.
MM INDICATES DATA IS MISSING.
T  INDICATES TRACE AMOUNT.




$$
