000
CDUS43 KDTX 072030
CLIDTW


CLIMATE REPORT
NATIONAL WEATHER SERVICE DETROIT/PONTIAC MI
430 PM EDT SAT MAY 7 2016


...................................

...THE DETROIT MI CLIMATE SUMMARY FOR MAY 7 2016...
VALID TODAY AS OF 0400 PM LOCAL TIME.

CLIMATE NORMAL PERIOD 1981 TO 2010
CLIMATE RECORD PERIOD 1874 TO 2016


WEATHER ITEM   OBSERVED TIME   RECORD YEAR NORMAL DEPARTURE LAST
                VALUE   (LST)  VALUE       VALUE  FROM      YEAR
                                                  NORMAL
..................................................................
TEMPERATURE (F)
 TODAY
  MAXIMUM         75    154 PM  86    2000  67      8       82
                                      1936
  MINIMUM         52    408 AM  27    1974  46      6       54
  AVERAGE         64                        57      7       68

PRECIPITATION (IN)
  TODAY            0.00          0.97 1948   0.10  -0.10     0.00
  MONTH TO DATE    0.65                      0.72  -0.07     1.36
  SINCE MAR 1      7.82                      5.90   1.92     4.77
  SINCE JAN 1     11.18                      9.88   1.30     7.57

SNOWFALL (IN)
  TODAY            0.0           T    1947   0.0    0.0      0.0
  MONTH TO DATE    0.0                       0.0    0.0      0.0
  SINCE MAR 1      8.7                       8.6    0.1      2.8
  SINCE JUL 1     35.3                      42.5   -7.2     47.5
  SNOW DEPTH       0

DEGREE DAYS
 HEATING
  TODAY            1                         9     -8        0
  MONTH TO DATE   65                        68     -3       15
  SINCE MAR 1   1289                      1409   -120     1393
  SINCE JUL 1   5054                      5962   -908     6504

 COOLING
  TODAY            0                         1     -1        3
  MONTH TO DATE    0                         2     -2        9
  SINCE MAR 1      0                         8     -8        9
  SINCE JAN 1      0                         8     -8        9
..................................................................


WIND (MPH)
  HIGHEST WIND SPEED    16   HIGHEST WIND DIRECTION    NW (310)
  HIGHEST GUST SPEED    21   HIGHEST GUST DIRECTION    NW (310)
  AVERAGE WIND SPEED     5.6


SKY COVER
  POSSIBLE SUNSHINE  MM
  AVERAGE SKY COVER 0.6


WEATHER CONDITIONS
 THE FOLLOWING WEATHER WAS RECORDED TODAY.
  NO SIGNIFICANT WEATHER WAS OBSERVED.


RELATIVE HUMIDITY (PERCENT)
 HIGHEST    77           400 AM
 LOWEST     46           200 PM
 AVERAGE    62

..........................................................


THE DETROIT MI CLIMATE NORMALS FOR TOMORROW
                         NORMAL    RECORD    YEAR
 MAXIMUM TEMPERATURE (F)   67        87      2015
                                             2014
 MINIMUM TEMPERATURE (F)   47        30      1976


SUNRISE AND SUNSET
MAY  7 2016...........SUNRISE   621 AM EDT   SUNSET   840 PM EDT
MAY  8 2016...........SUNRISE   619 AM EDT   SUNSET   841 PM EDT


-  INDICATES NEGATIVE NUMBERS.
R  INDICATES RECORD WAS SET OR TIED.
MM INDICATES DATA IS MISSING.
T  INDICATES TRACE AMOUNT.




$$
