948
CDUS43 KDTX 250543
CLIDTW


CLIMATE REPORT
NATIONAL WEATHER SERVICE DETROIT/PONTIAC MI
1243 AM EST MON JAN 25 2016


...................................

...THE DETROIT MI CLIMATE SUMMARY FOR JANUARY 24 2016...

CLIMATE NORMAL PERIOD 1981 TO 2010
CLIMATE RECORD PERIOD 1874 TO 2016


WEATHER ITEM   OBSERVED TIME   RECORD YEAR NORMAL DEPARTURE LAST
                VALUE   (LST)  VALUE       VALUE  FROM      YEAR
                                                  NORMAL
..................................................................
TEMPERATURE (F)
 YESTERDAY
  MAXIMUM         36    300 PM  61    1909  32      4       36
  MINIMUM         18    821 AM -13    1963  19     -1       24
  AVERAGE         27                        25      2       30

PRECIPITATION (IN)
  YESTERDAY        0.00          0.49 1918   0.06  -0.06      T
  MONTH TO DATE    1.18                      1.55  -0.37     1.40
  SINCE DEC 1      4.19                      4.01   0.18     2.81
  SINCE JAN 1      1.18                      1.55  -0.37     1.40

SNOWFALL (IN)
  YESTERDAY        0.0           3.6  1918   0.4   -0.4       T
  MONTH TO DATE    8.2                       9.8   -1.6     13.3
  SINCE DEC 1      9.5                      19.4   -9.9     13.4
  SINCE JUL 1     15.7                      21.0   -5.3     17.4
  SNOW DEPTH       T

DEGREE DAYS
 HEATING
  YESTERDAY       38                        40     -2       35
  MONTH TO DATE  936                       950    -14     1053
  SINCE DEC 1   1668                      2032   -364     2020
  SINCE JUL 1   2588                      3247   -659     3397

 COOLING
  YESTERDAY        0                         0      0        0
  MONTH TO DATE    0                         0      0        0
  SINCE DEC 1      0                         0      0        0
  SINCE JAN 1      0                         0      0        0
..................................................................


WIND (MPH)
  HIGHEST WIND SPEED    21   HIGHEST WIND DIRECTION     S (200)
  HIGHEST GUST SPEED    24   HIGHEST GUST DIRECTION     S (200)
  AVERAGE WIND SPEED    10.1


SKY COVER
  POSSIBLE SUNSHINE  MM
  AVERAGE SKY COVER 0.7


WEATHER CONDITIONS
 THE FOLLOWING WEATHER WAS RECORDED YESTERDAY.
  NO SIGNIFICANT WEATHER WAS OBSERVED.


RELATIVE HUMIDITY (PERCENT)
 HIGHEST    92           500 AM
 LOWEST     52           200 PM
 AVERAGE    72

..........................................................


THE DETROIT MI CLIMATE NORMALS FOR TODAY
                         NORMAL    RECORD    YEAR
 MAXIMUM TEMPERATURE (F)   32        67      1950
 MINIMUM TEMPERATURE (F)   19       -16      1897


SUNRISE AND SUNSET
JANUARY 25 2016.......SUNRISE   753 AM EST   SUNSET   538 PM EST
JANUARY 26 2016.......SUNRISE   753 AM EST   SUNSET   539 PM EST


-  INDICATES NEGATIVE NUMBERS.
R  INDICATES RECORD WAS SET OR TIED.
MM INDICATES DATA IS MISSING.
T  INDICATES TRACE AMOUNT.




$$
