000
CDUS43 KDTX 240536
CLIDTW


CLIMATE REPORT
NATIONAL WEATHER SERVICE DETROIT/PONTIAC MI
136 AM EDT MON MAR 24 2014


...................................

...THE DETROIT MI CLIMATE SUMMARY FOR MARCH 23 2014...

CLIMATE NORMAL PERIOD 1981 TO 2010
CLIMATE RECORD PERIOD 1874 TO 2014


WEATHER ITEM   OBSERVED TIME   RECORD YEAR NORMAL DEPARTURE LAST
                VALUE   (LST)  VALUE       VALUE  FROM      YEAR
                                                  NORMAL
..................................................................
TEMPERATURE (F)
 YESTERDAY
  MAXIMUM         29    431 PM  73    2012  49    -20       41
                                      1994
                                      1988
  MINIMUM         17    739 AM   2    1888  31    -14       23
  AVERAGE         23                        40    -17       32

PRECIPITATION (IN)
  YESTERDAY        0.00          0.91 1938   0.08  -0.08     0.00
  MONTH TO DATE    1.40                      1.64  -0.24     0.65
  SINCE MAR 1      1.40                      1.64  -0.24     0.65
  SINCE JAN 1      7.14                      5.62   1.52     6.93

SNOWFALL (IN)
  YESTERDAY        0.0           5.3  1956   0.2   -0.2      0.0
  MONTH TO DATE   11.5                       5.7    5.8      2.7
  SINCE MAR 1     11.5                       5.7    5.8      2.7
  SINCE JUL 1     90.7                      39.6   51.1     47.2
  SNOW DEPTH       T

DEGREE DAYS
 HEATING
  YESTERDAY       42                        25     17       33
  MONTH TO DATE  875                       676    199      744
  SINCE MAR 1    875                       676    199      744
  SINCE JUL 1   6125                      5229    896     5029

 COOLING
  YESTERDAY        0                         0      0        0
  MONTH TO DATE    0                         0      0        0
  SINCE MAR 1      0                         0      0        0
  SINCE JAN 1      0                         0      0        0
..................................................................


WIND (MPH)
  HIGHEST WIND SPEED    18   HIGHEST WIND DIRECTION     N (350)
  HIGHEST GUST SPEED    24   HIGHEST GUST DIRECTION     W (280)
  AVERAGE WIND SPEED     9.9


SKY COVER
  POSSIBLE SUNSHINE  MM
  AVERAGE SKY COVER 0.6


WEATHER CONDITIONS
 THE FOLLOWING WEATHER WAS RECORDED YESTERDAY.
  NO SIGNIFICANT WEATHER WAS OBSERVED.


RELATIVE HUMIDITY (PERCENT)
 HIGHEST    60           100 AM
 LOWEST     39           400 PM
 AVERAGE    50

..........................................................


THE DETROIT MI CLIMATE NORMALS FOR TODAY
                         NORMAL    RECORD    YEAR
 MAXIMUM TEMPERATURE (F)   49        81      1910
 MINIMUM TEMPERATURE (F)   31         2      1888


SUNRISE AND SUNSET
MARCH 24 2014.........SUNRISE   730 AM EDT   SUNSET   750 PM EDT
MARCH 25 2014.........SUNRISE   728 AM EDT   SUNSET   751 PM EDT


-  INDICATES NEGATIVE NUMBERS.
R  INDICATES RECORD WAS SET OR TIED.
MM INDICATES DATA IS MISSING.
T  INDICATES TRACE AMOUNT.




$$
