000
CDUS43 KDTX 200538
CLIDTW


CLIMATE REPORT
NATIONAL WEATHER SERVICE DETROIT/PONTIAC MI
138 AM EDT SAT SEP 20 2014


...................................

...THE DETROIT MI CLIMATE SUMMARY FOR SEPTEMBER 19 2014...

CLIMATE NORMAL PERIOD 1981 TO 2010
CLIMATE RECORD PERIOD 1874 TO 2014


WEATHER ITEM   OBSERVED TIME   RECORD YEAR NORMAL DEPARTURE LAST
                VALUE   (LST)  VALUE       VALUE  FROM      YEAR
                                                  NORMAL
..................................................................
TEMPERATURE (F)
 YESTERDAY
  MAXIMUM         66    234 PM  93    1955  73     -7       78
  MINIMUM         43    645 AM  38    1982  53    -10       60
  AVERAGE         55                        63     -8       69

PRECIPITATION (IN)
  YESTERDAY        0.00          1.81 2011   0.12  -0.12      T
  MONTH TO DATE    3.91                      2.12   1.79     0.27
  SINCE SEP 1      3.91                      2.12   1.79     0.27
  SINCE JAN 1     31.33                     24.55   6.78    31.25

SNOWFALL (IN)
  YESTERDAY        0.0           0.0    MM   0.0    0.0      0.0
  MONTH TO DATE    0.0                       0.0    0.0      0.0
  SINCE SEP 1      0.0                       0.0    0.0      0.0
  SINCE JUL 1      0.0                       0.0    0.0      0.0
  SNOW DEPTH       0

DEGREE DAYS
 HEATING
  YESTERDAY       10                         4      6        0
  MONTH TO DATE   77                        39     38       54
  SINCE SEP 1     77                        39     38       54
  SINCE JUL 1     90                        49     41       66

 COOLING
  YESTERDAY        0                         2     -2        4
  MONTH TO DATE   66                        68     -2       69
  SINCE SEP 1     66                        68     -2       69
  SINCE JAN 1    698                       779    -81      862
..................................................................


WIND (MPH)
  HIGHEST WIND SPEED    12   HIGHEST WIND DIRECTION     S (160)
  HIGHEST GUST SPEED    16   HIGHEST GUST DIRECTION     E (100)
  AVERAGE WIND SPEED     3.5


SKY COVER
  POSSIBLE SUNSHINE  MM
  AVERAGE SKY COVER 0.5


WEATHER CONDITIONS
 THE FOLLOWING WEATHER WAS RECORDED YESTERDAY.
  FOG
  HAZE


RELATIVE HUMIDITY (PERCENT)
 HIGHEST    92           300 AM
 LOWEST     40           400 PM
 AVERAGE    66

..........................................................


THE DETROIT MI CLIMATE NORMALS FOR TODAY
                         NORMAL    RECORD    YEAR
 MAXIMUM TEMPERATURE (F)   72        92      1895
 MINIMUM TEMPERATURE (F)   53        36      1956


SUNRISE AND SUNSET
SEPTEMBER 20 2014.....SUNRISE   719 AM EDT   SUNSET   734 PM EDT
SEPTEMBER 21 2014.....SUNRISE   720 AM EDT   SUNSET   732 PM EDT


-  INDICATES NEGATIVE NUMBERS.
R  INDICATES RECORD WAS SET OR TIED.
MM INDICATES DATA IS MISSING.
T  INDICATES TRACE AMOUNT.




$$
