000
CDUS43 KDTX 010536
CLIDTW


CLIMATE REPORT
NATIONAL WEATHER SERVICE DETROIT/PONTIAC MI
136 AM EDT WED JUL 1 2015


...................................

...THE DETROIT MI CLIMATE SUMMARY FOR JUNE 30 2015...

CLIMATE NORMAL PERIOD 1981 TO 2010
CLIMATE RECORD PERIOD 1874 TO 2015


WEATHER ITEM   OBSERVED TIME   RECORD YEAR NORMAL DEPARTURE LAST
                VALUE   (LST)  VALUE       VALUE  FROM      YEAR
                                                  NORMAL
..................................................................
TEMPERATURE (F)
 YESTERDAY
  MAXIMUM         77    421 PM  96    1931  83     -6       87
  MINIMUM         63    259 AM  47    1943  63      0       72
  AVERAGE         70                        73     -3       80

PRECIPITATION (IN)
  YESTERDAY        0.04          1.08 1902   0.11  -0.07     0.00
  MONTH TO DATE    5.32                      3.52   1.80     4.00
  SINCE JUN 1      5.32                      3.52   1.80     4.00
  SINCE JAN 1     17.06                     16.06   1.00    18.67

SNOWFALL (IN)
  YESTERDAY        0.0           0.0    MM   0.0    0.0      0.0
  MONTH TO DATE    0.0                       0.0    0.0      0.0
  SINCE JUN 1      0.0                       0.0    0.0      0.0
  SINCE JUL 1     47.5                      42.5    5.0     94.9
  SNOW DEPTH       0

DEGREE DAYS
 HEATING
  YESTERDAY        0                         0      0        0
  MONTH TO DATE   22                        34    -12       12
  SINCE JUN 1     22                        35    -13       12
  SINCE JUL 1   6620                      6137    483     7023

 COOLING
  YESTERDAY        5                         8     -3       15
  MONTH TO DATE  140                       167    -27      185
  SINCE JUN 1    140                       167    -27      185
  SINCE JAN 1    244                       215     29      249
..................................................................


WIND (MPH)
  HIGHEST WIND SPEED    14   HIGHEST WIND DIRECTION     S (200)
  HIGHEST GUST SPEED    16   HIGHEST GUST DIRECTION     S (200)
  AVERAGE WIND SPEED     4.2


SKY COVER
  POSSIBLE SUNSHINE  MM
  AVERAGE SKY COVER 0.9


WEATHER CONDITIONS
 THE FOLLOWING WEATHER WAS RECORDED YESTERDAY.
  THUNDERSTORM
  LIGHT RAIN
  FOG
  HAZE


RELATIVE HUMIDITY (PERCENT)
 HIGHEST    93           200 AM
 LOWEST     56           400 PM
 AVERAGE    75

..........................................................


THE DETROIT MI CLIMATE NORMALS FOR TODAY
                         NORMAL    RECORD    YEAR
 MAXIMUM TEMPERATURE (F)   83        98      1931
 MINIMUM TEMPERATURE (F)   63        47      1965


SUNRISE AND SUNSET
JULY  1 2015..........SUNRISE   601 AM EDT   SUNSET   914 PM EDT
JULY  2 2015..........SUNRISE   601 AM EDT   SUNSET   913 PM EDT


-  INDICATES NEGATIVE NUMBERS.
R  INDICATES RECORD WAS SET OR TIED.
MM INDICATES DATA IS MISSING.
T  INDICATES TRACE AMOUNT.




$$
