000
CDUS43 KDTX 240536
CLIDTW


CLIMATE REPORT
NATIONAL WEATHER SERVICE DETROIT/PONTIAC MI
136 AM EDT THU APR 24 2014


...................................

...THE DETROIT MI CLIMATE SUMMARY FOR APRIL 23 2014...

CLIMATE NORMAL PERIOD 1981 TO 2010
CLIMATE RECORD PERIOD 1874 TO 2014


WEATHER ITEM   OBSERVED TIME   RECORD YEAR NORMAL DEPARTURE LAST
                VALUE   (LST)  VALUE       VALUE  FROM      YEAR
                                                  NORMAL
..................................................................
TEMPERATURE (F)
 YESTERDAY
  MAXIMUM         57    527 PM  88    1925  62     -5       72
  MINIMUM         38    749 AM  23    1986  42     -4       43
  AVERAGE         48                        52     -4       58

PRECIPITATION (IN)
  YESTERDAY        0.00          0.96 1977   0.10  -0.10     0.32
  MONTH TO DATE    1.24                      2.22  -0.98     4.53
  SINCE MAR 1      2.73                      4.50  -1.77     5.27
  SINCE JAN 1      8.47                      8.48  -0.01    11.55

SNOWFALL (IN)
  YESTERDAY        0.0           1.2  2005   0.0    0.0      0.0
                                      1967
  MONTH TO DATE    3.2                       1.6    1.6      0.1
  SINCE MAR 1     15.7                       8.5    7.2      3.2
  SINCE JUL 1     94.9                      42.4   52.5     47.7
  SNOW DEPTH       0

DEGREE DAYS
 HEATING
  YESTERDAY       17                        13      4        7
  MONTH TO DATE  380                       396    -16      459
  SINCE MAR 1   1499                      1258    241     1392
  SINCE JUL 1   6749                      5811    938     5677

 COOLING
  YESTERDAY        0                         0      0        0
  MONTH TO DATE    0                         0      0        0
  SINCE MAR 1      0                         0      0        0
  SINCE JAN 1      0                         0      0        0
..................................................................


WIND (MPH)
  HIGHEST WIND SPEED    18   HIGHEST WIND DIRECTION    NW (320)
  HIGHEST GUST SPEED    23   HIGHEST GUST DIRECTION    NW (310)
  AVERAGE WIND SPEED     9.1


SKY COVER
  POSSIBLE SUNSHINE  MM
  AVERAGE SKY COVER 0.7


WEATHER CONDITIONS
 THE FOLLOWING WEATHER WAS RECORDED YESTERDAY.
  NO SIGNIFICANT WEATHER WAS OBSERVED.


RELATIVE HUMIDITY (PERCENT)
 HIGHEST    70           600 AM
 LOWEST     24           500 PM
 AVERAGE    47

..........................................................


THE DETROIT MI CLIMATE NORMALS FOR TODAY
                         NORMAL    RECORD    YEAR
 MAXIMUM TEMPERATURE (F)   63        86      2009
                                             1960
                                             1925
 MINIMUM TEMPERATURE (F)   42        27      1892
                                             1883
                                             1875


SUNRISE AND SUNSET
APRIL 24 2014.........SUNRISE   639 AM EDT   SUNSET   825 PM EDT
APRIL 25 2014.........SUNRISE   637 AM EDT   SUNSET   826 PM EDT


-  INDICATES NEGATIVE NUMBERS.
R  INDICATES RECORD WAS SET OR TIED.
MM INDICATES DATA IS MISSING.
T  INDICATES TRACE AMOUNT.




$$
