000
CDUS43 KDTX 240537
CLIDTW


CLIMATE REPORT
NATIONAL WEATHER SERVICE DETROIT/PONTIAC MI
1237 AM EST SAT FEB 24 2018


...................................

...THE DETROIT MI CLIMATE SUMMARY FOR FEBRUARY 23 2018...

CLIMATE NORMAL PERIOD 1981 TO 2010
CLIMATE RECORD PERIOD 1874 TO 2018


WEATHER ITEM   OBSERVED TIME   RECORD YEAR NORMAL DEPARTURE LAST
                VALUE   (LST)  VALUE       VALUE  FROM      YEAR
                                                  NORMAL
..................................................................
TEMPERATURE (F)
 YESTERDAY
  MAXIMUM         50    408 PM  68    2017  37     13       68
  MINIMUM         35    528 AM  -8    1889  22     13       42
  AVERAGE         43                        30     13       55

PRECIPITATION (IN)
  YESTERDAY        0.20          1.47 1985   0.08   0.12      T
  MONTH TO DATE    4.17                      1.63   2.54     1.42
  SINCE DEC 1      7.01                      6.05   0.96     6.41
  SINCE JAN 1      5.53                      3.59   1.94     4.25

SNOWFALL (IN)
  YESTERDAY        0.0           2.5  1962   0.4   -0.4      0.0
  MONTH TO DATE   21.0                       8.5   12.5      2.1
  SINCE DEC 1     52.7                      30.6   22.1     30.7
  SINCE JUL 1     52.7                      32.2   20.5     30.8
  SNOW DEPTH       0

DEGREE DAYS
 HEATING
  YESTERDAY       22                        35    -13       10
  MONTH TO DATE  841                       861    -20      646
  SINCE DEC 1   3268                      3166    102     2765
  SINCE JUL 1   4331                      4381    -50     3633

 COOLING
  YESTERDAY        0                         0      0        0
  MONTH TO DATE    0                         0      0        0
  SINCE DEC 1      0                         0      0        0
  SINCE JAN 1      0                         0      0        0
..................................................................


WIND (MPH)
  HIGHEST WIND SPEED    17   HIGHEST WIND DIRECTION     W (270)
  HIGHEST GUST SPEED    26   HIGHEST GUST DIRECTION     W (260)
  AVERAGE WIND SPEED     9.9


SKY COVER
  POSSIBLE SUNSHINE  MM
  AVERAGE SKY COVER 1.0


WEATHER CONDITIONS
 THE FOLLOWING WEATHER WAS RECORDED YESTERDAY.
  HEAVY RAIN
  RAIN
  LIGHT RAIN
  FOG


RELATIVE HUMIDITY (PERCENT)
 HIGHEST   100           900 AM
 LOWEST     76           900 PM
 AVERAGE    88

..........................................................


THE DETROIT MI CLIMATE NORMALS FOR TODAY
                         NORMAL    RECORD    YEAR
 MAXIMUM TEMPERATURE (F)   38        70      2017
 MINIMUM TEMPERATURE (F)   23       -11      1894


SUNRISE AND SUNSET
FEBRUARY 24 2018......SUNRISE   716 AM EST   SUNSET   617 PM EST
FEBRUARY 25 2018......SUNRISE   715 AM EST   SUNSET   618 PM EST


-  INDICATES NEGATIVE NUMBERS.
R  INDICATES RECORD WAS SET OR TIED.
MM INDICATES DATA IS MISSING.
T  INDICATES TRACE AMOUNT.




$$
