000
CDUS43 KDTX 272107
CLIDTW


CLIMATE REPORT
NATIONAL WEATHER SERVICE DETROIT/PONTIAC MI
447 PM EDT WED JUL 27 2016


...................................

...THE DETROIT MI CLIMATE SUMMARY FOR JULY 27 2016...
VALID TODAY AS OF 0400 PM LOCAL TIME.

CLIMATE NORMAL PERIOD 1981 TO 2010
CLIMATE RECORD PERIOD 1874 TO 2016


WEATHER ITEM   OBSERVED TIME   RECORD YEAR NORMAL DEPARTURE LAST
                VALUE   (LST)  VALUE       VALUE  FROM      YEAR
                                                  NORMAL
..................................................................
TEMPERATURE (F)
 TODAY
  MAXIMUM         92    255 PM 100    1955  83      9       89
                                      1941
  MINIMUM         67    520 AM  48    1971  64      3       66
  AVERAGE         80                        74      6       78

PRECIPITATION (IN)
  TODAY            0.00          2.62 1896   0.11  -0.11     0.00
  MONTH TO DATE    1.55                      2.90  -1.35     1.41
  SINCE JUN 1      2.85                      6.42  -3.57     6.73
  SINCE JAN 1     15.58                     18.96  -3.38    18.47

SNOWFALL (IN)
  TODAY            0.0           0.0    MM   0.0    0.0      0.0
  MONTH TO DATE    0.0                       0.0    0.0      0.0
  SINCE JUN 1      0.0                       0.0    0.0      0.0
  SINCE JUL 1      0.0                       0.0    0.0      0.0
  SNOW DEPTH       0

DEGREE DAYS
 HEATING
  TODAY            0                         0      0        0
  MONTH TO DATE    0                         0      0        3
  SINCE JUN 1     14                        35    -21       25
  SINCE JUL 1      0                         0      0        3

 COOLING
  TODAY           15                         9      6       13
  MONTH TO DATE  322                       240     82      201
  SINCE JUN 1    525                       407    118      341
  SINCE JAN 1    603                       455    148      445
..................................................................


WIND (MPH)
  HIGHEST WIND SPEED    13   HIGHEST WIND DIRECTION     W (260)
  HIGHEST GUST SPEED    16   HIGHEST GUST DIRECTION    SW (230)
  AVERAGE WIND SPEED     4.2


SKY COVER
  POSSIBLE SUNSHINE  MM
  AVERAGE SKY COVER 0.3


WEATHER CONDITIONS
 THE FOLLOWING WEATHER WAS RECORDED TODAY.
  NO SIGNIFICANT WEATHER WAS OBSERVED.


RELATIVE HUMIDITY (PERCENT)
 HIGHEST    78           600 AM
 LOWEST     36           300 PM
 AVERAGE    57

..........................................................


THE DETROIT MI CLIMATE NORMALS FOR TOMORROW
                         NORMAL    RECORD    YEAR
 MAXIMUM TEMPERATURE (F)   83       100      1930
 MINIMUM TEMPERATURE (F)   64        48      1978


SUNRISE AND SUNSET
JULY 27 2016..........SUNRISE   622 AM EDT   SUNSET   857 PM EDT
JULY 28 2016..........SUNRISE   623 AM EDT   SUNSET   856 PM EDT


-  INDICATES NEGATIVE NUMBERS.
R  INDICATES RECORD WAS SET OR TIED.
MM INDICATES DATA IS MISSING.
T  INDICATES TRACE AMOUNT.




$$
