000
CDUS43 KDTX 292031
CLIDTW


CLIMATE REPORT
NATIONAL WEATHER SERVICE DETROIT/PONTIAC MI
431 PM EDT SAT AUG 29 2015


...................................

...THE DETROIT MI CLIMATE SUMMARY FOR AUGUST 29 2015...
VALID TODAY AS OF 0400 PM LOCAL TIME.

CLIMATE NORMAL PERIOD 1981 TO 2010
CLIMATE RECORD PERIOD 1874 TO 2015


WEATHER ITEM   OBSERVED TIME   RECORD YEAR NORMAL DEPARTURE LAST
                VALUE   (LST)  VALUE       VALUE  FROM      YEAR
                                                  NORMAL
..................................................................
TEMPERATURE (F)
 TODAY
  MAXIMUM         78   1214 PM  96    1953  80     -2       76
  MINIMUM         64    643 AM  38    1982  61      3       59
  AVERAGE         71                        70      1       68

PRECIPITATION (IN)
  TODAY            T             1.73 1975   0.10  -0.10     0.00
  MONTH TO DATE    2.98                      2.81   0.17     6.28
  SINCE JUN 1     10.06                      9.70   0.36    12.71
  SINCE JAN 1     21.80                     22.24  -0.44    27.38

SNOWFALL (IN)
  TODAY            0.0           0.0    MM   0.0    0.0      0.0
  MONTH TO DATE    0.0                       0.0    0.0      0.0
  SINCE JUN 1      0.0                       0.0    0.0      0.0
  SINCE JUL 1      0.0                       0.0    0.0      0.0
  SNOW DEPTH       0

DEGREE DAYS
 HEATING
  TODAY            0                         1     -1        0
  MONTH TO DATE    7                         1      6        5
  SINCE JUN 1     32                        38     -6       25
  SINCE JUL 1     10                         3      7       13

 COOLING
  TODAY            6                         6      0        3
  MONTH TO DATE  199                       213    -14      193
  SINCE JUN 1    593                       651    -58      545
  SINCE JAN 1    697                       699     -2      609
..................................................................


WIND (MPH)
  HIGHEST WIND SPEED    10   HIGHEST WIND DIRECTION    SE (140)
  HIGHEST GUST SPEED    14   HIGHEST GUST DIRECTION    SE (150)
  AVERAGE WIND SPEED     2.9


SKY COVER
  POSSIBLE SUNSHINE  MM
  AVERAGE SKY COVER 0.9


WEATHER CONDITIONS
 THE FOLLOWING WEATHER WAS RECORDED TODAY.
  FOG
  HAZE


RELATIVE HUMIDITY (PERCENT)
 HIGHEST    93           100 AM
 LOWEST     54          1100 AM
 AVERAGE    74

..........................................................


THE DETROIT MI CLIMATE NORMALS FOR TOMORROW
                         NORMAL    RECORD    YEAR
 MAXIMUM TEMPERATURE (F)   80        97      1953
 MINIMUM TEMPERATURE (F)   61        41      1976


SUNRISE AND SUNSET
AUGUST 29 2015........SUNRISE   655 AM EDT   SUNSET   813 PM EDT
AUGUST 30 2015........SUNRISE   656 AM EDT   SUNSET   811 PM EDT


-  INDICATES NEGATIVE NUMBERS.
R  INDICATES RECORD WAS SET OR TIED.
MM INDICATES DATA IS MISSING.
T  INDICATES TRACE AMOUNT.




$$
