000
CDUS43 KDTX 242133
CLIDTW


CLIMATE REPORT
NATIONAL WEATHER SERVICE DETROIT/PONTIAC MI
433 PM EST TUE JAN 24 2017


...................................

...THE DETROIT MI CLIMATE SUMMARY FOR JANUARY 24 2017...
VALID TODAY AS OF 0400 PM LOCAL TIME.

CLIMATE NORMAL PERIOD 1981 TO 2010
CLIMATE RECORD PERIOD 1874 TO 2017


WEATHER ITEM   OBSERVED TIME   RECORD YEAR NORMAL DEPARTURE LAST
                VALUE   (LST)  VALUE       VALUE  FROM      YEAR
                                                  NORMAL
..................................................................
TEMPERATURE (F)
 TODAY
  MAXIMUM         42    312 PM  61    1909  32     10       36
  MINIMUM         39    702 AM -13    1963  19     20       18
  AVERAGE         41                        25     16       27

PRECIPITATION (IN)
  TODAY            0.04          0.49 1918   0.06  -0.02     0.00
  MONTH TO DATE    2.44                      1.55   0.89     1.18
  SINCE DEC 1      4.60                      4.01   0.59     4.19
  SINCE JAN 1      2.44                      1.55   0.89     1.18

SNOWFALL (IN)
  TODAY            0.0           3.6  1918   0.4   -0.4      0.0
  MONTH TO DATE    4.6                       9.8   -5.2      8.2
  SINCE DEC 1     21.4                      19.4    2.0      9.5
  SINCE JUL 1     21.5                      21.0    0.5     15.7
  SNOW DEPTH       0

DEGREE DAYS
 HEATING
  TODAY           24                        40    -16       38
  MONTH TO DATE  779                       950   -171      936
  SINCE DEC 1   1889                      2032   -143     1668
  SINCE JUL 1   2757                      3247   -490     2588

 COOLING
  TODAY            0                         0      0        0
  MONTH TO DATE    0                         0      0        0
  SINCE DEC 1      0                         0      0        0
  SINCE JAN 1      0                         0      0        0
..................................................................


WIND (MPH)
  HIGHEST WIND SPEED    15   HIGHEST WIND DIRECTION    NW (320)
  HIGHEST GUST SPEED    19   HIGHEST GUST DIRECTION    NW (310)
  AVERAGE WIND SPEED     6.5


SKY COVER
  POSSIBLE SUNSHINE  MM
  AVERAGE SKY COVER 1.0


WEATHER CONDITIONS
 THE FOLLOWING WEATHER WAS RECORDED TODAY.
  RAIN
  LIGHT RAIN
  FOG
  FOG W/VISIBILITY <= 1/4 MILE


RELATIVE HUMIDITY (PERCENT)
 HIGHEST   100          1200 AM
 LOWEST     82           300 PM
 AVERAGE    91

..........................................................


THE DETROIT MI CLIMATE NORMALS FOR TOMORROW
                         NORMAL    RECORD    YEAR
 MAXIMUM TEMPERATURE (F)   32        67      1950
 MINIMUM TEMPERATURE (F)   19       -16      1897


SUNRISE AND SUNSET
JANUARY 24 2017.......SUNRISE   754 AM EST   SUNSET   538 PM EST
JANUARY 25 2017.......SUNRISE   753 AM EST   SUNSET   539 PM EST


-  INDICATES NEGATIVE NUMBERS.
R  INDICATES RECORD WAS SET OR TIED.
MM INDICATES DATA IS MISSING.
T  INDICATES TRACE AMOUNT.




$$
