000
CDUS43 KDTX 240538
CLIDTW


CLIMATE REPORT
NATIONAL WEATHER SERVICE DETROIT/PONTIAC MI
137 AM EDT SUN MAY 24 2015


...................................

...THE DETROIT MI CLIMATE SUMMARY FOR MAY 23 2015...

CLIMATE NORMAL PERIOD 1981 TO 2010
CLIMATE RECORD PERIOD 1874 TO 2015


WEATHER ITEM   OBSERVED TIME   RECORD YEAR NORMAL DEPARTURE LAST
                VALUE   (LST)  VALUE       VALUE  FROM      YEAR
                                                  NORMAL
..................................................................
TEMPERATURE (F)
 YESTERDAY
  MAXIMUM         76    247 PM  89    1964  72      4       71
  MINIMUM         41    525 AM  34    1935  52    -11       51
                                      1917
  AVERAGE         59                        62     -3       61

PRECIPITATION (IN)
  YESTERDAY        0.00          1.69 2004   0.12  -0.12     0.00
  MONTH TO DATE    2.84                      2.46   0.38     3.12
  SINCE MAR 1      6.25                      7.64  -1.39     7.18
  SINCE JAN 1      9.05                     11.62  -2.57    12.92

SNOWFALL (IN)
  YESTERDAY        0.0           T    1917   0.0    0.0      0.0
  MONTH TO DATE    0.0                       0.0    0.0      0.0
  SINCE MAR 1      2.8                       8.6   -5.8     15.7
  SINCE JUL 1     47.5                      42.5    5.0     94.9
  SNOW DEPTH       0

DEGREE DAYS
 HEATING
  YESTERDAY        6                         5      1        4
  MONTH TO DATE   96                       176    -80      168
  SINCE MAR 1   1474                      1517    -43     1760
  SINCE JUL 1   6585                      6070    515     7010

 COOLING
  YESTERDAY        0                         2     -2        0
  MONTH TO DATE   61                        22     39       35
  SINCE MAR 1     61                        28     33       35
  SINCE JAN 1     61                        28     33       35
..................................................................


WIND (MPH)
  HIGHEST WIND SPEED    14   HIGHEST WIND DIRECTION    SE (150)
  HIGHEST GUST SPEED    17   HIGHEST GUST DIRECTION     S (200)
  AVERAGE WIND SPEED     5.3


SKY COVER
  POSSIBLE SUNSHINE  MM
  AVERAGE SKY COVER 0.4


WEATHER CONDITIONS
 THE FOLLOWING WEATHER WAS RECORDED YESTERDAY.
  NO SIGNIFICANT WEATHER WAS OBSERVED.


RELATIVE HUMIDITY (PERCENT)
 HIGHEST    67           600 AM
 LOWEST     25           200 PM
 AVERAGE    46

..........................................................


THE DETROIT MI CLIMATE NORMALS FOR TODAY
                         NORMAL    RECORD    YEAR
 MAXIMUM TEMPERATURE (F)   72        87      2007
                                             1977
                                             1933
 MINIMUM TEMPERATURE (F)   52        33      1925


SUNRISE AND SUNSET
MAY 24 2015...........SUNRISE   605 AM EDT   SUNSET   856 PM EDT
MAY 25 2015...........SUNRISE   604 AM EDT   SUNSET   857 PM EDT


-  INDICATES NEGATIVE NUMBERS.
R  INDICATES RECORD WAS SET OR TIED.
MM INDICATES DATA IS MISSING.
T  INDICATES TRACE AMOUNT.




$$
