000
CDUS43 KDTX 140540
CLIDTW


CLIMATE REPORT
NATIONAL WEATHER SERVICE DETROIT/PONTIAC MI
1240 AM EST SUN FEB 14 2016


...................................

...THE DETROIT MI CLIMATE SUMMARY FOR FEBRUARY 13 2016...

CLIMATE NORMAL PERIOD 1981 TO 2010
CLIMATE RECORD PERIOD 1874 TO 2016


WEATHER ITEM   OBSERVED TIME   RECORD YEAR NORMAL DEPARTURE LAST
                VALUE   (LST)  VALUE       VALUE  FROM      YEAR
                                                  NORMAL
..................................................................
TEMPERATURE (F)
 YESTERDAY
  MAXIMUM         15    440 PM  63    1990  35    -20       23
                                      1938
  MINIMUM          1    730 AM -12    1905  21    -20       -1
  AVERAGE          8                        28    -20       11

PRECIPITATION (IN)
  YESTERDAY        0.01          1.15 1950   0.08  -0.07     0.01
  MONTH TO DATE    0.71                      0.89  -0.18     1.14
  SINCE DEC 1      5.06                      5.31  -0.25     4.00
  SINCE JAN 1      2.05                      2.85  -0.80     2.59

SNOWFALL (IN)
  YESTERDAY        0.1           8.0  1896   0.4   -0.3      0.6
  MONTH TO DATE    4.3                       4.8   -0.5     21.1
  SINCE DEC 1     14.0                      26.9  -12.9     35.4
  SINCE JUL 1     20.2                      28.5   -8.3     39.4
  SNOW DEPTH       3

DEGREE DAYS
 HEATING
  YESTERDAY       57                        37     20       54
  MONTH TO DATE  465                       499    -34      578
  SINCE DEC 1   2336                      2804   -468     2894
  SINCE JUL 1   3256                      4019   -763     4271

 COOLING
  YESTERDAY        0                         0      0        0
  MONTH TO DATE    0                         0      0        0
  SINCE DEC 1      0                         0      0        0
  SINCE JAN 1      0                         0      0        0
..................................................................


WIND (MPH)
  HIGHEST WIND SPEED    20   HIGHEST WIND DIRECTION    NW (310)
  HIGHEST GUST SPEED    25   HIGHEST GUST DIRECTION    NW (300)
  AVERAGE WIND SPEED     8.0


SKY COVER
  POSSIBLE SUNSHINE  MM
  AVERAGE SKY COVER 0.5


WEATHER CONDITIONS
 THE FOLLOWING WEATHER WAS RECORDED YESTERDAY.
  LIGHT SNOW
  HAZE


RELATIVE HUMIDITY (PERCENT)
 HIGHEST    80          1000 PM
 LOWEST     50          1200 AM
 AVERAGE    65

..........................................................


THE DETROIT MI CLIMATE NORMALS FOR TODAY
                         NORMAL    RECORD    YEAR
 MAXIMUM TEMPERATURE (F)   35        57      1918
 MINIMUM TEMPERATURE (F)   21       -15      1905


SUNRISE AND SUNSET
FEBRUARY 14 2016......SUNRISE   732 AM EST   SUNSET   604 PM EST
FEBRUARY 15 2016......SUNRISE   730 AM EST   SUNSET   605 PM EST


-  INDICATES NEGATIVE NUMBERS.
R  INDICATES RECORD WAS SET OR TIED.
MM INDICATES DATA IS MISSING.
T  INDICATES TRACE AMOUNT.




$$
