000
CDUS43 KDTX 172028
CLIDTW


CLIMATE REPORT
NATIONAL WEATHER SERVICE DETROIT/PONTIAC MI
427 PM EDT FRI OCT 17 2014


...................................

...THE DETROIT MI CLIMATE SUMMARY FOR OCTOBER 17 2014...
VALID TODAY AS OF 0400 PM LOCAL TIME.

CLIMATE NORMAL PERIOD 1981 TO 2010
CLIMATE RECORD PERIOD 1874 TO 2014


WEATHER ITEM   OBSERVED TIME   RECORD YEAR NORMAL DEPARTURE LAST
                VALUE   (LST)  VALUE       VALUE  FROM      YEAR
                                                  NORMAL
..................................................................
TEMPERATURE (F)
 TODAY
  MAXIMUM         64    151 PM  85    1938  61      3       52
  MINIMUM         53    300 AM  23    1977  43     10       46
  AVERAGE         59                        52      7       49

PRECIPITATION (IN)
  TODAY            T             1.70 1967   0.07  -0.07     0.09
  MONTH TO DATE    1.69                      1.40   0.29     1.10
  SINCE SEP 1      6.40                      4.67   1.73     2.30
  SINCE JAN 1     33.82                     27.10   6.72    33.28

SNOWFALL (IN)
  TODAY            0.0           0.9  1943   0.0    0.0      0.0
  MONTH TO DATE    0.0                       0.0    0.0      0.0
  SINCE SEP 1      0.0                       0.0    0.0      0.0
  SINCE JUL 1      0.0                       0.0    0.0      0.0
  SNOW DEPTH       0

DEGREE DAYS
 HEATING
  TODAY            6                        13     -7       16
  MONTH TO DATE  166                       180    -14       96
  SINCE SEP 1    274                       284    -10      194
  SINCE JUL 1    287                       294     -7      206

 COOLING
  TODAY            0                         0      0        0
  MONTH TO DATE    0                         7     -7       20
  SINCE SEP 1     72                        91    -19       98
  SINCE JAN 1    704                       802    -98      891
..................................................................


WIND (MPH)
  HIGHEST WIND SPEED    22   HIGHEST WIND DIRECTION    SW (220)
  HIGHEST GUST SPEED    25   HIGHEST GUST DIRECTION    SW (230)
  AVERAGE WIND SPEED    13.4


SKY COVER
  POSSIBLE SUNSHINE  MM
  AVERAGE SKY COVER 1.0


WEATHER CONDITIONS
 THE FOLLOWING WEATHER WAS RECORDED TODAY.
  LIGHT RAIN
  FOG


RELATIVE HUMIDITY (PERCENT)
 HIGHEST    93          1200 AM
 LOWEST     60           300 PM
 AVERAGE    77

..........................................................


THE DETROIT MI CLIMATE NORMALS FOR TOMORROW
                         NORMAL    RECORD    YEAR
 MAXIMUM TEMPERATURE (F)   61        84      1963
 MINIMUM TEMPERATURE (F)   43        24      1976


SUNRISE AND SUNSET
OCTOBER 17 2014.......SUNRISE   748 AM EDT   SUNSET   648 PM EDT
OCTOBER 18 2014.......SUNRISE   749 AM EDT   SUNSET   647 PM EDT


-  INDICATES NEGATIVE NUMBERS.
R  INDICATES RECORD WAS SET OR TIED.
MM INDICATES DATA IS MISSING.
T  INDICATES TRACE AMOUNT.




$$
