000
CDUS43 KDTX 210535
CLIDTW


CLIMATE REPORT
NATIONAL WEATHER SERVICE DETROIT/PONTIAC MI
135 AM EDT MON JUL 21 2014


...................................

...THE DETROIT MI CLIMATE SUMMARY FOR JULY 20 2014...

CLIMATE NORMAL PERIOD 1981 TO 2010
CLIMATE RECORD PERIOD 1874 TO 2014


WEATHER ITEM   OBSERVED TIME   RECORD YEAR NORMAL DEPARTURE LAST
                VALUE   (LST)  VALUE       VALUE  FROM      YEAR
                                                  NORMAL
..................................................................
TEMPERATURE (F)
 YESTERDAY
  MAXIMUM         83    357 PM  97    1977  84     -1       87
  MINIMUM         60    613 AM  48    1971  64     -4       72
  AVERAGE         72                        74     -2       80

PRECIPITATION (IN)
  YESTERDAY        0.00          2.04 1989   0.11  -0.11     0.30
  MONTH TO DATE    1.29                      2.09  -0.80     3.31
  SINCE JUN 1      5.29                      5.61  -0.32     9.32
  SINCE JAN 1     19.96                     18.15   1.81    24.17

SNOWFALL (IN)
  YESTERDAY        0.0           0.0    MM   0.0    0.0      0.0
  MONTH TO DATE    0.0                       0.0    0.0      0.0
  SINCE JUN 1      0.0                       0.0    0.0      0.0
  SINCE JUL 1      0.0                       0.0    0.0      0.0
  SNOW DEPTH       0

DEGREE DAYS
 HEATING
  YESTERDAY        0                         0      0        0
  MONTH TO DATE    3                         0      3        0
  SINCE JUN 1     15                        35    -20       23
  SINCE JUL 1      3                         0      3        0

 COOLING
  YESTERDAY        7                         9     -2       15
  MONTH TO DATE  112                       177    -65      245
  SINCE JUN 1    297                       344    -47      415
  SINCE JAN 1    361                       392    -31      518
..................................................................


WIND (MPH)
  HIGHEST WIND SPEED    10   HIGHEST WIND DIRECTION    SE (140)
  HIGHEST GUST SPEED    28   HIGHEST GUST DIRECTION    NE (40)
  AVERAGE WIND SPEED     1.7


SKY COVER
  POSSIBLE SUNSHINE  MM
  AVERAGE SKY COVER 0.7


WEATHER CONDITIONS
 THE FOLLOWING WEATHER WAS RECORDED YESTERDAY.
  FOG
  FOG W/VISIBILITY <= 1/4 MILE
  HAZE


RELATIVE HUMIDITY (PERCENT)
 HIGHEST   100           700 AM
 LOWEST     40           400 PM
 AVERAGE    70

..........................................................


THE DETROIT MI CLIMATE NORMALS FOR TODAY
                         NORMAL    RECORD    YEAR
 MAXIMUM TEMPERATURE (F)   84       100      2011
 MINIMUM TEMPERATURE (F)   64        50      1970


SUNRISE AND SUNSET
JULY 21 2014..........SUNRISE   616 AM EDT   SUNSET   903 PM EDT
JULY 22 2014..........SUNRISE   616 AM EDT   SUNSET   903 PM EDT


-  INDICATES NEGATIVE NUMBERS.
R  INDICATES RECORD WAS SET OR TIED.
MM INDICATES DATA IS MISSING.
T  INDICATES TRACE AMOUNT.




$$
