000
CDUS43 KDTX 231314 CCA
CLIDTW

CLIMATE REPORT...CORRECTED HIGH
NATIONAL WEATHER SERVICE DETROIT/PONTIAC MI
1237 AM EST MON FEB 23 2015


...................................

...THE DETROIT MI CLIMATE SUMMARY FOR FEBRUARY 22 2015...

CLIMATE NORMAL PERIOD 1981 TO 2010
CLIMATE RECORD PERIOD 1874 TO 2015


WEATHER ITEM   OBSERVED TIME   RECORD YEAR NORMAL DEPARTURE LAST
                VALUE   (LST)  VALUE       VALUE  FROM      YEAR
                                                  NORMAL
..................................................................
TEMPERATURE (F)
 YESTERDAY
  MAXIMUM         30    817 AM  65    1930  37     -7       37
  MINIMUM          8   1159 PM  -5    1907  22    -14       30
  AVERAGE         19                        30    -11       34

PRECIPITATION (IN)
  YESTERDAY        T             2.28 1990   0.08  -0.08      T
  MONTH TO DATE    1.32                      1.55  -0.23     2.81
  SINCE DEC 1      4.18                      5.97  -1.79     8.15
  SINCE JAN 1      2.77                      3.51  -0.74     5.73

SNOWFALL (IN)
  YESTERDAY        T             6.4  2010   0.4   -0.4       T
  MONTH TO DATE   25.8                       8.1   17.7     22.7
  SINCE DEC 1     40.1                      30.2    9.9     77.3
  SINCE JUL 1     44.1                      31.8   12.3     78.5
  SNOW DEPTH      13

DEGREE DAYS
 HEATING
  YESTERDAY       46                        35      8       31
  MONTH TO DATE 1090                       826    264      981
  SINCE DEC 1   3406                      3131    275     3657
  SINCE JUL 1   4783                      4346    437     4959

 COOLING
  YESTERDAY        0                         0      0        0
  MONTH TO DATE    0                         0      0        0
  SINCE DEC 1      0                         0      0        0
  SINCE JAN 1      0                         0      0        0
..................................................................


WIND (MPH)
  HIGHEST WIND SPEED    20   HIGHEST WIND DIRECTION    NW (300)
  HIGHEST GUST SPEED    26   HIGHEST GUST DIRECTION    NW (300)
  AVERAGE WIND SPEED     9.2


SKY COVER
  POSSIBLE SUNSHINE  MM
  AVERAGE SKY COVER 0.9


WEATHER CONDITIONS
 THE FOLLOWING WEATHER WAS RECORDED YESTERDAY.
  LIGHT SNOW
  FOG
  HAZE


RELATIVE HUMIDITY (PERCENT)
 HIGHEST    92           400 AM
 LOWEST     49           900 PM
 AVERAGE    71

..........................................................


THE DETROIT MI CLIMATE NORMALS FOR TODAY
                         NORMAL    RECORD    YEAR
 MAXIMUM TEMPERATURE (F)   37        64      1984
 MINIMUM TEMPERATURE (F)   22        -8      1889


SUNRISE AND SUNSET
FEBRUARY 23 2015......SUNRISE   718 AM EST   SUNSET   616 PM EST
FEBRUARY 24 2015......SUNRISE   717 AM EST   SUNSET   617 PM EST


-  INDICATES NEGATIVE NUMBERS.
R  INDICATES RECORD WAS SET OR TIED.
MM INDICATES DATA IS MISSING.
T  INDICATES TRACE AMOUNT.




$$
