000
CDUS43 KDTX 232026
CLIDTW


CLIMATE REPORT
NATIONAL WEATHER SERVICE DETROIT/PONTIAC MI
426 PM EDT SUN APR 23 2017


...................................

...THE DETROIT MI CLIMATE SUMMARY FOR APRIL 23 2017...
VALID TODAY AS OF 0400 PM LOCAL TIME.

CLIMATE NORMAL PERIOD 1981 TO 2010
CLIMATE RECORD PERIOD 1874 TO 2017


WEATHER ITEM   OBSERVED TIME   RECORD YEAR NORMAL DEPARTURE LAST
                VALUE   (LST)  VALUE       VALUE  FROM      YEAR
                                                  NORMAL
..................................................................
TEMPERATURE (F)
 TODAY
  MAXIMUM         69    214 PM  88    1925  62      7       59
  MINIMUM         36    346 AM  23    1986  42     -6       38
  AVERAGE         53                        52      1       49

PRECIPITATION (IN)
  TODAY            0.00          0.96 1977   0.10  -0.10     0.00
  MONTH TO DATE    2.91                      2.22   0.69     1.10
  SINCE MAR 1      7.17                      4.50   2.67     5.96
  SINCE JAN 1     11.90                      8.48   3.42     9.32

SNOWFALL (IN)
  TODAY            0.0           1.2  2005   0.0    0.0      0.0
                                      1967
  MONTH TO DATE    0.1                       1.6   -1.5      1.3
  SINCE MAR 1      7.0                       8.5   -1.5      8.7
  SINCE JUL 1     37.9                      42.4   -4.5     35.3
  SNOW DEPTH       0

DEGREE DAYS
 HEATING
  TODAY           12                        13     -1       16
  MONTH TO DATE  267                       396   -129      452
  SINCE MAR 1   1132                      1258   -126     1122
  SINCE JUL 1   4870                      5811   -941     4887

 COOLING
  TODAY            0                         0      0        0
  MONTH TO DATE    5                         0      5        0
  SINCE MAR 1      5                         0      5        0
  SINCE JAN 1      5                         0      5        0
..................................................................


WIND (MPH)
  HIGHEST WIND SPEED    15   HIGHEST WIND DIRECTION     S (170)
  HIGHEST GUST SPEED    20   HIGHEST GUST DIRECTION     S (180)
  AVERAGE WIND SPEED     2.1


SKY COVER
  POSSIBLE SUNSHINE  MM
  AVERAGE SKY COVER 0.1


WEATHER CONDITIONS
 THE FOLLOWING WEATHER WAS RECORDED TODAY.
  FOG
  HAZE


RELATIVE HUMIDITY (PERCENT)
 HIGHEST    86           700 AM
 LOWEST     28           200 PM
 AVERAGE    57

..........................................................


THE DETROIT MI CLIMATE NORMALS FOR TOMORROW
                         NORMAL    RECORD    YEAR
 MAXIMUM TEMPERATURE (F)   63        86      2009
                                             1960
                                             1925
 MINIMUM TEMPERATURE (F)   42        27      1892
                                             1883
                                             1875


SUNRISE AND SUNSET
APRIL 23 2017.........SUNRISE   640 AM EDT   SUNSET   824 PM EDT
APRIL 24 2017.........SUNRISE   638 AM EDT   SUNSET   825 PM EDT


-  INDICATES NEGATIVE NUMBERS.
R  INDICATES RECORD WAS SET OR TIED.
MM INDICATES DATA IS MISSING.
T  INDICATES TRACE AMOUNT.




$$
