000
CDUS43 KDTX 130539
CLIDTW


CLIMATE REPORT
NATIONAL WEATHER SERVICE DETROIT/PONTIAC MI
138 AM EDT SUN JUL 13 2014


...................................

...THE DETROIT MI CLIMATE SUMMARY FOR JULY 12 2014...

CLIMATE NORMAL PERIOD 1981 TO 2010
CLIMATE RECORD PERIOD 1874 TO 2014


WEATHER ITEM   OBSERVED TIME   RECORD YEAR NORMAL DEPARTURE LAST
                VALUE   (LST)  VALUE       VALUE  FROM      YEAR
                                                  NORMAL
..................................................................
TEMPERATURE (F)
 YESTERDAY
  MAXIMUM         86    225 PM 100    1936  84      2       82
  MINIMUM         66    524 AM  43    1978  64      2       58
  AVERAGE         76                        74      2       70

PRECIPITATION (IN)
  YESTERDAY        T             3.19 1966   0.10  -0.10     0.00
  MONTH TO DATE    1.07                      1.23  -0.16     2.52
  SINCE JUN 1      5.07                      4.75   0.32     8.53
  SINCE JAN 1     19.74                     17.29   2.45    23.38

SNOWFALL (IN)
  YESTERDAY        0.0           0.0    MM   0.0    0.0      0.0
  MONTH TO DATE    0.0                       0.0    0.0      0.0
  SINCE JUN 1      0.0                       0.0    0.0      0.0
  SINCE JUL 1      0.0                       0.0    0.0      0.0
  SNOW DEPTH       0

DEGREE DAYS
 HEATING
  YESTERDAY        0                         0      0        0
  MONTH TO DATE    0                         0      0        0
  SINCE JUN 1     12                        35    -23       23
  SINCE JUL 1      0                         0      0        0

 COOLING
  YESTERDAY       11                         9      2        5
  MONTH TO DATE   74                       105    -31      110
  SINCE JUN 1    259                       272    -13      280
  SINCE JAN 1    323                       320      3      383
..................................................................


WIND (MPH)
  HIGHEST WIND SPEED    17   HIGHEST WIND DIRECTION     S (200)
  HIGHEST GUST SPEED    22   HIGHEST GUST DIRECTION     S (200)
  AVERAGE WIND SPEED     7.2


SKY COVER
  POSSIBLE SUNSHINE  MM
  AVERAGE SKY COVER 0.7


WEATHER CONDITIONS
 THE FOLLOWING WEATHER WAS RECORDED YESTERDAY.
  FOG
  HAZE


RELATIVE HUMIDITY (PERCENT)
 HIGHEST    87           200 AM
 LOWEST     44          1200 PM
 AVERAGE    66

..........................................................


THE DETROIT MI CLIMATE NORMALS FOR TODAY
                         NORMAL    RECORD    YEAR
 MAXIMUM TEMPERATURE (F)   84       102      1936
 MINIMUM TEMPERATURE (F)   64        48      1976


SUNRISE AND SUNSET
JULY 13 2014..........SUNRISE   609 AM EDT   SUNSET   909 PM EDT
JULY 14 2014..........SUNRISE   609 AM EDT   SUNSET   909 PM EDT


-  INDICATES NEGATIVE NUMBERS.
R  INDICATES RECORD WAS SET OR TIED.
MM INDICATES DATA IS MISSING.
T  INDICATES TRACE AMOUNT.




$$
