000
CDUS43 KDTX 282131
CLIDTW


CLIMATE REPORT
NATIONAL WEATHER SERVICE DETROIT/PONTIAC MI
430 PM EST SUN DEC 28 2014


...................................

...THE DETROIT MI CLIMATE SUMMARY FOR DECEMBER 28 2014...
VALID TODAY AS OF 0400 PM LOCAL TIME.

CLIMATE NORMAL PERIOD 1981 TO 2010
CLIMATE RECORD PERIOD 1874 TO 2014


WEATHER ITEM   OBSERVED TIME   RECORD YEAR NORMAL DEPARTURE LAST
                VALUE   (LST)  VALUE       VALUE  FROM      YEAR
                                                  NORMAL
..................................................................
TEMPERATURE (F)
 TODAY
  MAXIMUM         38    118 PM  64    1984  33      5       47
  MINIMUM         35    354 PM  -4    1924  21     14       31
  AVERAGE         37                        27     10       39

PRECIPITATION (IN)
  TODAY            0.00          0.99 1968   0.08  -0.08     0.00
  MONTH TO DATE    1.41                      2.24  -0.83     2.34
  SINCE DEC 1      1.41                      2.24  -0.83     2.34
  SINCE JAN 1     37.57                     33.25   4.32    39.82

SNOWFALL (IN)
  TODAY            0.0           7.2  1987   0.3   -0.3      0.0
  MONTH TO DATE    T                         8.4   -8.4     13.9
  SINCE DEC 1      T                         8.4   -8.4     13.9
  SINCE JUL 1      4.0                      10.0   -6.0     15.1
  SNOW DEPTH       0

DEGREE DAYS
 HEATING
  TODAY           28                        38    -10       26
  MONTH TO DATE  835                       967   -132     1054
  SINCE DEC 1    835                       967   -132     1054
  SINCE JUL 1   2212                      2182     30     2356

 COOLING
  TODAY            0                         0      0        0
  MONTH TO DATE    0                         0      0        0
  SINCE DEC 1      0                         0      0        0
  SINCE JAN 1    704                       803    -99      891
..................................................................


WIND (MPH)
  HIGHEST WIND SPEED    20   HIGHEST WIND DIRECTION     W (270)
  HIGHEST GUST SPEED    29   HIGHEST GUST DIRECTION    NW (330)
  AVERAGE WIND SPEED     9.5


SKY COVER
  POSSIBLE SUNSHINE  MM
  AVERAGE SKY COVER 0.9


WEATHER CONDITIONS
 THE FOLLOWING WEATHER WAS RECORDED TODAY.
  NO SIGNIFICANT WEATHER WAS OBSERVED.


RELATIVE HUMIDITY (PERCENT)
 HIGHEST    82          1200 AM
 LOWEST     54           300 PM
 AVERAGE    68

..........................................................


THE DETROIT MI CLIMATE NORMALS FOR TOMORROW
                         NORMAL    RECORD    YEAR
 MAXIMUM TEMPERATURE (F)   33        65      1889
 MINIMUM TEMPERATURE (F)   21       -11      1880


SUNRISE AND SUNSET
DECEMBER 28 2014......SUNRISE   801 AM EST   SUNSET   509 PM EST
DECEMBER 29 2014......SUNRISE   802 AM EST   SUNSET   509 PM EST


-  INDICATES NEGATIVE NUMBERS.
R  INDICATES RECORD WAS SET OR TIED.
MM INDICATES DATA IS MISSING.
T  INDICATES TRACE AMOUNT.




$$
