000
CDUS43 KDTX 100535
CLIDTW


CLIMATE REPORT
NATIONAL WEATHER SERVICE DETROIT/PONTIAC MI
135 AM EDT THU APR 10 2014


...................................

...THE DETROIT MI CLIMATE SUMMARY FOR APRIL 9 2014...

CLIMATE NORMAL PERIOD 1981 TO 2010
CLIMATE RECORD PERIOD 1874 TO 2014


WEATHER ITEM   OBSERVED TIME   RECORD YEAR NORMAL DEPARTURE LAST
                VALUE   (LST)  VALUE       VALUE  FROM      YEAR
                                                  NORMAL
..................................................................
TEMPERATURE (F)
 YESTERDAY
  MAXIMUM         58    537 PM  78    1931  57      1       55
  MINIMUM         36    622 AM  19    1985  37     -1       43
                                      1914
  AVERAGE         47                        47      0       49

PRECIPITATION (IN)
  YESTERDAY        0.00          1.40 1998   0.10  -0.10      T
  MONTH TO DATE    0.90                      0.84   0.06     0.12
  SINCE MAR 1      2.39                      3.12  -0.73     0.86
  SINCE JAN 1      8.13                      7.10   1.03     7.14

SNOWFALL (IN)
  YESTERDAY        0.0           2.8  1961   0.1   -0.1      0.0
  MONTH TO DATE    T                         0.9   -0.9       T
  SINCE MAR 1     12.5                       7.8    4.7      3.1
  SINCE JUL 1     91.7                      41.7   50.0     47.6
  SNOW DEPTH       0

DEGREE DAYS
 HEATING
  YESTERDAY       18                        18      0       16
  MONTH TO DATE  181                       178      3      204
  SINCE MAR 1   1300                      1040    260     1137
  SINCE JUL 1   6550                      5593    957     5422

 COOLING
  YESTERDAY        0                         0      0        0
  MONTH TO DATE    0                         0      0        0
  SINCE MAR 1      0                         0      0        0
  SINCE JAN 1      0                         0      0        0
..................................................................


WIND (MPH)
  HIGHEST WIND SPEED    17   HIGHEST WIND DIRECTION     S (200)
  HIGHEST GUST SPEED    21   HIGHEST GUST DIRECTION     S (160)
  AVERAGE WIND SPEED     7.8


SKY COVER
  POSSIBLE SUNSHINE  MM
  AVERAGE SKY COVER 0.4


WEATHER CONDITIONS
 THE FOLLOWING WEATHER WAS RECORDED YESTERDAY.
  NO SIGNIFICANT WEATHER WAS OBSERVED.


RELATIVE HUMIDITY (PERCENT)
 HIGHEST    70          1100 PM
 LOWEST     24           200 PM
 AVERAGE    47

..........................................................


THE DETROIT MI CLIMATE NORMALS FOR TODAY
                         NORMAL    RECORD    YEAR
 MAXIMUM TEMPERATURE (F)   57        86      1977
 MINIMUM TEMPERATURE (F)   38        20      1989


SUNRISE AND SUNSET
APRIL 10 2014.........SUNRISE   701 AM EDT   SUNSET   809 PM EDT
APRIL 11 2014.........SUNRISE   659 AM EDT   SUNSET   810 PM EDT


-  INDICATES NEGATIVE NUMBERS.
R  INDICATES RECORD WAS SET OR TIED.
MM INDICATES DATA IS MISSING.
T  INDICATES TRACE AMOUNT.




$$
