000
CDUS43 KDTX 300536
CLIDTW


CLIMATE REPORT
NATIONAL WEATHER SERVICE DETROIT/PONTIAC MI
1236 AM EST WED NOV 30 2016


...................................

...THE DETROIT MI CLIMATE SUMMARY FOR NOVEMBER 29 2016...

CLIMATE NORMAL PERIOD 1981 TO 2010
CLIMATE RECORD PERIOD 1874 TO 2016


WEATHER ITEM   OBSERVED TIME   RECORD YEAR NORMAL DEPARTURE LAST
                VALUE   (LST)  VALUE       VALUE  FROM      YEAR
                                                  NORMAL
..................................................................
TEMPERATURE (F)
 YESTERDAY
  MAXIMUM         58    313 PM  67    2006  42     16       40
  MINIMUM         47   1240 AM   5    1929  30     17       23
  AVERAGE         53                        36     17       32

PRECIPITATION (IN)
  YESTERDAY        0.04          1.91 2011   0.09  -0.05     0.00
  MONTH TO DATE    2.10                      2.70  -0.60     2.06
  SINCE SEP 1     11.36                      8.49   2.87     5.32
  SINCE JAN 1     32.58                     30.92   1.66    27.30

SNOWFALL (IN)
  YESTERDAY        0.0           3.7  1942   0.1   -0.1      0.0
  MONTH TO DATE    0.1                       1.4   -1.3      6.2
  SINCE SEP 1      0.1                       1.5   -1.4      6.2
  SINCE JUL 1      0.1                       1.5   -1.4      6.2
  SNOW DEPTH       0

DEGREE DAYS
 HEATING
  YESTERDAY       12                        29    -17       33
  MONTH TO DATE  525                       675   -150      536
  SINCE SEP 1    852                      1176   -324      883
  SINCE JUL 1    852                      1186   -334      893

 COOLING
  YESTERDAY        0                         0      0        0
  MONTH TO DATE    0                         0      0        0
  SINCE SEP 1    154                        92     62      171
  SINCE JAN 1   1177                       803    374      891
..................................................................


WIND (MPH)
  HIGHEST WIND SPEED    23   HIGHEST WIND DIRECTION     S (190)
  HIGHEST GUST SPEED    34   HIGHEST GUST DIRECTION    SE (140)
  AVERAGE WIND SPEED    13.8


SKY COVER
  POSSIBLE SUNSHINE  MM
  AVERAGE SKY COVER 0.8


WEATHER CONDITIONS
 THE FOLLOWING WEATHER WAS RECORDED YESTERDAY.
  RAIN
  LIGHT RAIN
  FOG


RELATIVE HUMIDITY (PERCENT)
 HIGHEST    93          1200 AM
 LOWEST     57           300 PM
 AVERAGE    75

..........................................................


THE DETROIT MI CLIMATE NORMALS FOR TODAY
                         NORMAL    RECORD    YEAR
 MAXIMUM TEMPERATURE (F)   42        65      1998
 MINIMUM TEMPERATURE (F)   29         4      1929
                                             1874


SUNRISE AND SUNSET
NOVEMBER 30 2016......SUNRISE   742 AM EST   SUNSET   502 PM EST
DECEMBER  1 2016......SUNRISE   743 AM EST   SUNSET   502 PM EST


-  INDICATES NEGATIVE NUMBERS.
R  INDICATES RECORD WAS SET OR TIED.
MM INDICATES DATA IS MISSING.
T  INDICATES TRACE AMOUNT.




$$
