000
CDUS43 KDTX 230537
CLIDTW


CLIMATE REPORT
NATIONAL WEATHER SERVICE DETROIT/PONTIAC MI
136 AM EDT SAT AUG 23 2014


...................................

...THE DETROIT MI CLIMATE SUMMARY FOR AUGUST 22 2014...

CLIMATE NORMAL PERIOD 1981 TO 2010
CLIMATE RECORD PERIOD 1874 TO 2014


WEATHER ITEM   OBSERVED TIME   RECORD YEAR NORMAL DEPARTURE LAST
                VALUE   (LST)  VALUE       VALUE  FROM      YEAR
                                                  NORMAL
..................................................................
TEMPERATURE (F)
 YESTERDAY
  MAXIMUM         83    400 PM 101    1936  81      2       83
  MINIMUM         70        MM  45    1923  62      8       71
  AVERAGE         77                        72      5       77

PRECIPITATION (IN)
  YESTERDAY        0.00          1.99 1987   0.08  -0.08     0.06
  MONTH TO DATE    5.73                      2.16   3.57     2.56
  SINCE JUN 1     12.16                      9.05   3.11    12.71
  SINCE JAN 1     26.83                     21.59   5.24    27.56

SNOWFALL (IN)
  YESTERDAY        0.0           0.0    MM   0.0    0.0      0.0
  MONTH TO DATE    0.0                       0.0    0.0      0.0
  SINCE JUN 1      0.0                       0.0    0.0      0.0
  SINCE JUL 1      0.0                       0.0    0.0      0.0
  SNOW DEPTH       0

DEGREE DAYS
 HEATING
  YESTERDAY        0                         0      0        0
  MONTH TO DATE    5                         0      5        8
  SINCE JUN 1     25                        37    -12       35
  SINCE JUL 1     13                         2     11       12

 COOLING
  YESTERDAY       12                         7      5       12
  MONTH TO DATE  136                       169    -33      127
  SINCE JUN 1    488                       607   -119      590
  SINCE JAN 1    552                       655   -103      693
..................................................................


WIND (MPH)
  HIGHEST WIND SPEED     8   HIGHEST WIND DIRECTION     E (70)
  HIGHEST GUST SPEED     9   HIGHEST GUST DIRECTION     N (10)
  AVERAGE WIND SPEED     3.6


SKY COVER
  POSSIBLE SUNSHINE  MM
  AVERAGE SKY COVER 0.9


WEATHER CONDITIONS
 THE FOLLOWING WEATHER WAS RECORDED YESTERDAY.
  FOG
  HAZE


RELATIVE HUMIDITY (PERCENT)
 HIGHEST    97           300 AM
 LOWEST     58           300 PM
 AVERAGE    78

..........................................................


THE DETROIT MI CLIMATE NORMALS FOR TODAY
                         NORMAL    RECORD    YEAR
 MAXIMUM TEMPERATURE (F)   81        96      1936
 MINIMUM TEMPERATURE (F)   62        45      1875


SUNRISE AND SUNSET
AUGUST 23 2014........SUNRISE   649 AM EDT   SUNSET   822 PM EDT
AUGUST 24 2014........SUNRISE   650 AM EDT   SUNSET   820 PM EDT


-  INDICATES NEGATIVE NUMBERS.
R  INDICATES RECORD WAS SET OR TIED.
MM INDICATES DATA IS MISSING.
T  INDICATES TRACE AMOUNT.




$$
