000
CDUS43 KDTX 140548
CLIDTW


CLIMATE REPORT
NATIONAL WEATHER SERVICE DETROIT/PONTIAC MI
1248 AM EST TUE FEB 14 2017


...................................

...THE DETROIT MI CLIMATE SUMMARY FOR FEBRUARY 13 2017...

CLIMATE NORMAL PERIOD 1981 TO 2010
CLIMATE RECORD PERIOD 1874 TO 2017


WEATHER ITEM   OBSERVED TIME   RECORD YEAR NORMAL DEPARTURE LAST
                VALUE   (LST)  VALUE       VALUE  FROM      YEAR
                                                  NORMAL
..................................................................
TEMPERATURE (F)
 YESTERDAY
  MAXIMUM         45    412 PM  63    1990  35     10       15
                                      1938
  MINIMUM         29    753 AM -12    1905  21      8        1
  AVERAGE         37                        28      9        8

PRECIPITATION (IN)
  YESTERDAY        0.00          1.15 1950   0.08  -0.08     0.01
  MONTH TO DATE    1.40                      0.89   0.51     0.71
  SINCE DEC 1      6.39                      5.31   1.08     5.06
  SINCE JAN 1      4.23                      2.85   1.38     2.05

SNOWFALL (IN)
  YESTERDAY        0.0           8.0  1896   0.4   -0.4      0.1
  MONTH TO DATE    2.0                       4.8   -2.8      4.3
  SINCE DEC 1     30.6                      26.9    3.7     14.0
  SINCE JUL 1     30.7                      28.5    2.2     20.2
  SNOW DEPTH       0

DEGREE DAYS
 HEATING
  YESTERDAY       28                        37     -9       57
  MONTH TO DATE  438                       499    -61      465
  SINCE DEC 1   2557                      2804   -247     2336
  SINCE JUL 1   3425                      4019   -594     3256

 COOLING
  YESTERDAY        0                         0      0        0
  MONTH TO DATE    0                         0      0        0
  SINCE DEC 1      0                         0      0        0
  SINCE JAN 1      0                         0      0        0
..................................................................


WIND (MPH)
  HIGHEST WIND SPEED    29   HIGHEST WIND DIRECTION    NW (320)
  HIGHEST GUST SPEED    39   HIGHEST GUST DIRECTION    NW (330)
  AVERAGE WIND SPEED    10.4


SKY COVER
  POSSIBLE SUNSHINE  MM
  AVERAGE SKY COVER 0.3


WEATHER CONDITIONS
 THE FOLLOWING WEATHER WAS RECORDED YESTERDAY.
  NO SIGNIFICANT WEATHER WAS OBSERVED.


RELATIVE HUMIDITY (PERCENT)
 HIGHEST    69           700 AM
 LOWEST     31           400 PM
 AVERAGE    50

..........................................................


THE DETROIT MI CLIMATE NORMALS FOR TODAY
                         NORMAL    RECORD    YEAR
 MAXIMUM TEMPERATURE (F)   35        57      1918
 MINIMUM TEMPERATURE (F)   21       -15      1905


SUNRISE AND SUNSET
FEBRUARY 14 2017......SUNRISE   731 AM EST   SUNSET   605 PM EST
FEBRUARY 15 2017......SUNRISE   729 AM EST   SUNSET   606 PM EST


-  INDICATES NEGATIVE NUMBERS.
R  INDICATES RECORD WAS SET OR TIED.
MM INDICATES DATA IS MISSING.
T  INDICATES TRACE AMOUNT.




$$
