000
CDUS43 KDTX 160539
CLIDTW


CLIMATE REPORT
NATIONAL WEATHER SERVICE DETROIT/PONTIAC MI
138 AM EDT FRI SEP 16 2016


...................................

...THE DETROIT MI CLIMATE SUMMARY FOR SEPTEMBER 15 2016...

CLIMATE NORMAL PERIOD 1981 TO 2010
CLIMATE RECORD PERIOD 1874 TO 2016


WEATHER ITEM   OBSERVED TIME   RECORD YEAR NORMAL DEPARTURE LAST
                VALUE   (LST)  VALUE       VALUE  FROM      YEAR
                                                  NORMAL
..................................................................
TEMPERATURE (F)
 YESTERDAY
  MAXIMUM         72    255 PM 100    1939  75     -3       83
  MINIMUM         54    649 AM  41    1984  55     -1       60
  AVERAGE         63                        65     -2       72

PRECIPITATION (IN)
  YESTERDAY        0.00          1.65 1992   0.11  -0.11     0.00
  MONTH TO DATE    1.86                      1.65   0.21     0.72
  SINCE SEP 1      1.86                      1.65   0.21     0.72
  SINCE JAN 1     23.08                     24.08  -1.00    22.70

SNOWFALL (IN)
  YESTERDAY        0.0           0.0    MM   0.0    0.0      0.0
  MONTH TO DATE    0.0                       0.0    0.0      0.0
  SINCE SEP 1      0.0                       0.0    0.0      0.0
  SINCE JUL 1      0.0                       0.0    0.0      0.0
  SNOW DEPTH       0

DEGREE DAYS
 HEATING
  YESTERDAY        2                         3     -1        0
  MONTH TO DATE    2                        25    -23       19
  SINCE SEP 1      2                        25    -23       19
  SINCE JUL 1      2                        35    -33       29

 COOLING
  YESTERDAY        0                         3     -3        7
  MONTH TO DATE   80                        59     21      127
  SINCE SEP 1     80                        59     21      127
  SINCE JAN 1   1103                       770    333      847
..................................................................


WIND (MPH)
  HIGHEST WIND SPEED    14   HIGHEST WIND DIRECTION     S (180)
  HIGHEST GUST SPEED    17   HIGHEST GUST DIRECTION    SE (150)
  AVERAGE WIND SPEED     5.9


SKY COVER
  POSSIBLE SUNSHINE  MM
  AVERAGE SKY COVER 0.5


WEATHER CONDITIONS
 THE FOLLOWING WEATHER WAS RECORDED YESTERDAY.
  NO SIGNIFICANT WEATHER WAS OBSERVED.


RELATIVE HUMIDITY (PERCENT)
 HIGHEST   100           500 AM
 LOWEST     57           100 PM
 AVERAGE    79

..........................................................


THE DETROIT MI CLIMATE NORMALS FOR TODAY
                         NORMAL    RECORD    YEAR
 MAXIMUM TEMPERATURE (F)   74        98      1939
 MINIMUM TEMPERATURE (F)   55        38      1966


SUNRISE AND SUNSET
SEPTEMBER 16 2016.....SUNRISE   715 AM EDT   SUNSET   740 PM EDT
SEPTEMBER 17 2016.....SUNRISE   716 AM EDT   SUNSET   739 PM EDT


-  INDICATES NEGATIVE NUMBERS.
R  INDICATES RECORD WAS SET OR TIED.
MM INDICATES DATA IS MISSING.
T  INDICATES TRACE AMOUNT.




$$
