000
CDUS43 KDTX 080536
CLIDTW


CLIMATE REPORT
NATIONAL WEATHER SERVICE DETROIT/PONTIAC MI
136 AM EDT TUE APR 8 2014


...................................

...THE DETROIT MI CLIMATE SUMMARY FOR APRIL 7 2014...

CLIMATE NORMAL PERIOD 1981 TO 2010
CLIMATE RECORD PERIOD 1874 TO 2014


WEATHER ITEM   OBSERVED TIME   RECORD YEAR NORMAL DEPARTURE LAST
                VALUE   (LST)  VALUE       VALUE  FROM      YEAR
                                                  NORMAL
..................................................................
TEMPERATURE (F)
 YESTERDAY
  MAXIMUM         54   1229 PM  83    1991  56     -2       60
  MINIMUM         33    449 AM  10    1982  36     -3       42
  AVERAGE         44                        46     -2       51

PRECIPITATION (IN)
  YESTERDAY        0.40          0.92 2010   0.10   0.30      T
  MONTH TO DATE    0.83                      0.64   0.19      T
  SINCE MAR 1      2.32                      2.92  -0.60     0.74
  SINCE JAN 1      8.06                      6.90   1.16     7.02

SNOWFALL (IN)
  YESTERDAY        0.0           6.0  1894   0.1   -0.1      0.0
  MONTH TO DATE    T                         0.8   -0.8       T
  SINCE MAR 1     12.5                       7.7    4.8      3.1
  SINCE JUL 1     91.7                      41.6   50.1     47.6
  SNOW DEPTH       0

DEGREE DAYS
 HEATING
  YESTERDAY       21                        19      2       14
  MONTH TO DATE  149                       141      8      176
  SINCE MAR 1   1268                      1003    265     1109
  SINCE JUL 1   6518                      5556    962     5394

 COOLING
  YESTERDAY        0                         0      0        0
  MONTH TO DATE    0                         0      0        0
  SINCE MAR 1      0                         0      0        0
  SINCE JAN 1      0                         0      0        0
..................................................................


WIND (MPH)
  HIGHEST WIND SPEED    17   HIGHEST WIND DIRECTION    NE (50)
  HIGHEST GUST SPEED    23   HIGHEST GUST DIRECTION    NE (40)
  AVERAGE WIND SPEED     7.7


SKY COVER
  POSSIBLE SUNSHINE  MM
  AVERAGE SKY COVER 1.0


WEATHER CONDITIONS
 THE FOLLOWING WEATHER WAS RECORDED YESTERDAY.
  RAIN
  LIGHT RAIN
  FOG


RELATIVE HUMIDITY (PERCENT)
 HIGHEST    89           800 PM
 LOWEST     38          1200 PM
 AVERAGE    64

..........................................................


THE DETROIT MI CLIMATE NORMALS FOR TODAY
                         NORMAL    RECORD    YEAR
 MAXIMUM TEMPERATURE (F)   56        79      2001
 MINIMUM TEMPERATURE (F)   37        11      1982


SUNRISE AND SUNSET
APRIL  8 2014.........SUNRISE   704 AM EDT   SUNSET   807 PM EDT
APRIL  9 2014.........SUNRISE   702 AM EDT   SUNSET   808 PM EDT


-  INDICATES NEGATIVE NUMBERS.
R  INDICATES RECORD WAS SET OR TIED.
MM INDICATES DATA IS MISSING.
T  INDICATES TRACE AMOUNT.




$$
