000
CDUS43 KDTX 112027
CLIDTW


CLIMATE REPORT
NATIONAL WEATHER SERVICE DETROIT/PONTIAC MI
427 PM EDT SUN JUN 11 2017


...................................

...THE DETROIT MI CLIMATE SUMMARY FOR JUNE 11 2017...
VALID TODAY AS OF 0400 PM LOCAL TIME.

CLIMATE NORMAL PERIOD 1981 TO 2010
CLIMATE RECORD PERIOD 1874 TO 2017


WEATHER ITEM   OBSERVED TIME   RECORD YEAR NORMAL DEPARTURE LAST
                VALUE   (LST)  VALUE       VALUE  FROM      YEAR
                                                  NORMAL
..................................................................
TEMPERATURE (F)
 TODAY
  MAXIMUM         90    259 PM  97    1933  78     12       93
  MINIMUM         69    540 AM  36    1972  58     11       68
  AVERAGE         80                        68     12       81

PRECIPITATION (IN)
  TODAY            0.00          1.71 1898   0.13  -0.13     0.00
  MONTH TO DATE    0.04                      1.33  -1.29     1.06
  SINCE JUN 1      0.04                      1.33  -1.29     1.06
  SINCE JAN 1     16.97                     13.87   3.10    13.79

SNOWFALL (IN)
  TODAY            0.0           0.0    MM   0.0    0.0      0.0
  MONTH TO DATE    0.0                       0.0    0.0      0.0
  SINCE JUN 1      0.0                       0.0    0.0      0.0
  SINCE JUL 1     37.9                      42.5   -4.6     35.3
  SNOW DEPTH       0

DEGREE DAYS
 HEATING
  TODAY            0                         1     -1        0
  MONTH TO DATE    9                        23    -14       12
  SINCE JUN 1      9                        23    -14       12
  SINCE JUL 1   5155                      6125   -970     5193

 COOLING
  TODAY           15                         5     10       16
  MONTH TO DATE   41                        41      0       55
  SINCE JUN 1     41                        41      0       55
  SINCE JAN 1     87                        89     -2      133
..................................................................


WIND (MPH)
  HIGHEST WIND SPEED    23   HIGHEST WIND DIRECTION    SW (230)
  HIGHEST GUST SPEED    26   HIGHEST GUST DIRECTION    SW (230)
  AVERAGE WIND SPEED    15.3


SKY COVER
  POSSIBLE SUNSHINE  MM
  AVERAGE SKY COVER 0.1


WEATHER CONDITIONS
 THE FOLLOWING WEATHER WAS RECORDED TODAY.
  NO SIGNIFICANT WEATHER WAS OBSERVED.


RELATIVE HUMIDITY (PERCENT)
 HIGHEST    66           500 AM
 LOWEST     38           200 PM
 AVERAGE    52

..........................................................


THE DETROIT MI CLIMATE NORMALS FOR TOMORROW
                         NORMAL    RECORD    YEAR
 MAXIMUM TEMPERATURE (F)   79        94      1956
                                             1894
 MINIMUM TEMPERATURE (F)   59        42      1906


SUNRISE AND SUNSET
JUNE 11 2017..........SUNRISE   557 AM EDT   SUNSET   910 PM EDT
JUNE 12 2017..........SUNRISE   556 AM EDT   SUNSET   910 PM EDT


-  INDICATES NEGATIVE NUMBERS.
R  INDICATES RECORD WAS SET OR TIED.
MM INDICATES DATA IS MISSING.
T  INDICATES TRACE AMOUNT.




$$
