296
CDUS43 KDTX 132132
CLIDTW


CLIMATE REPORT
NATIONAL WEATHER SERVICE DETROIT/PONTIAC MI
430 PM EST MON NOV 13 2017


...................................

...THE DETROIT MI CLIMATE SUMMARY FOR NOVEMBER 13 2017...
VALID TODAY AS OF 0400 PM LOCAL TIME.

CLIMATE NORMAL PERIOD 1981 TO 2010
CLIMATE RECORD PERIOD 1874 TO 2017


WEATHER ITEM   OBSERVED TIME   RECORD YEAR NORMAL DEPARTURE LAST
                VALUE   (LST)  VALUE       VALUE  FROM      YEAR
                                                  NORMAL
..................................................................
TEMPERATURE (F)
 TODAY
  MAXIMUM         44    324 PM  70    1989  50     -6       58
  MINIMUM         35    628 AM  12    1911  35      0       31
  AVERAGE         40                        43     -3       45

PRECIPITATION (IN)
  TODAY            T             0.90 1961   0.09  -0.09     0.00
  MONTH TO DATE    2.43                      1.18   1.25     1.01
  SINCE SEP 1      6.18                      6.97  -0.79    10.27
  SINCE JAN 1     31.48                     29.40   2.08    31.49

SNOWFALL (IN)
  TODAY            0.0           3.7  1974   0.0    0.0      0.0
  MONTH TO DATE    T                         0.3   -0.3      0.0
  SINCE SEP 1      T                         0.4   -0.4      0.0
  SINCE JUL 1      T                         0.4   -0.4      0.0
  SNOW DEPTH       0

DEGREE DAYS
 HEATING
  TODAY           25                        22      3       20
  MONTH TO DATE  309                       261     48      174
  SINCE SEP 1    638                       762   -124      501
  SINCE JUL 1    642                       772   -130      501

 COOLING
  TODAY            0                         0      0        0
  MONTH TO DATE    0                         0      0        0
  SINCE SEP 1    168                        92     76      154
  SINCE JAN 1    918                       803    115     1177
..................................................................


WIND (MPH)
  HIGHEST WIND SPEED    12   HIGHEST WIND DIRECTION     W (270)
  HIGHEST GUST SPEED    15   HIGHEST GUST DIRECTION     W (270)
  AVERAGE WIND SPEED     5.9


SKY COVER
  POSSIBLE SUNSHINE  MM
  AVERAGE SKY COVER 1.0


WEATHER CONDITIONS
 THE FOLLOWING WEATHER WAS RECORDED TODAY.
  LIGHT RAIN
  FOG
  HAZE


RELATIVE HUMIDITY (PERCENT)
 HIGHEST    92          1200 AM
 LOWEST     62           400 PM
 AVERAGE    77

..........................................................


THE DETROIT MI CLIMATE NORMALS FOR TOMORROW
                         NORMAL    RECORD    YEAR
 MAXIMUM TEMPERATURE (F)   50        70      1909
 MINIMUM TEMPERATURE (F)   35        13      1986


SUNRISE AND SUNSET
NOVEMBER 13 2017......SUNRISE   722 AM EST   SUNSET   513 PM EST
NOVEMBER 14 2017......SUNRISE   723 AM EST   SUNSET   512 PM EST


-  INDICATES NEGATIVE NUMBERS.
R  INDICATES RECORD WAS SET OR TIED.
MM INDICATES DATA IS MISSING.
T  INDICATES TRACE AMOUNT.




$$
