000
CDUS43 KDTX 210658 CCA
CLIDTW

CLIMATE REPORT...CORRECTED
NATIONAL WEATHER SERVICE DETROIT/PONTIAC MI
1237 AM EST FRI NOV 21 2014


...................................

...THE DETROIT MI CLIMATE SUMMARY FOR NOVEMBER 20 2014...

CLIMATE NORMAL PERIOD 1981 TO 2010
CLIMATE RECORD PERIOD 1874 TO 2014


WEATHER ITEM   OBSERVED TIME   RECORD YEAR NORMAL DEPARTURE LAST
                VALUE   (LST)  VALUE       VALUE  FROM      YEAR
                                                  NORMAL
..................................................................
TEMPERATURE (F)
 YESTERDAY
  MAXIMUM         28    211 PM  70    1942  47    -19       45
                                      1931
  MINIMUM         19   1159 PM  12    1880  33    -14       29
  AVERAGE         24                        40    -16       37

PRECIPITATION (IN)
  YESTERDAY        T             1.02 1988   0.09  -0.09     0.00
  MONTH TO DATE    0.35                      1.86  -1.51     1.39
  SINCE SEP 1      7.42                      7.65  -0.23     6.07
  SINCE JAN 1     34.84                     30.08   4.80    37.05

SNOWFALL (IN)
  YESTERDAY        T             2.6  1986   0.1   -0.1      0.0
  MONTH TO DATE    3.7                       0.6    3.1      0.5
  SINCE SEP 1      3.7                       0.7    3.0      0.5
  SINCE JUL 1      3.7                       0.7    3.0      0.5
  SNOW DEPTH       2

DEGREE DAYS
 HEATING
  YESTERDAY       41                        25     16       28
  MONTH TO DATE  577                       429    148      460
  SINCE SEP 1   1076                       930    146      933
  SINCE JUL 1   1089                       940    149      945

 COOLING
  YESTERDAY        0                         0      0        0
  MONTH TO DATE    0                         0      0        0
  SINCE SEP 1     72                        92    -20       98
  SINCE JAN 1    704                       803    -99      891
..................................................................


WIND (MPH)
  HIGHEST WIND SPEED    32   HIGHEST WIND DIRECTION    SW (230)
  HIGHEST GUST SPEED    39   HIGHEST GUST DIRECTION    SW (230)
  AVERAGE WIND SPEED    15.5


SKY COVER
  POSSIBLE SUNSHINE  MM
  AVERAGE SKY COVER 0.8


WEATHER CONDITIONS
 THE FOLLOWING WEATHER WAS RECORDED YESTERDAY.
  LIGHT SNOW
  FOG
  FOG W/VISIBILITY <= 1/4 MILE


RELATIVE HUMIDITY (PERCENT)
 HIGHEST    81           100 AM
 LOWEST     55           400 PM
 AVERAGE    68

..........................................................


THE DETROIT MI CLIMATE NORMALS FOR TODAY
                         NORMAL    RECORD    YEAR
 MAXIMUM TEMPERATURE (F)   46        67      1913
 MINIMUM TEMPERATURE (F)   33         3      1880


SUNRISE AND SUNSET
NOVEMBER 21 2014......SUNRISE   731 AM EST   SUNSET   507 PM EST
NOVEMBER 22 2014......SUNRISE   732 AM EST   SUNSET   506 PM EST


-  INDICATES NEGATIVE NUMBERS.
R  INDICATES RECORD WAS SET OR TIED.
MM INDICATES DATA IS MISSING.
T  INDICATES TRACE AMOUNT.




$$
