000
CDUS43 KDTX 082026
CLIDTW


CLIMATE REPORT
NATIONAL WEATHER SERVICE DETROIT/PONTIAC MI
426 PM EDT TUE AUG 8 2017


...................................

...THE DETROIT MI CLIMATE SUMMARY FOR AUGUST 8 2017...
VALID TODAY AS OF 0400 PM LOCAL TIME.

CLIMATE NORMAL PERIOD 1981 TO 2010
CLIMATE RECORD PERIOD 1874 TO 2017


WEATHER ITEM   OBSERVED TIME   RECORD YEAR NORMAL DEPARTURE LAST
                VALUE   (LST)  VALUE       VALUE  FROM      YEAR
                                                  NORMAL
..................................................................
TEMPERATURE (F)
 TODAY
  MAXIMUM         84    254 PM  99    2001  82      2       85
  MINIMUM         56    502 AM  47    1989  64     -8       62
  AVERAGE         70                        73     -3       74

PRECIPITATION (IN)
  TODAY            0.00          2.03 1942   0.10  -0.10     0.00
  MONTH TO DATE    0.28                      0.86  -0.58     0.17
  SINCE JUN 1      4.74                      7.75  -3.01     3.04
  SINCE JAN 1     21.67                     20.29   1.38    15.77

SNOWFALL (IN)
  TODAY            0.0           0.0    MM   0.0    0.0      0.0
  MONTH TO DATE    0.0                       0.0    0.0      0.0
  SINCE JUN 1      0.0                       0.0    0.0      0.0
  SINCE JUL 1      0.0                       0.0    0.0      0.0
  SNOW DEPTH       0

DEGREE DAYS
 HEATING
  TODAY            0                         0      0        0
  MONTH TO DATE    0                         0      0        0
  SINCE JUN 1     11                        37    -26       14
  SINCE JUL 1      0                         2     -2        0

 COOLING
  TODAY            5                         8     -3        9
  MONTH TO DATE   59                        64     -5      102
  SINCE JUN 1    561                       502     59      675
  SINCE JAN 1    607                       550     57      753
..................................................................


WIND (MPH)
  HIGHEST WIND SPEED    13   HIGHEST WIND DIRECTION     N (340)
  HIGHEST GUST SPEED    19   HIGHEST GUST DIRECTION     W (260)
  AVERAGE WIND SPEED     4.9


SKY COVER
  POSSIBLE SUNSHINE  MM
  AVERAGE SKY COVER 0.2


WEATHER CONDITIONS
 THE FOLLOWING WEATHER WAS RECORDED TODAY.
  NO SIGNIFICANT WEATHER WAS OBSERVED.


RELATIVE HUMIDITY (PERCENT)
 HIGHEST    93           300 AM
 LOWEST     32           300 PM
 AVERAGE    63

..........................................................


THE DETROIT MI CLIMATE NORMALS FOR TOMORROW
                         NORMAL    RECORD    YEAR
 MAXIMUM TEMPERATURE (F)   82        96      1891
 MINIMUM TEMPERATURE (F)   63        46      1884


SUNRISE AND SUNSET
AUGUST  8 2017........SUNRISE   634 AM EDT   SUNSET   843 PM EDT
AUGUST  9 2017........SUNRISE   635 AM EDT   SUNSET   842 PM EDT


-  INDICATES NEGATIVE NUMBERS.
R  INDICATES RECORD WAS SET OR TIED.
MM INDICATES DATA IS MISSING.
T  INDICATES TRACE AMOUNT.




$$
