000
CDUS43 KDTX 250535
CLIDTW


CLIMATE REPORT
NATIONAL WEATHER SERVICE DETROIT/PONTIAC MI
135 AM EDT THU SEP 25 2014


...................................

...THE DETROIT MI CLIMATE SUMMARY FOR SEPTEMBER 24 2014...

CLIMATE NORMAL PERIOD 1981 TO 2010
CLIMATE RECORD PERIOD 1874 TO 2014


WEATHER ITEM   OBSERVED TIME   RECORD YEAR NORMAL DEPARTURE LAST
                VALUE   (LST)  VALUE       VALUE  FROM      YEAR
                                                  NORMAL
..................................................................
TEMPERATURE (F)
 YESTERDAY
  MAXIMUM         74    333 PM  89    1891  71      3       67
  MINIMUM         50    648 AM  33    1989  51     -1       45
  AVERAGE         62                        61      1       56

PRECIPITATION (IN)
  YESTERDAY        0.00          1.12 1926   0.10  -0.10     0.00
  MONTH TO DATE    4.53                      2.67   1.86     1.10
  SINCE SEP 1      4.53                      2.67   1.86     1.10
  SINCE JAN 1     31.95                     25.10   6.85    32.08

SNOWFALL (IN)
  YESTERDAY        0.0           0.0    MM   0.0    0.0      0.0
  MONTH TO DATE    0.0                       0.0    0.0      0.0
  SINCE SEP 1      0.0                       0.0    0.0      0.0
  SINCE JUL 1      0.0                       0.0    0.0      0.0
  SNOW DEPTH       0

DEGREE DAYS
 HEATING
  YESTERDAY        3                         5     -2        9
  MONTH TO DATE  101                        63     38       84
  SINCE SEP 1    101                        63     38       84
  SINCE JUL 1    114                        73     41       96

 COOLING
  YESTERDAY        0                         1     -1        0
  MONTH TO DATE   67                        77    -10       78
  SINCE SEP 1     67                        77    -10       78
  SINCE JAN 1    699                       788    -89      871
..................................................................


WIND (MPH)
  HIGHEST WIND SPEED    10   HIGHEST WIND DIRECTION     E (110)
  HIGHEST GUST SPEED    15   HIGHEST GUST DIRECTION     E (110)
  AVERAGE WIND SPEED     3.6


SKY COVER
  POSSIBLE SUNSHINE  MM
  AVERAGE SKY COVER 0.2


WEATHER CONDITIONS
 THE FOLLOWING WEATHER WAS RECORDED YESTERDAY.
  FOG
  HAZE


RELATIVE HUMIDITY (PERCENT)
 HIGHEST    89          1200 AM
 LOWEST     44           400 PM
 AVERAGE    67

..........................................................


THE DETROIT MI CLIMATE NORMALS FOR TODAY
                         NORMAL    RECORD    YEAR
 MAXIMUM TEMPERATURE (F)   70        93      1891
 MINIMUM TEMPERATURE (F)   51        34      1879


SUNRISE AND SUNSET
SEPTEMBER 25 2014.....SUNRISE   724 AM EDT   SUNSET   725 PM EDT
SEPTEMBER 26 2014.....SUNRISE   725 AM EDT   SUNSET   724 PM EDT


-  INDICATES NEGATIVE NUMBERS.
R  INDICATES RECORD WAS SET OR TIED.
MM INDICATES DATA IS MISSING.
T  INDICATES TRACE AMOUNT.




$$
