000
CDUS43 KDTX 050536
CLIDTW


CLIMATE REPORT
NATIONAL WEATHER SERVICE DETROIT/PONTIAC MI
1236 AM EST FRI FEB 5 2016


...................................

...THE DETROIT MI CLIMATE SUMMARY FOR FEBRUARY 4 2016...

CLIMATE NORMAL PERIOD 1981 TO 2010
CLIMATE RECORD PERIOD 1874 TO 2016


WEATHER ITEM   OBSERVED TIME   RECORD YEAR NORMAL DEPARTURE LAST
                VALUE   (LST)  VALUE       VALUE  FROM      YEAR
                                                  NORMAL
..................................................................
TEMPERATURE (F)
 YESTERDAY
  MAXIMUM         36    132 AM  63    1890  33      3       32
  MINIMUM         26   1159 PM -10    1918  19      7       15
                                      1875
  AVERAGE         31                        26      5       24

PRECIPITATION (IN)
  YESTERDAY        0.03          0.98 1971   0.07  -0.04     0.12
                                      1900
  MONTH TO DATE    0.49                      0.26   0.23     1.03
  SINCE DEC 1      4.84                      4.68   0.16     3.89
  SINCE JAN 1      1.83                      2.22  -0.39     2.48

SNOWFALL (IN)
  YESTERDAY        0.4          10.0  1900   0.4    0.0      1.5
  MONTH TO DATE    0.4                       1.5   -1.1     19.0
  SINCE DEC 1     10.1                      23.6  -13.5     33.3
  SINCE JUL 1     16.3                      25.2   -8.9     37.3
  SNOW DEPTH       0

DEGREE DAYS
 HEATING
  YESTERDAY       34                        39     -5       41
  MONTH TO DATE  109                       156    -47      185
  SINCE DEC 1   1980                      2461   -481     2501
  SINCE JUL 1   2900                      3676   -776     3878

 COOLING
  YESTERDAY        0                         0      0        0
  MONTH TO DATE    0                         0      0        0
  SINCE DEC 1      0                         0      0        0
  SINCE JAN 1      0                         0      0        0
..................................................................


WIND (MPH)
  HIGHEST WIND SPEED    17   HIGHEST WIND DIRECTION     W (250)
  HIGHEST GUST SPEED    23   HIGHEST GUST DIRECTION     W (250)
  AVERAGE WIND SPEED     9.4


SKY COVER
  POSSIBLE SUNSHINE  MM
  AVERAGE SKY COVER 1.0


WEATHER CONDITIONS
 THE FOLLOWING WEATHER WAS RECORDED YESTERDAY.
  LIGHT SNOW
  FOG


RELATIVE HUMIDITY (PERCENT)
 HIGHEST    89           300 AM
 LOWEST     69           900 PM
 AVERAGE    79

..........................................................


THE DETROIT MI CLIMATE NORMALS FOR TODAY
                         NORMAL    RECORD    YEAR
 MAXIMUM TEMPERATURE (F)   33        51      1993
                                             1962
                                             1944
 MINIMUM TEMPERATURE (F)   20       -16      1918


SUNRISE AND SUNSET
FEBRUARY  5 2016......SUNRISE   743 AM EST   SUNSET   552 PM EST
FEBRUARY  6 2016......SUNRISE   742 AM EST   SUNSET   554 PM EST


-  INDICATES NEGATIVE NUMBERS.
R  INDICATES RECORD WAS SET OR TIED.
MM INDICATES DATA IS MISSING.
T  INDICATES TRACE AMOUNT.




$$
