651
CDUS43 KDTX 132137
CLIDTW


CLIMATE REPORT
NATIONAL WEATHER SERVICE DETROIT/PONTIAC MI
427 PM EST TUE FEB 13 2018


...................................

...THE DETROIT MI CLIMATE SUMMARY FOR FEBRUARY 13 2018...
VALID TODAY AS OF 0400 PM LOCAL TIME.

CLIMATE NORMAL PERIOD 1981 TO 2010
CLIMATE RECORD PERIOD 1874 TO 2018


WEATHER ITEM   OBSERVED TIME   RECORD YEAR NORMAL DEPARTURE LAST
                VALUE   (LST)  VALUE       VALUE  FROM      YEAR
                                                  NORMAL
..................................................................
TEMPERATURE (F)
 TODAY
  MAXIMUM         28    356 PM  63    1990  35     -7       45
                                      1938
  MINIMUM         13    357 AM -12    1905  21     -8       29
  AVERAGE         21                        28     -7       37

PRECIPITATION (IN)
  TODAY            0.00          1.15 1950   0.08  -0.08     0.00
  MONTH TO DATE    1.62                      0.89   0.73     1.40
  SINCE DEC 1      4.46                      5.31  -0.85     6.39
  SINCE JAN 1      2.98                      2.85   0.13     4.23

SNOWFALL (IN)
  TODAY            0.0           8.0  1896   0.4   -0.4      0.0
  MONTH TO DATE   20.8                       4.8   16.0      2.0
  SINCE DEC 1     52.5                      26.9   25.6     30.6
  SINCE JUL 1     52.5                      28.5   24.0     30.7
  SNOW DEPTH       0

DEGREE DAYS
 HEATING
  TODAY           44                        37      7       28
  MONTH TO DATE  580                       499     81      438
  SINCE DEC 1   3007                      2804    203     2557
  SINCE JUL 1   4070                      4019     51     3425

 COOLING
  TODAY            0                         0      0        0
  MONTH TO DATE    0                         0      0        0
  SINCE DEC 1      0                         0      0        0
  SINCE JAN 1      0                         0      0        0
..................................................................


WIND (MPH)
  HIGHEST WIND SPEED    10   HIGHEST WIND DIRECTION    SE (120)
  HIGHEST GUST SPEED    16   HIGHEST GUST DIRECTION     E (110)
  AVERAGE WIND SPEED     4.7


SKY COVER
  POSSIBLE SUNSHINE  MM
  AVERAGE SKY COVER 0.9


WEATHER CONDITIONS
 THE FOLLOWING WEATHER WAS RECORDED TODAY.
  FOG
  HAZE


RELATIVE HUMIDITY (PERCENT)
 HIGHEST    92           300 AM
 LOWEST     42           200 PM
 AVERAGE    67

..........................................................


THE DETROIT MI CLIMATE NORMALS FOR TOMORROW
                         NORMAL    RECORD    YEAR
 MAXIMUM TEMPERATURE (F)   35        57      1918
 MINIMUM TEMPERATURE (F)   21       -15      1905


SUNRISE AND SUNSET
FEBRUARY 13 2018......SUNRISE   732 AM EST   SUNSET   603 PM EST
FEBRUARY 14 2018......SUNRISE   731 AM EST   SUNSET   605 PM EST


-  INDICATES NEGATIVE NUMBERS.
R  INDICATES RECORD WAS SET OR TIED.
MM INDICATES DATA IS MISSING.
T  INDICATES TRACE AMOUNT.




$$
