000
CDUS43 KDTX 302133
CLIDTW


CLIMATE REPORT
NATIONAL WEATHER SERVICE DETROIT/PONTIAC MI
432 PM EST THU NOV 30 2017


...................................

...THE DETROIT MI CLIMATE SUMMARY FOR NOVEMBER 30 2017...
VALID TODAY AS OF 0400 PM LOCAL TIME.

CLIMATE NORMAL PERIOD 1981 TO 2010
CLIMATE RECORD PERIOD 1874 TO 2017


WEATHER ITEM   OBSERVED TIME   RECORD YEAR NORMAL DEPARTURE LAST
                VALUE   (LST)  VALUE       VALUE  FROM      YEAR
                                                  NORMAL
..................................................................
TEMPERATURE (F)
 TODAY
  MAXIMUM         51    348 PM  65    1998  42      9       58
  MINIMUM         31    237 AM   4    1929  29      2       40
                                      1874
  AVERAGE         41                        36      5       49

PRECIPITATION (IN)
  TODAY            0.15          1.05 2006   0.09   0.06     0.00
  MONTH TO DATE    4.93                      2.79   2.14     2.10
  SINCE SEP 1      8.68                      8.58   0.10    11.36
  SINCE JAN 1     33.98                     31.01   2.97    32.58

SNOWFALL (IN)
  TODAY            0.0           3.8  1927   0.1   -0.1      0.0
  MONTH TO DATE    T                         1.5   -1.5      0.1
  SINCE SEP 1      T                         1.6   -1.6      0.1
  SINCE JUL 1      T                         1.6   -1.6      0.1
  SNOW DEPTH       0

DEGREE DAYS
 HEATING
  TODAY           24                        29     -5       16
  MONTH TO DATE  730                       704     26      541
  SINCE SEP 1   1059                      1205   -146      868
  SINCE JUL 1   1063                      1215   -152      868

 COOLING
  TODAY            0                         0      0        0
  MONTH TO DATE    0                         0      0        0
  SINCE SEP 1    168                        92     76      154
  SINCE JAN 1    918                       803    115     1177
..................................................................


WIND (MPH)
  HIGHEST WIND SPEED    25   HIGHEST WIND DIRECTION     W (280)
  HIGHEST GUST SPEED    37   HIGHEST GUST DIRECTION     W (280)
  AVERAGE WIND SPEED     7.4


SKY COVER
  POSSIBLE SUNSHINE  MM
  AVERAGE SKY COVER 0.8


WEATHER CONDITIONS
 THE FOLLOWING WEATHER WAS RECORDED TODAY.
  RAIN
  LIGHT RAIN
  FOG


RELATIVE HUMIDITY (PERCENT)
 HIGHEST    92          1100 AM
 LOWEST     50           400 PM
 AVERAGE    71

..........................................................


THE DETROIT MI CLIMATE NORMALS FOR TOMORROW
                         NORMAL    RECORD    YEAR
 MAXIMUM TEMPERATURE (F)   41        64      1970
 MINIMUM TEMPERATURE (F)   29         8      1930
                                             1886


SUNRISE AND SUNSET
NOVEMBER 30 2017......SUNRISE   742 AM EST   SUNSET   502 PM EST
DECEMBER  1 2017......SUNRISE   743 AM EST   SUNSET   502 PM EST


-  INDICATES NEGATIVE NUMBERS.
R  INDICATES RECORD WAS SET OR TIED.
MM INDICATES DATA IS MISSING.
T  INDICATES TRACE AMOUNT.




$$
