000
CDUS43 KDTX 160541
CLIDTW


CLIMATE REPORT
NATIONAL WEATHER SERVICE DETROIT/PONTIAC MI
140 AM EDT SAT APR 16 2016


...................................

...THE DETROIT MI CLIMATE SUMMARY FOR APRIL 15 2016...

CLIMATE NORMAL PERIOD 1981 TO 2010
CLIMATE RECORD PERIOD 1874 TO 2016


WEATHER ITEM   OBSERVED TIME   RECORD YEAR NORMAL DEPARTURE LAST
                VALUE   (LST)  VALUE       VALUE  FROM      YEAR
                                                  NORMAL
..................................................................
TEMPERATURE (F)
 YESTERDAY
  MAXIMUM         68    458 PM  85    2003  59      9       64
                                      1976
  MINIMUM         35    604 AM  21    1935  39     -4       41
  AVERAGE         52                        49      3       53

PRECIPITATION (IN)
  YESTERDAY        0.00          1.48 1919   0.10  -0.10     0.00
  MONTH TO DATE    0.84                      1.43  -0.59     1.62
  SINCE MAR 1      5.70                      3.71   1.99     2.42
  SINCE JAN 1      9.06                      7.69   1.37     5.22

SNOWFALL (IN)
  YESTERDAY        0.0           2.6  2014   0.1   -0.1      0.0
  MONTH TO DATE    1.3                       1.3    0.0      0.0
  SINCE MAR 1      8.7                       8.2    0.5      2.8
  SINCE JUL 1     35.3                      42.1   -6.8     47.5
  SNOW DEPTH       0

DEGREE DAYS
 HEATING
  YESTERDAY       13                        16     -3       12
  MONTH TO DATE  383                       280    103      226
  SINCE MAR 1   1053                      1142    -89     1163
  SINCE JUL 1   4818                      5695   -877     6274

 COOLING
  YESTERDAY        0                         0      0        0
  MONTH TO DATE    0                         0      0        0
  SINCE MAR 1      0                         0      0        0
  SINCE JAN 1      0                         0      0        0
..................................................................


WIND (MPH)
  HIGHEST WIND SPEED    15   HIGHEST WIND DIRECTION    NE (50)
  HIGHEST GUST SPEED    21   HIGHEST GUST DIRECTION    NE (40)
  AVERAGE WIND SPEED     6.9


SKY COVER
  POSSIBLE SUNSHINE  MM
  AVERAGE SKY COVER 0.0


WEATHER CONDITIONS
 THE FOLLOWING WEATHER WAS RECORDED YESTERDAY.
  NO SIGNIFICANT WEATHER WAS OBSERVED.


RELATIVE HUMIDITY (PERCENT)
 HIGHEST    70           200 AM
 LOWEST     26           500 PM
 AVERAGE    48

..........................................................


THE DETROIT MI CLIMATE NORMALS FOR TODAY
                         NORMAL    RECORD    YEAR
 MAXIMUM TEMPERATURE (F)   60        86      2002
 MINIMUM TEMPERATURE (F)   40        17      1875


SUNRISE AND SUNSET
APRIL 16 2016.........SUNRISE   650 AM EDT   SUNSET   816 PM EDT
APRIL 17 2016.........SUNRISE   649 AM EDT   SUNSET   818 PM EDT


-  INDICATES NEGATIVE NUMBERS.
R  INDICATES RECORD WAS SET OR TIED.
MM INDICATES DATA IS MISSING.
T  INDICATES TRACE AMOUNT.




$$
