000
CDUS43 KDTX 280537
CLIDTW


CLIMATE REPORT
NATIONAL WEATHER SERVICE DETROIT/PONTIAC MI
136 AM EDT THU MAY 28 2015


...................................

...THE DETROIT MI CLIMATE SUMMARY FOR MAY 27 2015...

CLIMATE NORMAL PERIOD 1981 TO 2010
CLIMATE RECORD PERIOD 1874 TO 2015


WEATHER ITEM   OBSERVED TIME   RECORD YEAR NORMAL DEPARTURE LAST
                VALUE   (LST)  VALUE       VALUE  FROM      YEAR
                                                  NORMAL
..................................................................
TEMPERATURE (F)
 YESTERDAY
  MAXIMUM         81   1206 PM  91    1941  73      8       86
                                      1911
  MINIMUM         64   1153 PM  35    1915  53     11       67
  AVERAGE         73                        63     10       77

PRECIPITATION (IN)
  YESTERDAY        T             1.68 2014   0.12  -0.12     1.68
                                      1882
  MONTH TO DATE    3.19                      2.93   0.26     4.80
  SINCE MAR 1      6.60                      8.11  -1.51     8.86
  SINCE JAN 1      9.40                     12.09  -2.69    14.60

SNOWFALL (IN)
  YESTERDAY        0.0           0.0    MM   0.0    0.0      0.0
  MONTH TO DATE    0.0                       0.0    0.0      0.0
  SINCE MAR 1      2.8                       8.6   -5.8     15.7
  SINCE JUL 1     47.5                      42.5    5.0     94.9
  SNOW DEPTH       0

DEGREE DAYS
 HEATING
  YESTERDAY        0                         4     -4        0
  MONTH TO DATE   96                       194    -98      168
  SINCE MAR 1   1474                      1535    -61     1760
  SINCE JUL 1   6585                      6088    497     7010

 COOLING
  YESTERDAY        8                         2      6       12
  MONTH TO DATE   89                        30     59       58
  SINCE MAR 1     89                        36     53       58
  SINCE JAN 1     89                        36     53       58
..................................................................


WIND (MPH)
  HIGHEST WIND SPEED    24   HIGHEST WIND DIRECTION     S (170)
  HIGHEST GUST SPEED    30   HIGHEST GUST DIRECTION     S (170)
  AVERAGE WIND SPEED    12.7


SKY COVER
  POSSIBLE SUNSHINE  MM
  AVERAGE SKY COVER 0.8


WEATHER CONDITIONS
 THE FOLLOWING WEATHER WAS RECORDED YESTERDAY.
  LIGHT RAIN


RELATIVE HUMIDITY (PERCENT)
 HIGHEST    87           300 AM
 LOWEST     57           700 PM
 AVERAGE    72

..........................................................


THE DETROIT MI CLIMATE NORMALS FOR TODAY
                         NORMAL    RECORD    YEAR
 MAXIMUM TEMPERATURE (F)   74        95      2012
 MINIMUM TEMPERATURE (F)   53        35      1907
                                             1894
                                             1889


SUNRISE AND SUNSET
MAY 28 2015...........SUNRISE   602 AM EDT   SUNSET   900 PM EDT
MAY 29 2015...........SUNRISE   601 AM EDT   SUNSET   901 PM EDT


-  INDICATES NEGATIVE NUMBERS.
R  INDICATES RECORD WAS SET OR TIED.
MM INDICATES DATA IS MISSING.
T  INDICATES TRACE AMOUNT.




$$
