000
CDUS43 KDTX 260536
CLIDTW


CLIMATE REPORT
NATIONAL WEATHER SERVICE DETROIT/PONTIAC MI
136 AM EDT FRI AUG 26 2016


...................................

...THE DETROIT MI CLIMATE SUMMARY FOR AUGUST 25 2016...

CLIMATE NORMAL PERIOD 1981 TO 2010
CLIMATE RECORD PERIOD 1874 TO 2016


WEATHER ITEM   OBSERVED TIME   RECORD YEAR NORMAL DEPARTURE LAST
                VALUE   (LST)  VALUE       VALUE  FROM      YEAR
                                                  NORMAL
..................................................................
TEMPERATURE (F)
 YESTERDAY
  MAXIMUM         88    300 PM  98    1948  81      7       66
  MINIMUM         69   1159 PM  48    1942  62      7       58
                                      1934
                                      1923
  AVERAGE         79                        71      8       62

PRECIPITATION (IN)
  YESTERDAY        0.00          1.76 1940   0.09  -0.09     0.01
  MONTH TO DATE    4.33                      2.42   1.91     2.98
  SINCE JUN 1      7.20                      9.31  -2.11    10.06
  SINCE JAN 1     19.93                     21.85  -1.92    21.80

SNOWFALL (IN)
  YESTERDAY        0.0           0.0    MM   0.0    0.0      0.0
  MONTH TO DATE    0.0                       0.0    0.0      0.0
  SINCE JUN 1      0.0                       0.0    0.0      0.0
  SINCE JUL 1      0.0                       0.0    0.0      0.0
  SNOW DEPTH       0

DEGREE DAYS
 HEATING
  YESTERDAY        0                         0      0        3
  MONTH TO DATE    0                         0      0        3
  SINCE JUN 1     14                        37    -23       28
  SINCE JUL 1      0                         2     -2        6

 COOLING
  YESTERDAY       14                         6      8        0
  MONTH TO DATE  312                       189    123      193
  SINCE JUN 1    885                       627    258      587
  SINCE JAN 1    963                       675    288      691
..................................................................


WIND (MPH)
  HIGHEST WIND SPEED    22   HIGHEST WIND DIRECTION    SW (230)
  HIGHEST GUST SPEED    26   HIGHEST GUST DIRECTION    SW (220)
  AVERAGE WIND SPEED     9.1


SKY COVER
  POSSIBLE SUNSHINE  MM
  AVERAGE SKY COVER 0.7


WEATHER CONDITIONS
 THE FOLLOWING WEATHER WAS RECORDED YESTERDAY.
  FOG
  HAZE


RELATIVE HUMIDITY (PERCENT)
 HIGHEST   100          1200 AM
 LOWEST     59           200 PM
 AVERAGE    80

..........................................................


THE DETROIT MI CLIMATE NORMALS FOR TODAY
                         NORMAL    RECORD    YEAR
 MAXIMUM TEMPERATURE (F)   80        96      1953
                                             1948
 MINIMUM TEMPERATURE (F)   62        47      1984
                                             1915


SUNRISE AND SUNSET
AUGUST 26 2016........SUNRISE   653 AM EDT   SUNSET   816 PM EDT
AUGUST 27 2016........SUNRISE   654 AM EDT   SUNSET   815 PM EDT


-  INDICATES NEGATIVE NUMBERS.
R  INDICATES RECORD WAS SET OR TIED.
MM INDICATES DATA IS MISSING.
T  INDICATES TRACE AMOUNT.




$$
