000
CDUS43 KDTX 050535
CLIDTW


CLIMATE REPORT
NATIONAL WEATHER SERVICE DETROIT/PONTIAC MI
135 AM EDT SUN JUL 5 2015


...................................

...THE DETROIT MI CLIMATE SUMMARY FOR JULY 4 2015...

CLIMATE NORMAL PERIOD 1981 TO 2010
CLIMATE RECORD PERIOD 1874 TO 2015


WEATHER ITEM   OBSERVED TIME   RECORD YEAR NORMAL DEPARTURE LAST
                VALUE   (LST)  VALUE       VALUE  FROM      YEAR
                                                  NORMAL
..................................................................
TEMPERATURE (F)
 YESTERDAY
  MAXIMUM         81    342 PM 102    2012  83     -2       77
  MINIMUM         57    548 AM  49    1972  64     -7       55
  AVERAGE         69                        73     -4       66

PRECIPITATION (IN)
  YESTERDAY        0.00          2.38 1969   0.10  -0.10     0.00
  MONTH TO DATE    0.00                      0.41  -0.41     0.55
  SINCE JUN 1      5.32                      3.93   1.39     4.55
  SINCE JAN 1     17.06                     16.47   0.59    19.22

SNOWFALL (IN)
  YESTERDAY        0.0           0.0    MM   0.0    0.0      0.0
  MONTH TO DATE    0.0                       0.0    0.0      0.0
  SINCE JUN 1      0.0                       0.0    0.0      0.0
  SINCE JUL 1      0.0                       0.0    0.0      0.0
  SNOW DEPTH       0

DEGREE DAYS
 HEATING
  YESTERDAY        0                         0      0        0
  MONTH TO DATE    0                         0      0        0
  SINCE JUN 1     22                        35    -13       12
  SINCE JUL 1      0                         0      0        0

 COOLING
  YESTERDAY        4                         9     -5        1
  MONTH TO DATE    9                        33    -24       21
  SINCE JUN 1    149                       200    -51      206
  SINCE JAN 1    253                       248      5      270
..................................................................


WIND (MPH)
  HIGHEST WIND SPEED    10   HIGHEST WIND DIRECTION    SW (230)
  HIGHEST GUST SPEED    15   HIGHEST GUST DIRECTION    SW (210)
  AVERAGE WIND SPEED     3.9


SKY COVER
  POSSIBLE SUNSHINE  MM
  AVERAGE SKY COVER 0.2


WEATHER CONDITIONS
 THE FOLLOWING WEATHER WAS RECORDED YESTERDAY.
  HAZE


RELATIVE HUMIDITY (PERCENT)
 HIGHEST    86           600 AM
 LOWEST     39           200 PM
 AVERAGE    63

..........................................................


THE DETROIT MI CLIMATE NORMALS FOR TODAY
                         NORMAL    RECORD    YEAR
 MAXIMUM TEMPERATURE (F)   83        96      1988
                                             1977
                                             1921
 MINIMUM TEMPERATURE (F)   64        47      1972


SUNRISE AND SUNSET
JULY  5 2015..........SUNRISE   603 AM EDT   SUNSET   913 PM EDT
JULY  6 2015..........SUNRISE   603 AM EDT   SUNSET   912 PM EDT


-  INDICATES NEGATIVE NUMBERS.
R  INDICATES RECORD WAS SET OR TIED.
MM INDICATES DATA IS MISSING.
T  INDICATES TRACE AMOUNT.




$$
