000
CDUS43 KDTX 070555
CLIDTW


CLIMATE REPORT
NATIONAL WEATHER SERVICE DETROIT/PONTIAC MI
155 AM EDT SAT OCT 7 2017


...................................

...THE DETROIT MI CLIMATE SUMMARY FOR OCTOBER 6 2017...

CLIMATE NORMAL PERIOD 1981 TO 2010
CLIMATE RECORD PERIOD 1874 TO 2017


WEATHER ITEM   OBSERVED TIME   RECORD YEAR NORMAL DEPARTURE LAST
                VALUE   (LST)  VALUE       VALUE  FROM      YEAR
                                                  NORMAL
..................................................................
TEMPERATURE (F)
 YESTERDAY
  MAXIMUM         65   1159 PM  91    1963  65      0       79
  MINIMUM         57    928 AM  30    1935  46     11       61
  AVERAGE         61                        56      5       70

PRECIPITATION (IN)
  YESTERDAY        0.37          2.20 1959   0.09   0.28     0.00
  MONTH TO DATE    0.44                      0.53  -0.09     0.31
  SINCE SEP 1      1.35                      3.80  -2.45     6.59
  SINCE JAN 1     26.65                     26.23   0.42    27.81

SNOWFALL (IN)
  YESTERDAY        0.0           T    1991   0.0    0.0      0.0
  MONTH TO DATE    0.0                       0.0    0.0      0.0
  SINCE SEP 1      0.0                       0.0    0.0      0.0
  SINCE JUL 1      0.0                       0.0    0.0      0.0
  SNOW DEPTH       0

DEGREE DAYS
 HEATING
  YESTERDAY        4                        10     -6        0
  MONTH TO DATE   19                        53    -34       13
  SINCE SEP 1     85                       157    -72       43
  SINCE JUL 1     89                       167    -78       43

 COOLING
  YESTERDAY        0                         1     -1        5
  MONTH TO DATE   12                         6      6        9
  SINCE SEP 1    148                        90     58      141
  SINCE JAN 1    898                       801     97     1164
..................................................................


WIND (MPH)
  HIGHEST WIND SPEED    13   HIGHEST WIND DIRECTION     N (20)
  HIGHEST GUST SPEED    15   HIGHEST GUST DIRECTION    NE (30)
  AVERAGE WIND SPEED     4.6


SKY COVER
  POSSIBLE SUNSHINE  MM
  AVERAGE SKY COVER 1.0


WEATHER CONDITIONS
 THE FOLLOWING WEATHER WAS RECORDED YESTERDAY.
  RAIN
  LIGHT RAIN
  FOG


RELATIVE HUMIDITY (PERCENT)
 HIGHEST   100           900 AM
 LOWEST     90          1200 AM
 AVERAGE    95

..........................................................


THE DETROIT MI CLIMATE NORMALS FOR TODAY
                         NORMAL    RECORD    YEAR
 MAXIMUM TEMPERATURE (F)   65        92      1963
 MINIMUM TEMPERATURE (F)   46        29      1935


SUNRISE AND SUNSET
OCTOBER  7 2017.......SUNRISE   737 AM EDT   SUNSET   704 PM EDT
OCTOBER  8 2017.......SUNRISE   738 AM EDT   SUNSET   702 PM EDT


-  INDICATES NEGATIVE NUMBERS.
R  INDICATES RECORD WAS SET OR TIED.
MM INDICATES DATA IS MISSING.
T  INDICATES TRACE AMOUNT.




$$
