159
CDUS43 KDTX 240535
CLIDTW


CLIMATE REPORT
NATIONAL WEATHER SERVICE DETROIT/PONTIAC MI
135 AM EDT SUN APR 24 2016


...................................

...THE DETROIT MI CLIMATE SUMMARY FOR APRIL 23 2016...

CLIMATE NORMAL PERIOD 1981 TO 2010
CLIMATE RECORD PERIOD 1874 TO 2016


WEATHER ITEM   OBSERVED TIME   RECORD YEAR NORMAL DEPARTURE LAST
                VALUE   (LST)  VALUE       VALUE  FROM      YEAR
                                                  NORMAL
..................................................................
TEMPERATURE (F)
 YESTERDAY
  MAXIMUM         59    455 PM  88    1925  62     -3       43
  MINIMUM         38    605 AM  23    1986  42     -4       31
  AVERAGE         49                        52     -3       37

PRECIPITATION (IN)
  YESTERDAY        0.00          0.96 1977   0.10  -0.10      T
  MONTH TO DATE    1.10                      2.22  -1.12     2.29
  SINCE MAR 1      5.96                      4.50   1.46     3.09
  SINCE JAN 1      9.32                      8.48   0.84     5.89

SNOWFALL (IN)
  YESTERDAY        0.0           1.2  2005   0.0    0.0       T
                                      1967
  MONTH TO DATE    1.3                       1.6   -0.3       T
  SINCE MAR 1      8.7                       8.5    0.2      2.8
  SINCE JUL 1     35.3                      42.4   -7.1     47.5
  SNOW DEPTH       0

DEGREE DAYS
 HEATING
  YESTERDAY       16                        13      3       28
  MONTH TO DATE  452                       396     56      330
  SINCE MAR 1   1122                      1258   -136     1267
  SINCE JUL 1   4887                      5811   -924     6378

 COOLING
  YESTERDAY        0                         0      0        0
  MONTH TO DATE    0                         0      0        0
  SINCE MAR 1      0                         0      0        0
  SINCE JAN 1      0                         0      0        0
..................................................................


WIND (MPH)
  HIGHEST WIND SPEED    16   HIGHEST WIND DIRECTION     N (360)
  HIGHEST GUST SPEED    20   HIGHEST GUST DIRECTION    NE (30)
  AVERAGE WIND SPEED     7.7


SKY COVER
  POSSIBLE SUNSHINE  MM
  AVERAGE SKY COVER 0.2


WEATHER CONDITIONS
 THE FOLLOWING WEATHER WAS RECORDED YESTERDAY.
  NO SIGNIFICANT WEATHER WAS OBSERVED.


RELATIVE HUMIDITY (PERCENT)
 HIGHEST    82           400 AM
 LOWEST     23           500 PM
 AVERAGE    53

..........................................................


THE DETROIT MI CLIMATE NORMALS FOR TODAY
                         NORMAL    RECORD    YEAR
 MAXIMUM TEMPERATURE (F)   63        86      2009
                                             1960
                                             1925
 MINIMUM TEMPERATURE (F)   42        27      1892
                                             1883
                                             1875


SUNRISE AND SUNSET
APRIL 24 2016.........SUNRISE   638 AM EDT   SUNSET   825 PM EDT
APRIL 25 2016.........SUNRISE   637 AM EDT   SUNSET   827 PM EDT


-  INDICATES NEGATIVE NUMBERS.
R  INDICATES RECORD WAS SET OR TIED.
MM INDICATES DATA IS MISSING.
T  INDICATES TRACE AMOUNT.




$$
