000
CDUS43 KDTX 252130
CLIDTW


CLIMATE REPORT
NATIONAL WEATHER SERVICE DETROIT/PONTIAC MI
430 PM EST WED FEB 25 2015


...................................

...THE DETROIT MI CLIMATE SUMMARY FOR FEBRUARY 25 2015...
VALID TODAY AS OF 0400 PM LOCAL TIME.

CLIMATE NORMAL PERIOD 1981 TO 2010
CLIMATE RECORD PERIOD 1874 TO 2015


WEATHER ITEM   OBSERVED TIME   RECORD YEAR NORMAL DEPARTURE LAST
                VALUE   (LST)  VALUE       VALUE  FROM      YEAR
                                                  NORMAL
..................................................................
TEMPERATURE (F)
 TODAY
  MAXIMUM         24    220 AM  66    1957  38    -14       24
  MINIMUM          9    731 AM  -2    1993  23    -14       13
                                      1900
  AVERAGE         17                        30    -13       19

PRECIPITATION (IN)
  TODAY            T             0.91 1918   0.08  -0.08      T
  MONTH TO DATE    1.32                      1.79  -0.47     2.81
  SINCE DEC 1      4.18                      6.21  -2.03     8.15
  SINCE JAN 1      2.77                      3.75  -0.98     5.73

SNOWFALL (IN)
  TODAY            0.1           9.3  1965   0.4   -0.3      0.4
  MONTH TO DATE   25.9                       9.2   16.7     23.1
  SINCE DEC 1     40.2                      31.3    8.9     77.7
  SINCE JUL 1     44.2                      32.9   11.3     78.9
  SNOW DEPTH      11

DEGREE DAYS
 HEATING
  TODAY           48                        35     13       46
  MONTH TO DATE 1253                       931    322     1107
  SINCE DEC 1   3569                      3236    333     3783
  SINCE JUL 1   4946                      4451    495     5085

 COOLING
  TODAY            0                         0      0        0
  MONTH TO DATE    0                         0      0        0
  SINCE DEC 1      0                         0      0        0
  SINCE JAN 1      0                         0      0        0
..................................................................


WIND (MPH)
  HIGHEST WIND SPEED    20   HIGHEST WIND DIRECTION    SW (220)
  HIGHEST GUST SPEED    24   HIGHEST GUST DIRECTION     W (280)
  AVERAGE WIND SPEED     7.9


SKY COVER
  POSSIBLE SUNSHINE  MM
  AVERAGE SKY COVER 0.6


WEATHER CONDITIONS
 THE FOLLOWING WEATHER WAS RECORDED TODAY.
  LIGHT SNOW


RELATIVE HUMIDITY (PERCENT)
 HIGHEST    74          1200 AM
 LOWEST     41           200 PM
 AVERAGE    58

..........................................................


THE DETROIT MI CLIMATE NORMALS FOR TOMORROW
                         NORMAL    RECORD    YEAR
 MAXIMUM TEMPERATURE (F)   38        69      2000
 MINIMUM TEMPERATURE (F)   23        -1      1963


SUNRISE AND SUNSET
FEBRUARY 25 2015......SUNRISE   715 AM EST   SUNSET   618 PM EST
FEBRUARY 26 2015......SUNRISE   714 AM EST   SUNSET   619 PM EST


-  INDICATES NEGATIVE NUMBERS.
R  INDICATES RECORD WAS SET OR TIED.
MM INDICATES DATA IS MISSING.
T  INDICATES TRACE AMOUNT.




$$
