000
CDUS43 KDTX 140537
CLIDTW


CLIMATE REPORT
NATIONAL WEATHER SERVICE DETROIT/PONTIAC MI
137 AM EDT WED JUN 14 2017


...................................

...THE DETROIT MI CLIMATE SUMMARY FOR JUNE 13 2017...

CLIMATE NORMAL PERIOD 1981 TO 2010
CLIMATE RECORD PERIOD 1874 TO 2017


WEATHER ITEM   OBSERVED TIME   RECORD YEAR NORMAL DEPARTURE LAST
                VALUE   (LST)  VALUE       VALUE  FROM      YEAR
                                                  NORMAL
..................................................................
TEMPERATURE (F)
 YESTERDAY
  MAXIMUM         92    330 PM  96    1956  79     13       74
  MINIMUM         73   1159 PM  42    1875  59     14       52
  AVERAGE         83                        69     14       63

PRECIPITATION (IN)
  YESTERDAY        0.00          1.80 1898   0.13  -0.13      T
  MONTH TO DATE    0.04                      1.58  -1.54     1.06
  SINCE JUN 1      0.04                      1.58  -1.54     1.06
  SINCE JAN 1     16.97                     14.12   2.85    13.79

SNOWFALL (IN)
  YESTERDAY        0.0           0.0    MM   0.0    0.0      0.0
  MONTH TO DATE    0.0                       0.0    0.0      0.0
  SINCE JUN 1      0.0                       0.0    0.0      0.0
  SINCE JUL 1     37.9                      42.5   -4.6     35.3
  SNOW DEPTH       0

DEGREE DAYS
 HEATING
  YESTERDAY        0                         1     -1        2
  MONTH TO DATE    9                        25    -16       14
  SINCE JUN 1      9                        25    -16       14
  SINCE JUL 1   5155                      6127   -972     5195

 COOLING
  YESTERDAY       18                         5     13        0
  MONTH TO DATE   74                        51     23       59
  SINCE JUN 1     74                        51     23       59
  SINCE JAN 1    120                        99     21      137
..................................................................


WIND (MPH)
  HIGHEST WIND SPEED    18   HIGHEST WIND DIRECTION    NE (40)
  HIGHEST GUST SPEED    23   HIGHEST GUST DIRECTION    NE (30)
  AVERAGE WIND SPEED     8.2


SKY COVER
  POSSIBLE SUNSHINE  MM
  AVERAGE SKY COVER 0.8


WEATHER CONDITIONS
 THE FOLLOWING WEATHER WAS RECORDED YESTERDAY.
  NO SIGNIFICANT WEATHER WAS OBSERVED.


RELATIVE HUMIDITY (PERCENT)
 HIGHEST    73           300 AM
 LOWEST     44           300 PM
 AVERAGE    59

..........................................................


THE DETROIT MI CLIMATE NORMALS FOR TODAY
                         NORMAL    RECORD    YEAR
 MAXIMUM TEMPERATURE (F)   79        96      1988
 MINIMUM TEMPERATURE (F)   59        42      1978


SUNRISE AND SUNSET
JUNE 14 2017..........SUNRISE   556 AM EDT   SUNSET   911 PM EDT
JUNE 15 2017..........SUNRISE   556 AM EDT   SUNSET   912 PM EDT


-  INDICATES NEGATIVE NUMBERS.
R  INDICATES RECORD WAS SET OR TIED.
MM INDICATES DATA IS MISSING.
T  INDICATES TRACE AMOUNT.




$$
