000
CDUS43 KDTX 230555
CLIDTW


CLIMATE REPORT
NATIONAL WEATHER SERVICE DETROIT/PONTIAC MI
1255 AM EST FRI JAN 23 2015


...................................

...THE DETROIT MI CLIMATE SUMMARY FOR JANUARY 22 2015...

CLIMATE NORMAL PERIOD 1981 TO 2010
CLIMATE RECORD PERIOD 1874 TO 2015


WEATHER ITEM   OBSERVED TIME   RECORD YEAR NORMAL DEPARTURE LAST
                VALUE   (LST)  VALUE       VALUE  FROM      YEAR
                                                  NORMAL
..................................................................
TEMPERATURE (F)
 YESTERDAY
  MAXIMUM         30   1127 AM  62    1906  32     -2       11
  MINIMUM         19   1159 PM -10    1970  19      0       -6
  AVERAGE         25                        25      0        3

PRECIPITATION (IN)
  YESTERDAY        T             1.19 1874   0.06  -0.06     0.05
  MONTH TO DATE    1.40                      1.43  -0.03     2.40
  SINCE DEC 1      2.81                      3.89  -1.08     4.82
  SINCE JAN 1      1.40                      1.43  -0.03     2.40

SNOWFALL (IN)
  YESTERDAY       MM            12.2  2005   0.4   MM        1.1
  MONTH TO DATE   13.3                       9.0    4.3     28.9
  SINCE DEC 1     13.4                      18.6   -5.2     44.4
  SINCE JUL 1     17.4                      20.2   -2.8     45.6
  SNOW DEPTH       0

DEGREE DAYS
 HEATING
  YESTERDAY       40                        40      0       62
  MONTH TO DATE  977                       870    107     1028
  SINCE DEC 1   1944                      1952     -8     2205
  SINCE JUL 1   3321                      3167    154     3507

 COOLING
  YESTERDAY        0                         0      0        0
  MONTH TO DATE    0                         0      0        0
  SINCE DEC 1      0                         0      0        0
  SINCE JAN 1      0                         0      0        0
..................................................................


WIND (MPH)
  HIGHEST WIND SPEED    14   HIGHEST WIND DIRECTION     W (270)
  HIGHEST GUST SPEED    18   HIGHEST GUST DIRECTION     W (270)
  AVERAGE WIND SPEED     5.3


SKY COVER
  POSSIBLE SUNSHINE  MM
  AVERAGE SKY COVER 1.0


WEATHER CONDITIONS
 THE FOLLOWING WEATHER WAS RECORDED YESTERDAY.
  LIGHT SNOW
  FOG
  HAZE


RELATIVE HUMIDITY (PERCENT)
 HIGHEST    88           400 AM
 LOWEST     69          1200 PM
 AVERAGE    79

..........................................................


THE DETROIT MI CLIMATE NORMALS FOR TODAY
                         NORMAL    RECORD    YEAR
 MAXIMUM TEMPERATURE (F)   32        61      1967
 MINIMUM TEMPERATURE (F)   19       -12      1963


SUNRISE AND SUNSET
JANUARY 23 2015.......SUNRISE   755 AM EST   SUNSET   536 PM EST
JANUARY 24 2015.......SUNRISE   754 AM EST   SUNSET   537 PM EST


-  INDICATES NEGATIVE NUMBERS.
R  INDICATES RECORD WAS SET OR TIED.
MM INDICATES DATA IS MISSING.
T  INDICATES TRACE AMOUNT.




$$
