000
CDUS43 KDTX 220538
CLIDTW


CLIMATE REPORT
NATIONAL WEATHER SERVICE DETROIT/PONTIAC MI
1238 AM EST SUN FEB 22 2015


...................................

...THE DETROIT MI CLIMATE SUMMARY FOR FEBRUARY 21 2015...

CLIMATE NORMAL PERIOD 1981 TO 2010
CLIMATE RECORD PERIOD 1874 TO 2015


WEATHER ITEM   OBSERVED TIME   RECORD YEAR NORMAL DEPARTURE LAST
                VALUE   (LST)  VALUE       VALUE  FROM      YEAR
                                                  NORMAL
..................................................................
TEMPERATURE (F)
 YESTERDAY
  MAXIMUM         24    603 PM  63    1930  37    -13       46
  MINIMUM         14   1204 AM  -2    1918  22     -8       32
  AVERAGE         19                        29    -10       39

PRECIPITATION (IN)
  YESTERDAY        0.06          0.87 1898   0.07  -0.01      T
  MONTH TO DATE    1.32                      1.47  -0.15     2.81
  SINCE DEC 1      4.18                      5.89  -1.71     8.15
  SINCE JAN 1      2.77                      3.43  -0.66     5.73

SNOWFALL (IN)
  YESTERDAY        1.0           9.0  1898   0.4    0.6       T
  MONTH TO DATE   25.8                       7.7   18.1     22.7
  SINCE DEC 1     40.1                      29.8   10.3     77.3
  SINCE JUL 1     44.1                      31.4   12.7     78.5
  SNOW DEPTH      12

DEGREE DAYS
 HEATING
  YESTERDAY       46                        36     10       26
  MONTH TO DATE 1044                       791    253      950
  SINCE DEC 1   3360                      3096    264     3626
  SINCE JUL 1   4737                      4311    426     4928

 COOLING
  YESTERDAY        0                         0      0        0
  MONTH TO DATE    0                         0      0        0
  SINCE DEC 1      0                         0      0        0
  SINCE JAN 1      0                         0      0        0
..................................................................


WIND (MPH)
  HIGHEST WIND SPEED    15   HIGHEST WIND DIRECTION     S (170)
  HIGHEST GUST SPEED    20   HIGHEST GUST DIRECTION     S (160)
  AVERAGE WIND SPEED     3.1


SKY COVER
  POSSIBLE SUNSHINE  MM
  AVERAGE SKY COVER 0.7


WEATHER CONDITIONS
 THE FOLLOWING WEATHER WAS RECORDED YESTERDAY.
  LIGHT SNOW
  FOG
  HAZE


RELATIVE HUMIDITY (PERCENT)
 HIGHEST    92           300 PM
 LOWEST     61           300 AM
 AVERAGE    77

..........................................................


THE DETROIT MI CLIMATE NORMALS FOR TODAY
                         NORMAL    RECORD    YEAR
 MAXIMUM TEMPERATURE (F)   37        65      1930
 MINIMUM TEMPERATURE (F)   22        -5      1907


SUNRISE AND SUNSET
FEBRUARY 22 2015......SUNRISE   720 AM EST   SUNSET   614 PM EST
FEBRUARY 23 2015......SUNRISE   718 AM EST   SUNSET   616 PM EST


-  INDICATES NEGATIVE NUMBERS.
R  INDICATES RECORD WAS SET OR TIED.
MM INDICATES DATA IS MISSING.
T  INDICATES TRACE AMOUNT.




$$
