000
CDUS43 KDTX 050536
CLIDTW


CLIMATE REPORT
NATIONAL WEATHER SERVICE DETROIT/PONTIAC MI
136 AM EDT SAT APR 5 2014


...................................

...THE DETROIT MI CLIMATE SUMMARY FOR APRIL 4 2014...

CLIMATE NORMAL PERIOD 1981 TO 2010
CLIMATE RECORD PERIOD 1874 TO 2014


WEATHER ITEM   OBSERVED TIME   RECORD YEAR NORMAL DEPARTURE LAST
                VALUE   (LST)  VALUE       VALUE  FROM      YEAR
                                                  NORMAL
..................................................................
TEMPERATURE (F)
 YESTERDAY
  MAXIMUM         50    308 PM  74    1921  54     -4       57
  MINIMUM         36   1141 PM   9    1874  35      1       25
  AVERAGE         43                        45     -2       41

PRECIPITATION (IN)
  YESTERDAY        0.12          1.06 2003   0.09   0.03     0.00
  MONTH TO DATE    0.43                      0.36   0.07      T
  SINCE MAR 1      1.92                      2.64  -0.72     0.74
  SINCE JAN 1      7.66                      6.62   1.04     7.02

SNOWFALL (IN)
  YESTERDAY        0.0           2.7  1920   0.1   -0.1      0.0
  MONTH TO DATE    0.0                       0.5   -0.5       T
  SINCE MAR 1     12.5                       7.4    5.1      3.1
  SINCE JUL 1     91.7                      41.3   50.4     47.6
  SNOW DEPTH       0

DEGREE DAYS
 HEATING
  YESTERDAY       22                        20      2       24
  MONTH TO DATE   82                        83     -1      117
  SINCE MAR 1   1201                       945    256     1050
  SINCE JUL 1   6451                      5498    953     5335

 COOLING
  YESTERDAY        0                         0      0        0
  MONTH TO DATE    0                         0      0        0
  SINCE MAR 1      0                         0      0        0
  SINCE JAN 1      0                         0      0        0
..................................................................


WIND (MPH)
  HIGHEST WIND SPEED    32   HIGHEST WIND DIRECTION    SW (230)
  HIGHEST GUST SPEED    40   HIGHEST GUST DIRECTION    SW (220)
  AVERAGE WIND SPEED    12.9


SKY COVER
  POSSIBLE SUNSHINE  MM
  AVERAGE SKY COVER 1.0


WEATHER CONDITIONS
 THE FOLLOWING WEATHER WAS RECORDED YESTERDAY.
  LIGHT RAIN
  FOG
  FOG W/VISIBILITY <= 1/4 MILE
  HAZE


RELATIVE HUMIDITY (PERCENT)
 HIGHEST   100           400 AM
 LOWEST     73           700 PM
 AVERAGE    87

..........................................................


THE DETROIT MI CLIMATE NORMALS FOR TODAY
                         NORMAL    RECORD    YEAR
 MAXIMUM TEMPERATURE (F)   55        79      1921
 MINIMUM TEMPERATURE (F)   36        16      1881


SUNRISE AND SUNSET
APRIL  5 2014.........SUNRISE   709 AM EDT   SUNSET   804 PM EDT
APRIL  6 2014.........SUNRISE   707 AM EDT   SUNSET   805 PM EDT


-  INDICATES NEGATIVE NUMBERS.
R  INDICATES RECORD WAS SET OR TIED.
MM INDICATES DATA IS MISSING.
T  INDICATES TRACE AMOUNT.




$$
