138
CDUS43 KDTX 230536
CLIDTW


CLIMATE REPORT
NATIONAL WEATHER SERVICE DETROIT/PONTIAC MI
136 AM EDT FRI SEP 23 2016


...................................

...THE DETROIT MI CLIMATE SUMMARY FOR SEPTEMBER 22 2016...

CLIMATE NORMAL PERIOD 1981 TO 2010
CLIMATE RECORD PERIOD 1874 TO 2016


WEATHER ITEM   OBSERVED TIME   RECORD YEAR NORMAL DEPARTURE LAST
                VALUE   (LST)  VALUE       VALUE  FROM      YEAR
                                                  NORMAL
..................................................................
TEMPERATURE (F)
 YESTERDAY
  MAXIMUM         86    239 PM  91    1941  72     14       78
  MINIMUM         64    542 AM  30    1974  52     12       51
  AVERAGE         75                        62     13       65

PRECIPITATION (IN)
  YESTERDAY        0.00          1.84 1986   0.11  -0.11     0.00
  MONTH TO DATE    2.29                      2.46  -0.17     1.12
  SINCE SEP 1      2.29                      2.46  -0.17     1.12
  SINCE JAN 1     23.51                     24.89  -1.38    23.10

SNOWFALL (IN)
  YESTERDAY        0.0           0.0    MM   0.0    0.0      0.0
  MONTH TO DATE    0.0                       0.0    0.0      0.0
  SINCE SEP 1      0.0                       0.0    0.0      0.0
  SINCE JUL 1      0.0                       0.0    0.0      0.0
  SNOW DEPTH       0

DEGREE DAYS
 HEATING
  YESTERDAY        0                         5     -5        0
  MONTH TO DATE    2                        53    -51       27
  SINCE SEP 1      2                        53    -51       27
  SINCE JUL 1      2                        63    -61       37

 COOLING
  YESTERDAY       10                         2      8        0
  MONTH TO DATE  125                        74     51      144
  SINCE SEP 1    125                        74     51      144
  SINCE JAN 1   1148                       785    363      864
..................................................................


WIND (MPH)
  HIGHEST WIND SPEED    12   HIGHEST WIND DIRECTION    SW (220)
  HIGHEST GUST SPEED    15   HIGHEST GUST DIRECTION    SW (230)
  AVERAGE WIND SPEED     4.6


SKY COVER
  POSSIBLE SUNSHINE  MM
  AVERAGE SKY COVER 0.9


WEATHER CONDITIONS
 THE FOLLOWING WEATHER WAS RECORDED YESTERDAY.
  FOG


RELATIVE HUMIDITY (PERCENT)
 HIGHEST   100           100 AM
 LOWEST     45           100 PM
 AVERAGE    73

..........................................................


THE DETROIT MI CLIMATE NORMALS FOR TODAY
                         NORMAL    RECORD    YEAR
 MAXIMUM TEMPERATURE (F)   71        89      1936
 MINIMUM TEMPERATURE (F)   52        29      1974


SUNRISE AND SUNSET
SEPTEMBER 23 2016.....SUNRISE   722 AM EDT   SUNSET   728 PM EDT
SEPTEMBER 24 2016.....SUNRISE   723 AM EDT   SUNSET   726 PM EDT


-  INDICATES NEGATIVE NUMBERS.
R  INDICATES RECORD WAS SET OR TIED.
MM INDICATES DATA IS MISSING.
T  INDICATES TRACE AMOUNT.




$$
