000
CDUS43 KDTX 100538
CLIDTW


CLIMATE REPORT
NATIONAL WEATHER SERVICE DETROIT/PONTIAC MI
138 AM EDT MON APR 10 2017


...................................

...THE DETROIT MI CLIMATE SUMMARY FOR APRIL 9 2017...

CLIMATE NORMAL PERIOD 1981 TO 2010
CLIMATE RECORD PERIOD 1874 TO 2017


WEATHER ITEM   OBSERVED TIME   RECORD YEAR NORMAL DEPARTURE LAST
                VALUE   (LST)  VALUE       VALUE  FROM      YEAR
                                                  NORMAL
..................................................................
TEMPERATURE (F)
 YESTERDAY
  MAXIMUM         77    407 PM  78    1931  57     20       36
  MINIMUM         43    552 AM  19    1985  37      6       26
                                      1914
  AVERAGE         60                        47     13       31

PRECIPITATION (IN)
  YESTERDAY        0.00          1.40 1998   0.10  -0.10     0.01
  MONTH TO DATE    1.35                      0.84   0.51     0.39
  SINCE MAR 1      5.61                      3.12   2.49     5.25
  SINCE JAN 1     10.34                      7.10   3.24     8.61

SNOWFALL (IN)
  YESTERDAY        0.0           2.8  1961   0.1   -0.1      0.2
  MONTH TO DATE    0.1                       0.9   -0.8      1.1
  SINCE MAR 1      7.0                       7.8   -0.8      8.5
  SINCE JUL 1     37.9                      41.7   -3.8     35.1
  SNOW DEPTH       0

DEGREE DAYS
 HEATING
  YESTERDAY        5                        18    -13       34
  MONTH TO DATE  150                       178    -28      257
  SINCE MAR 1   1015                      1040    -25      927
  SINCE JUL 1   4753                      5593   -840     4692

 COOLING
  YESTERDAY        0                         0      0        0
  MONTH TO DATE    0                         0      0        0
  SINCE MAR 1      0                         0      0        0
  SINCE JAN 1      0                         0      0        0
..................................................................


WIND (MPH)
  HIGHEST WIND SPEED    30   HIGHEST WIND DIRECTION     S (200)
  HIGHEST GUST SPEED    36   HIGHEST GUST DIRECTION    SW (210)
  AVERAGE WIND SPEED    13.6


SKY COVER
  POSSIBLE SUNSHINE  MM
  AVERAGE SKY COVER 0.8


WEATHER CONDITIONS
 THE FOLLOWING WEATHER WAS RECORDED YESTERDAY.
  NO SIGNIFICANT WEATHER WAS OBSERVED.


RELATIVE HUMIDITY (PERCENT)
 HIGHEST    76           100 AM
 LOWEST     29           300 PM
 AVERAGE    53

..........................................................


THE DETROIT MI CLIMATE NORMALS FOR TODAY
                         NORMAL    RECORD    YEAR
 MAXIMUM TEMPERATURE (F)   57        86      1977
 MINIMUM TEMPERATURE (F)   38        20      1989


SUNRISE AND SUNSET
APRIL 10 2017.........SUNRISE   700 AM EDT   SUNSET   809 PM EDT
APRIL 11 2017.........SUNRISE   659 AM EDT   SUNSET   811 PM EDT


-  INDICATES NEGATIVE NUMBERS.
R  INDICATES RECORD WAS SET OR TIED.
MM INDICATES DATA IS MISSING.
T  INDICATES TRACE AMOUNT.




$$
