000
CDUS43 KDTX 112129
CLIDTW


CLIMATE REPORT
NATIONAL WEATHER SERVICE DETROIT/PONTIAC MI
428 PM EST SAT MAR 11 2017


...................................

...THE DETROIT MI CLIMATE SUMMARY FOR MARCH 11 2017...
VALID TODAY AS OF 0400 PM LOCAL TIME.

CLIMATE NORMAL PERIOD 1981 TO 2010
CLIMATE RECORD PERIOD 1874 TO 2017


WEATHER ITEM   OBSERVED TIME   RECORD YEAR NORMAL DEPARTURE LAST
                VALUE   (LST)  VALUE       VALUE  FROM      YEAR
                                                  NORMAL
..................................................................
TEMPERATURE (F)
 TODAY
  MAXIMUM         32    350 PM  72    1977  44    -12       52
  MINIMUM         16    715 AM   7    1960  27    -11       34
                                      1948
  AVERAGE         24                        35    -11       43

PRECIPITATION (IN)
  TODAY            0.00          0.92 1922   0.07  -0.07     0.00
  MONTH TO DATE    1.03                      0.78   0.25     0.61
  SINCE MAR 1      1.03                      0.78   0.25     0.61
  SINCE JAN 1      5.76                      4.76   1.00     3.97

SNOWFALL (IN)
  TODAY            0.0           5.0  1950   0.3   -0.3      0.0
  MONTH TO DATE    0.3                       3.2   -2.9      7.4
  SINCE MAR 1      0.3                       3.2   -2.9      7.4
  SINCE JUL 1     31.2                      37.1   -5.9     34.0
  SNOW DEPTH       0

DEGREE DAYS
 HEATING
  TODAY           41                        30     11       22
  MONTH TO DATE  323                       348    -25      279
  SINCE MAR 1    323                       348    -25      279
  SINCE JUL 1   4061                      4901   -840     4044

 COOLING
  TODAY            0                         0      0        0
  MONTH TO DATE    0                         0      0        0
  SINCE MAR 1      0                         0      0        0
  SINCE JAN 1      0                         0      0        0
..................................................................


WIND (MPH)
  HIGHEST WIND SPEED    21   HIGHEST WIND DIRECTION    NW (310)
  HIGHEST GUST SPEED    26   HIGHEST GUST DIRECTION    NW (300)
  AVERAGE WIND SPEED    12.0


SKY COVER
  POSSIBLE SUNSHINE  MM
  AVERAGE SKY COVER 0.5


WEATHER CONDITIONS
 THE FOLLOWING WEATHER WAS RECORDED TODAY.
  NO SIGNIFICANT WEATHER WAS OBSERVED.


RELATIVE HUMIDITY (PERCENT)
 HIGHEST    59           600 AM
 LOWEST     31           300 PM
 AVERAGE    45

..........................................................


THE DETROIT MI CLIMATE NORMALS FOR TOMORROW
                         NORMAL    RECORD    YEAR
 MAXIMUM TEMPERATURE (F)   44        75      1990
 MINIMUM TEMPERATURE (F)   27         4      1896


SUNRISE AND SUNSET
MARCH 11 2017.........SUNRISE   652 AM EST   SUNSET   636 PM EST
MARCH 12 2017.........SUNRISE   750 AM EDT   SUNSET   737 PM EDT


-  INDICATES NEGATIVE NUMBERS.
R  INDICATES RECORD WAS SET OR TIED.
MM INDICATES DATA IS MISSING.
T  INDICATES TRACE AMOUNT.




$$
