000
CDUS43 KDTX 182025
CLIDTW


CLIMATE REPORT
NATIONAL WEATHER SERVICE DETROIT/PONTIAC MI
425 PM EDT WED MAR 18 2015


...................................

...THE DETROIT MI CLIMATE SUMMARY FOR MARCH 18 2015...
VALID TODAY AS OF 0400 PM LOCAL TIME.

CLIMATE NORMAL PERIOD 1981 TO 2010
CLIMATE RECORD PERIOD 1874 TO 2015


WEATHER ITEM   OBSERVED TIME   RECORD YEAR NORMAL DEPARTURE LAST
                VALUE   (LST)  VALUE       VALUE  FROM      YEAR
                                                  NORMAL
..................................................................
TEMPERATURE (F)
 TODAY
  MAXIMUM         50    259 PM  75    2012  47      3       47
  MINIMUM         26    720 AM   7    1916  29     -3       25
                                      1876
                                      1875
  AVERAGE         38                        38      0       36

PRECIPITATION (IN)
  TODAY            0.00          0.99 1925   0.08  -0.08     0.00
  MONTH TO DATE    0.32                      1.27  -0.95     1.25
  SINCE MAR 1      0.32                      1.27  -0.95     1.25
  SINCE JAN 1      3.12                      5.25  -2.13     6.99

SNOWFALL (IN)
  TODAY            0.0           6.8  1977   0.2   -0.2      0.0
  MONTH TO DATE    2.8                       4.8   -2.0     11.5
  SINCE MAR 1      2.8                       4.8   -2.0     11.5
  SINCE JUL 1     47.5                      38.7    8.8     90.7
  SNOW DEPTH       0

DEGREE DAYS
 HEATING
  TODAY           27                        27      0       29
  MONTH TO DATE  556                       546     10      720
  SINCE MAR 1    556                       546     10      720
  SINCE JUL 1   5667                      5099    568     5970

 COOLING
  TODAY            0                         0      0        0
  MONTH TO DATE    0                         0      0        0
  SINCE MAR 1      0                         0      0        0
  SINCE JAN 1      0                         0      0        0
..................................................................


WIND (MPH)
  HIGHEST WIND SPEED    22   HIGHEST WIND DIRECTION     W (280)
  HIGHEST GUST SPEED    30   HIGHEST GUST DIRECTION     W (260)
  AVERAGE WIND SPEED     9.6


SKY COVER
  POSSIBLE SUNSHINE  MM
  AVERAGE SKY COVER 0.3


WEATHER CONDITIONS
 THE FOLLOWING WEATHER WAS RECORDED TODAY.
  NO SIGNIFICANT WEATHER WAS OBSERVED.


RELATIVE HUMIDITY (PERCENT)
 HIGHEST    57           700 AM
 LOWEST     26           100 PM
 AVERAGE    42

..........................................................


THE DETROIT MI CLIMATE NORMALS FOR TOMORROW
                         NORMAL    RECORD    YEAR
 MAXIMUM TEMPERATURE (F)   47        76      1921
 MINIMUM TEMPERATURE (F)   30         4      1885


SUNRISE AND SUNSET
MARCH 18 2015.........SUNRISE   741 AM EDT   SUNSET   743 PM EDT
MARCH 19 2015.........SUNRISE   739 AM EDT   SUNSET   744 PM EDT


-  INDICATES NEGATIVE NUMBERS.
R  INDICATES RECORD WAS SET OR TIED.
MM INDICATES DATA IS MISSING.
T  INDICATES TRACE AMOUNT.




$$
