000
CDUS43 KDTX 170537
CLIDTW


CLIMATE REPORT
NATIONAL WEATHER SERVICE DETROIT/PONTIAC MI
137 AM EDT SUN APR 17 2016


...................................

...THE DETROIT MI CLIMATE SUMMARY FOR APRIL 16 2016...

CLIMATE NORMAL PERIOD 1981 TO 2010
CLIMATE RECORD PERIOD 1874 TO 2016


WEATHER ITEM   OBSERVED TIME   RECORD YEAR NORMAL DEPARTURE LAST
                VALUE   (LST)  VALUE       VALUE  FROM      YEAR
                                                  NORMAL
..................................................................
TEMPERATURE (F)
 YESTERDAY
  MAXIMUM         74    224 PM  86    2002  60     14       63
  MINIMUM         43    621 AM  17    1875  40      3       44
  AVERAGE         59                        50      9       54

PRECIPITATION (IN)
  YESTERDAY        0.00          1.19 1930   0.10  -0.10     0.04
  MONTH TO DATE    0.84                      1.53  -0.69     1.66
  SINCE MAR 1      5.70                      3.81   1.89     2.46
  SINCE JAN 1      9.06                      7.79   1.27     5.26

SNOWFALL (IN)
  YESTERDAY        0.0           3.3  1961   0.1   -0.1      0.0
  MONTH TO DATE    1.3                       1.4   -0.1      0.0
  SINCE MAR 1      8.7                       8.3    0.4      2.8
  SINCE JUL 1     35.3                      42.2   -6.9     47.5
  SNOW DEPTH       0

DEGREE DAYS
 HEATING
  YESTERDAY        6                        16    -10       11
  MONTH TO DATE  389                       296     93      237
  SINCE MAR 1   1059                      1158    -99     1174
  SINCE JUL 1   4824                      5711   -887     6285

 COOLING
  YESTERDAY        0                         0      0        0
  MONTH TO DATE    0                         0      0        0
  SINCE MAR 1      0                         0      0        0
  SINCE JAN 1      0                         0      0        0
..................................................................


WIND (MPH)
  HIGHEST WIND SPEED    15   HIGHEST WIND DIRECTION     E (70)
  HIGHEST GUST SPEED    21   HIGHEST GUST DIRECTION    NE (60)
  AVERAGE WIND SPEED     5.0


SKY COVER
  POSSIBLE SUNSHINE  MM
  AVERAGE SKY COVER 0.1


WEATHER CONDITIONS
 THE FOLLOWING WEATHER WAS RECORDED YESTERDAY.
  HAZE


RELATIVE HUMIDITY (PERCENT)
 HIGHEST    65           500 AM
 LOWEST     20           400 PM
 AVERAGE    43

..........................................................


THE DETROIT MI CLIMATE NORMALS FOR TODAY
                         NORMAL    RECORD    YEAR
 MAXIMUM TEMPERATURE (F)   60        85      1976
 MINIMUM TEMPERATURE (F)   40        10      1875


SUNRISE AND SUNSET
APRIL 17 2016.........SUNRISE   649 AM EDT   SUNSET   818 PM EDT
APRIL 18 2016.........SUNRISE   647 AM EDT   SUNSET   819 PM EDT


-  INDICATES NEGATIVE NUMBERS.
R  INDICATES RECORD WAS SET OR TIED.
MM INDICATES DATA IS MISSING.
T  INDICATES TRACE AMOUNT.




$$
