000
CDUS43 KDTX 200555
CLIDTW


CLIMATE REPORT
NATIONAL WEATHER SERVICE DETROIT/PONTIAC MI
1255 AM EST SUN NOV 20 2016


...................................

...THE DETROIT MI CLIMATE SUMMARY FOR NOVEMBER 19 2016...

CLIMATE NORMAL PERIOD 1981 TO 2010
CLIMATE RECORD PERIOD 1874 TO 2016


WEATHER ITEM   OBSERVED TIME   RECORD YEAR NORMAL DEPARTURE LAST
                VALUE   (LST)  VALUE       VALUE  FROM      YEAR
                                                  NORMAL
..................................................................
TEMPERATURE (F)
 YESTERDAY
  MAXIMUM         60   1257 AM  68    1985  47     13       61
                                      1953
                                      1941
  MINIMUM         33   1159 PM   9    1880  33      0       37
  AVERAGE         47                        40      7       49

PRECIPITATION (IN)
  YESTERDAY        0.01          1.07 1948   0.10  -0.09     0.00
  MONTH TO DATE    1.04                      1.77  -0.73     1.10
  SINCE SEP 1     10.30                      7.56   2.74     4.36
  SINCE JAN 1     31.52                     29.99   1.53    26.34

SNOWFALL (IN)
  YESTERDAY       MM             3.2  1955   0.0   MM        0.0
  MONTH TO DATE    0.0                       0.5   -0.5       T
  SINCE SEP 1      0.0                       0.6   -0.6       T
  SINCE JUL 1      0.0                       0.6   -0.6       T
  SNOW DEPTH       0

DEGREE DAYS
 HEATING
  YESTERDAY       18                        25     -7       16
  MONTH TO DATE  265                       404   -139      256
  SINCE SEP 1    592                       905   -313      603
  SINCE JUL 1    592                       915   -323      613

 COOLING
  YESTERDAY        0                         0      0        0
  MONTH TO DATE    0                         0      0        0
  SINCE SEP 1    154                        92     62      171
  SINCE JAN 1   1177                       803    374      891
..................................................................


WIND (MPH)
  HIGHEST WIND SPEED    30   HIGHEST WIND DIRECTION     W (280)
  HIGHEST GUST SPEED    38   HIGHEST GUST DIRECTION     W (270)
  AVERAGE WIND SPEED    20.0


SKY COVER
  POSSIBLE SUNSHINE  MM
  AVERAGE SKY COVER 1.0


WEATHER CONDITIONS
 THE FOLLOWING WEATHER WAS RECORDED YESTERDAY.
  LIGHT RAIN
  LIGHT SNOW
  SLEET
  FOG
  HAZE


RELATIVE HUMIDITY (PERCENT)
 HIGHEST    86           300 AM
 LOWEST     61          1100 PM
 AVERAGE    74

..........................................................


THE DETROIT MI CLIMATE NORMALS FOR TODAY
                         NORMAL    RECORD    YEAR
 MAXIMUM TEMPERATURE (F)   47        70      1942
                                             1931
 MINIMUM TEMPERATURE (F)   33        12      1880


SUNRISE AND SUNSET
NOVEMBER 20 2016......SUNRISE   730 AM EST   SUNSET   507 PM EST
NOVEMBER 21 2016......SUNRISE   732 AM EST   SUNSET   507 PM EST


-  INDICATES NEGATIVE NUMBERS.
R  INDICATES RECORD WAS SET OR TIED.
MM INDICATES DATA IS MISSING.
T  INDICATES TRACE AMOUNT.




$$
