000
CDUS43 KDTX 172131
CLIDTW


CLIMATE REPORT
NATIONAL WEATHER SERVICE DETROIT/PONTIAC MI
430 PM EST SAT JAN 17 2015


...................................

...THE DETROIT MI CLIMATE SUMMARY FOR JANUARY 17 2015...
VALID TODAY AS OF 0400 PM LOCAL TIME.

CLIMATE NORMAL PERIOD 1981 TO 2010
CLIMATE RECORD PERIOD 1874 TO 2015


WEATHER ITEM   OBSERVED TIME   RECORD YEAR NORMAL DEPARTURE LAST
                VALUE   (LST)  VALUE       VALUE  FROM      YEAR
                                                  NORMAL
..................................................................
TEMPERATURE (F)
 TODAY
  MAXIMUM         42    359 PM  63    1952  32     10       32
  MINIMUM         16    443 AM -15    1982  19     -3       18
  AVERAGE         29                        25      4       25

PRECIPITATION (IN)
  TODAY            0.00          1.28 2012   0.06  -0.06     0.03
  MONTH TO DATE    1.17                      1.13   0.04     2.30
  SINCE DEC 1      2.58                      3.59  -1.01     4.72
  SINCE JAN 1      1.17                      1.13   0.04     2.30

SNOWFALL (IN)
  TODAY            0.0           4.6  2009   0.5   -0.5      0.5
  MONTH TO DATE    9.4                       7.0    2.4     26.1
  SINCE DEC 1      9.5                      16.6   -7.1     41.6
  SINCE JUL 1     13.5                      18.2   -4.7     42.8
  SNOW DEPTH       5

DEGREE DAYS
 HEATING
  TODAY           36                        40     -4       40
  MONTH TO DATE  798                       670    128      770
  SINCE DEC 1   1765                      1752     13     1947
  SINCE JUL 1   3142                      2967    175     3249

 COOLING
  TODAY            0                         0      0        0
  MONTH TO DATE    0                         0      0        0
  SINCE DEC 1      0                         0      0        0
  SINCE JAN 1      0                         0      0        0
..................................................................


WIND (MPH)
  HIGHEST WIND SPEED    22   HIGHEST WIND DIRECTION     S (180)
  HIGHEST GUST SPEED    28   HIGHEST GUST DIRECTION     S (180)
  AVERAGE WIND SPEED     9.3


SKY COVER
  POSSIBLE SUNSHINE  MM
  AVERAGE SKY COVER 0.8


WEATHER CONDITIONS
 THE FOLLOWING WEATHER WAS RECORDED TODAY.
  FOG
  HAZE


RELATIVE HUMIDITY (PERCENT)
 HIGHEST    84           800 AM
 LOWEST     62          1200 AM
 AVERAGE    73

..........................................................


THE DETROIT MI CLIMATE NORMALS FOR TOMORROW
                         NORMAL    RECORD    YEAR
 MAXIMUM TEMPERATURE (F)   32        58      1996
                                             1973
 MINIMUM TEMPERATURE (F)   19       -18      1976


SUNRISE AND SUNSET
JANUARY 17 2015.......SUNRISE   759 AM EST   SUNSET   528 PM EST
JANUARY 18 2015.......SUNRISE   758 AM EST   SUNSET   530 PM EST


-  INDICATES NEGATIVE NUMBERS.
R  INDICATES RECORD WAS SET OR TIED.
MM INDICATES DATA IS MISSING.
T  INDICATES TRACE AMOUNT.




$$
