000
CDUS43 KDTX 072029
CLIDTW


CLIMATE REPORT
NATIONAL WEATHER SERVICE DETROIT/PONTIAC MI
427 PM EDT THU JUL 7 2016


...................................

...THE DETROIT MI CLIMATE SUMMARY FOR JULY 7 2016...
VALID TODAY AS OF 0400 PM LOCAL TIME.

CLIMATE NORMAL PERIOD 1981 TO 2010
CLIMATE RECORD PERIOD 1874 TO 2016


WEATHER ITEM   OBSERVED TIME   RECORD YEAR NORMAL DEPARTURE LAST
                VALUE   (LST)  VALUE       VALUE  FROM      YEAR
                                                  NORMAL
..................................................................
TEMPERATURE (F)
 TODAY
  MAXIMUM         92    241 PM 101    1988  84      8       79
  MINIMUM         69    515 AM  44    1984  64      5       63
  AVERAGE         81                        74      7       71

PRECIPITATION (IN)
  TODAY            0.00          4.34 1998   0.11  -0.11     0.17
  MONTH TO DATE    0.34                      0.72  -0.38     0.17
  SINCE JUN 1      1.64                      4.24  -2.60     5.49
  SINCE JAN 1     14.37                     16.78  -2.41    17.23

SNOWFALL (IN)
  TODAY            0.0           0.0    MM   0.0    0.0      0.0
  MONTH TO DATE    0.0                       0.0    0.0      0.0
  SINCE JUN 1      0.0                       0.0    0.0      0.0
  SINCE JUL 1      0.0                       0.0    0.0      0.0
  SNOW DEPTH       0

DEGREE DAYS
 HEATING
  TODAY            0                         0      0        0
  MONTH TO DATE    0                         0      0        0
  SINCE JUN 1     14                        35    -21       22
  SINCE JUL 1      0                         0      0        0

 COOLING
  TODAY           16                         9      7        6
  MONTH TO DATE   55                        60     -5       29
  SINCE JUN 1    258                       227     31      169
  SINCE JAN 1    336                       275     61      273
..................................................................


WIND (MPH)
  HIGHEST WIND SPEED    15   HIGHEST WIND DIRECTION     W (280)
  HIGHEST GUST SPEED    22   HIGHEST GUST DIRECTION     W (270)
  AVERAGE WIND SPEED     6.4


SKY COVER
  POSSIBLE SUNSHINE  MM
  AVERAGE SKY COVER 0.7


WEATHER CONDITIONS
 THE FOLLOWING WEATHER WAS RECORDED TODAY.
  NO SIGNIFICANT WEATHER WAS OBSERVED.


RELATIVE HUMIDITY (PERCENT)
 HIGHEST    84           500 AM
 LOWEST     36           300 PM
 AVERAGE    60

..........................................................


THE DETROIT MI CLIMATE NORMALS FOR TOMORROW
                         NORMAL    RECORD    YEAR
 MAXIMUM TEMPERATURE (F)   84       104      1936
 MINIMUM TEMPERATURE (F)   64        45      1984


SUNRISE AND SUNSET
JULY  7 2016..........SUNRISE   605 AM EDT   SUNSET   912 PM EDT
JULY  8 2016..........SUNRISE   605 AM EDT   SUNSET   911 PM EDT


-  INDICATES NEGATIVE NUMBERS.
R  INDICATES RECORD WAS SET OR TIED.
MM INDICATES DATA IS MISSING.
T  INDICATES TRACE AMOUNT.




$$
