000
CDUS43 KDTX 080540
CLIDTW


CLIMATE REPORT
NATIONAL WEATHER SERVICE DETROIT/PONTIAC MI
1240 AM EST WED NOV 8 2017


...................................

...THE DETROIT MI CLIMATE SUMMARY FOR NOVEMBER 7 2017...

CLIMATE NORMAL PERIOD 1981 TO 2010
CLIMATE RECORD PERIOD 1874 TO 2017


WEATHER ITEM   OBSERVED TIME   RECORD YEAR NORMAL DEPARTURE LAST
                VALUE   (LST)  VALUE       VALUE  FROM      YEAR
                                                  NORMAL
..................................................................
TEMPERATURE (F)
 YESTERDAY
  MAXIMUM         49    422 PM  70    1916  53     -4       66
  MINIMUM         36   1159 PM  20    1991  37     -1       46
                                      1984
                                      1973
  AVERAGE         43                        45     -2       56

PRECIPITATION (IN)
  YESTERDAY        0.00          1.33 1996   0.09  -0.09     0.00
  MONTH TO DATE    2.18                      0.63   1.55     0.97
  SINCE SEP 1      5.93                      6.42  -0.49    10.23
  SINCE JAN 1     31.23                     28.85   2.38    31.45

SNOWFALL (IN)
  YESTERDAY        0.0           1.6  1953   0.0    0.0      0.0
  MONTH TO DATE    T                         0.1   -0.1      0.0
  SINCE SEP 1      T                         0.2   -0.2      0.0
  SINCE JUL 1      T                         0.2   -0.2      0.0
  SNOW DEPTH       0

DEGREE DAYS
 HEATING
  YESTERDAY       22                        20      2        9
  MONTH TO DATE  128                       133     -5       61
  SINCE SEP 1    457                       634   -177      388
  SINCE JUL 1    461                       644   -183      388

 COOLING
  YESTERDAY        0                         0      0        0
  MONTH TO DATE    0                         0      0        0
  SINCE SEP 1    168                        92     76      154
  SINCE JAN 1    918                       803    115     1177
..................................................................


WIND (MPH)
  HIGHEST WIND SPEED    12   HIGHEST WIND DIRECTION    NE (40)
  HIGHEST GUST SPEED    17   HIGHEST GUST DIRECTION    NE (50)
  AVERAGE WIND SPEED     5.8


SKY COVER
  POSSIBLE SUNSHINE  MM
  AVERAGE SKY COVER 0.8


WEATHER CONDITIONS
 THE FOLLOWING WEATHER WAS RECORDED YESTERDAY.
  NO SIGNIFICANT WEATHER WAS OBSERVED.


RELATIVE HUMIDITY (PERCENT)
 HIGHEST    82           700 AM
 LOWEST     42           200 PM
 AVERAGE    62

..........................................................


THE DETROIT MI CLIMATE NORMALS FOR TODAY
                         NORMAL    RECORD    YEAR
 MAXIMUM TEMPERATURE (F)   53        71      1915
 MINIMUM TEMPERATURE (F)   37        14      1991


SUNRISE AND SUNSET
NOVEMBER  8 2017......SUNRISE   715 AM EST   SUNSET   518 PM EST
NOVEMBER  9 2017......SUNRISE   717 AM EST   SUNSET   517 PM EST


-  INDICATES NEGATIVE NUMBERS.
R  INDICATES RECORD WAS SET OR TIED.
MM INDICATES DATA IS MISSING.
T  INDICATES TRACE AMOUNT.




$$
