000
CDUS43 KDTX 062029
CLIDTW


CLIMATE REPORT
NATIONAL WEATHER SERVICE DETROIT/PONTIAC MI
429 PM EDT WED SEP 6 2017


...................................

...THE DETROIT MI CLIMATE SUMMARY FOR SEPTEMBER 6 2017...
VALID TODAY AS OF 0400 PM LOCAL TIME.

CLIMATE NORMAL PERIOD 1981 TO 2010
CLIMATE RECORD PERIOD 1874 TO 2017


WEATHER ITEM   OBSERVED TIME   RECORD YEAR NORMAL DEPARTURE LAST
                VALUE   (LST)  VALUE       VALUE  FROM      YEAR
                                                  NORMAL
..................................................................
TEMPERATURE (F)
 TODAY
  MAXIMUM         68    114 PM  95    1978  78    -10       91
  MINIMUM         48    624 AM  38    1984  59    -11       69
  AVERAGE         58                        68    -10       80

PRECIPITATION (IN)
  TODAY            0.00          2.73 1990   0.10  -0.10     0.00
  MONTH TO DATE    0.52                      0.64  -0.12     0.00
  SINCE SEP 1      0.52                      0.64  -0.12     0.00
  SINCE JAN 1     25.82                     23.07   2.75    21.22

SNOWFALL (IN)
  TODAY            0.0           0.0    MM   0.0    0.0      0.0
  MONTH TO DATE    0.0                       0.0    0.0      0.0
  SINCE SEP 1      0.0                       0.0    0.0      0.0
  SINCE JUL 1      0.0                       0.0    0.0      0.0
  SNOW DEPTH       0

DEGREE DAYS
 HEATING
  TODAY            7                         1      6        0
  MONTH TO DATE   18                         6     12        0
  SINCE SEP 1     18                         6     12        0
  SINCE JUL 1     22                        16      6        0

 COOLING
  TODAY            0                         4     -4       15
  MONTH TO DATE    9                        28    -19       29
  SINCE SEP 1      9                        28    -19       29
  SINCE JAN 1    759                       739     20     1052
..................................................................


WIND (MPH)
  HIGHEST WIND SPEED    13   HIGHEST WIND DIRECTION     W (270)
  HIGHEST GUST SPEED    16   HIGHEST GUST DIRECTION     W (280)
  AVERAGE WIND SPEED     5.5


SKY COVER
  POSSIBLE SUNSHINE  MM
  AVERAGE SKY COVER 0.5


WEATHER CONDITIONS
 THE FOLLOWING WEATHER WAS RECORDED TODAY.
  NO SIGNIFICANT WEATHER WAS OBSERVED.


RELATIVE HUMIDITY (PERCENT)
 HIGHEST    93           500 AM
 LOWEST     45           100 PM
 AVERAGE    69

..........................................................


THE DETROIT MI CLIMATE NORMALS FOR TOMORROW
                         NORMAL    RECORD    YEAR
 MAXIMUM TEMPERATURE (F)   77        97      1939
 MINIMUM TEMPERATURE (F)   58        43      1986


SUNRISE AND SUNSET
SEPTEMBER  6 2017.....SUNRISE   704 AM EDT   SUNSET   758 PM EDT
SEPTEMBER  7 2017.....SUNRISE   705 AM EDT   SUNSET   756 PM EDT


-  INDICATES NEGATIVE NUMBERS.
R  INDICATES RECORD WAS SET OR TIED.
MM INDICATES DATA IS MISSING.
T  INDICATES TRACE AMOUNT.




$$
