000
CDUS43 KDTX 020543
CLIDTW


CLIMATE REPORT
NATIONAL WEATHER SERVICE DETROIT/PONTIAC MI
143 AM EDT THU NOV 2 2017


...................................

...THE DETROIT MI CLIMATE SUMMARY FOR NOVEMBER 1 2017...

CLIMATE NORMAL PERIOD 1981 TO 2010
CLIMATE RECORD PERIOD 1874 TO 2017


WEATHER ITEM   OBSERVED TIME   RECORD YEAR NORMAL DEPARTURE LAST
                VALUE   (LST)  VALUE       VALUE  FROM      YEAR
                                                  NORMAL
..................................................................
TEMPERATURE (F)
 YESTERDAY
  MAXIMUM         44   1159 PM  81    1950  56    -12       78
  MINIMUM         35    354 AM  21    1879  39     -4       48
  AVERAGE         40                        47     -7       63

PRECIPITATION (IN)
  YESTERDAY        0.11          1.59 1982   0.09   0.02     0.00
  MONTH TO DATE    0.11                      0.09   0.02     0.00
  SINCE SEP 1      3.86                      5.88  -2.02     9.26
  SINCE JAN 1     29.16                     28.31   0.85    30.48

SNOWFALL (IN)
  YESTERDAY        T   R         T    2002   0.0    0.0      0.0
  MONTH TO DATE    T                         0.0    0.0      0.0
  SINCE SEP 1      T                         0.1   -0.1      0.0
  SINCE JUL 1      T                         0.1   -0.1      0.0
  SNOW DEPTH       0

DEGREE DAYS
 HEATING
  YESTERDAY       25                        18      7        2
  MONTH TO DATE   25                        18      7        2
  SINCE SEP 1    354                       519   -165      329
  SINCE JUL 1    358                       529   -171      329

 COOLING
  YESTERDAY        0                         0      0        0
  MONTH TO DATE    0                         0      0        0
  SINCE SEP 1    168                        92     76      154
  SINCE JAN 1    918                       803    115     1177
..................................................................


WIND (MPH)
  HIGHEST WIND SPEED    13   HIGHEST WIND DIRECTION    SW (220)
  HIGHEST GUST SPEED    16   HIGHEST GUST DIRECTION     S (190)
  AVERAGE WIND SPEED     5.2


SKY COVER
  POSSIBLE SUNSHINE  MM
  AVERAGE SKY COVER 1.0


WEATHER CONDITIONS
 THE FOLLOWING WEATHER WAS RECORDED YESTERDAY.
  RAIN
  LIGHT RAIN
  LIGHT SNOW
  FOG


RELATIVE HUMIDITY (PERCENT)
 HIGHEST    96          1100 PM
 LOWEST     64          1200 AM
 AVERAGE    80

..........................................................


THE DETROIT MI CLIMATE NORMALS FOR TODAY
                         NORMAL    RECORD    YEAR
 MAXIMUM TEMPERATURE (F)   55        75      1933
 MINIMUM TEMPERATURE (F)   39        22      1951
                                             1905


SUNRISE AND SUNSET
NOVEMBER  2 2017......SUNRISE   808 AM EDT   SUNSET   625 PM EDT
NOVEMBER  3 2017......SUNRISE   809 AM EDT   SUNSET   624 PM EDT


-  INDICATES NEGATIVE NUMBERS.
R  INDICATES RECORD WAS SET OR TIED.
MM INDICATES DATA IS MISSING.
T  INDICATES TRACE AMOUNT.




$$
