000
CDUS43 KDTX 060538
CLIDTW


CLIMATE REPORT
NATIONAL WEATHER SERVICE DETROIT/PONTIAC MI
138 AM EDT WED SEP 6 2017


...................................

...THE DETROIT MI CLIMATE SUMMARY FOR SEPTEMBER 5 2017...

CLIMATE NORMAL PERIOD 1981 TO 2010
CLIMATE RECORD PERIOD 1874 TO 2017


WEATHER ITEM   OBSERVED TIME   RECORD YEAR NORMAL DEPARTURE LAST
                VALUE   (LST)  VALUE       VALUE  FROM      YEAR
                                                  NORMAL
..................................................................
TEMPERATURE (F)
 YESTERDAY
  MAXIMUM         72    334 PM  99    1954  78     -6       84
  MINIMUM         54   1159 PM  42    1984  59     -5       58
                                      1974
  AVERAGE         63                        68     -5       71

PRECIPITATION (IN)
  YESTERDAY        0.03          0.97 1915   0.11  -0.08     0.00
  MONTH TO DATE    0.52                      0.54  -0.02     0.00
  SINCE SEP 1      0.52                      0.54  -0.02     0.00
  SINCE JAN 1     25.82                     22.97   2.85    21.22

SNOWFALL (IN)
  YESTERDAY        0.0           0.0    MM   0.0    0.0      0.0
  MONTH TO DATE    0.0                       0.0    0.0      0.0
  SINCE SEP 1      0.0                       0.0    0.0      0.0
  SINCE JUL 1      0.0                       0.0    0.0      0.0
  SNOW DEPTH       0

DEGREE DAYS
 HEATING
  YESTERDAY        2                         1      1        0
  MONTH TO DATE   11                         5      6        0
  SINCE SEP 1     11                         5      6        0
  SINCE JUL 1     15                        15      0        0

 COOLING
  YESTERDAY        0                         4     -4        6
  MONTH TO DATE    9                        24    -15       14
  SINCE SEP 1      9                        24    -15       14
  SINCE JAN 1    759                       735     24     1037
..................................................................


WIND (MPH)
  HIGHEST WIND SPEED    21   HIGHEST WIND DIRECTION     W (280)
  HIGHEST GUST SPEED    28   HIGHEST GUST DIRECTION    SW (220)
  AVERAGE WIND SPEED     7.9


SKY COVER
  POSSIBLE SUNSHINE  MM
  AVERAGE SKY COVER 0.8


WEATHER CONDITIONS
 THE FOLLOWING WEATHER WAS RECORDED YESTERDAY.
  LIGHT RAIN
  FOG


RELATIVE HUMIDITY (PERCENT)
 HIGHEST   100           500 AM
 LOWEST     44           200 PM
 AVERAGE    72

..........................................................


THE DETROIT MI CLIMATE NORMALS FOR TODAY
                         NORMAL    RECORD    YEAR
 MAXIMUM TEMPERATURE (F)   78        95      1978
 MINIMUM TEMPERATURE (F)   59        38      1984


SUNRISE AND SUNSET
SEPTEMBER  6 2017.....SUNRISE   704 AM EDT   SUNSET   758 PM EDT
SEPTEMBER  7 2017.....SUNRISE   705 AM EDT   SUNSET   756 PM EDT


-  INDICATES NEGATIVE NUMBERS.
R  INDICATES RECORD WAS SET OR TIED.
MM INDICATES DATA IS MISSING.
T  INDICATES TRACE AMOUNT.




$$
