000
CDUS43 KDTX 082150
CLIDTW


CLIMATE REPORT
NATIONAL WEATHER SERVICE DETROIT/PONTIAC MI
449 PM EST SUN JAN 8 2017


...................................

...THE DETROIT MI CLIMATE SUMMARY FOR JANUARY 8 2017...
VALID TODAY AS OF 0400 PM LOCAL TIME.

CLIMATE NORMAL PERIOD 1981 TO 2010
CLIMATE RECORD PERIOD 1874 TO 2017


WEATHER ITEM   OBSERVED TIME   RECORD YEAR NORMAL DEPARTURE LAST
                VALUE   (LST)  VALUE       VALUE  FROM      YEAR
                                                  NORMAL
..................................................................
TEMPERATURE (F)
 TODAY
  MAXIMUM         18    248 PM  62    1965  32    -14       41
  MINIMUM          8    829 AM -10    1981  19    -11       29
  AVERAGE         13                        26    -13       35

PRECIPITATION (IN)
  TODAY            0.00          1.31 1874   0.07  -0.07     0.19
  MONTH TO DATE    0.50                      0.57  -0.07     0.21
  SINCE DEC 1      2.66                      3.03  -0.37     3.22
  SINCE JAN 1      0.50                      0.57  -0.07     0.21

SNOWFALL (IN)
  TODAY            0.0           2.8  2005   0.4   -0.4      0.0
  MONTH TO DATE    1.6                       3.2   -1.6      0.5
  SINCE DEC 1     18.4                      12.8    5.6      1.8
  SINCE JUL 1     18.5                      14.4    4.1      8.0
  SNOW DEPTH       1

DEGREE DAYS
 HEATING
  TODAY           52                        39     13       30
  MONTH TO DATE  329                       312     17      281
  SINCE DEC 1   1439                      1394     45     1013
  SINCE JUL 1   2307                      2609   -302     1933

 COOLING
  TODAY            0                         0      0        0
  MONTH TO DATE    0                         0      0        0
  SINCE DEC 1      0                         0      0        0
  SINCE JAN 1      0                         0      0        0
..................................................................


WIND (MPH)
  HIGHEST WIND SPEED    17   HIGHEST WIND DIRECTION     W (290)
  HIGHEST GUST SPEED    23   HIGHEST GUST DIRECTION     W (280)
  AVERAGE WIND SPEED    11.1


SKY COVER
  POSSIBLE SUNSHINE  MM
  AVERAGE SKY COVER 0.3


WEATHER CONDITIONS
 THE FOLLOWING WEATHER WAS RECORDED TODAY.
  NO SIGNIFICANT WEATHER WAS OBSERVED.


RELATIVE HUMIDITY (PERCENT)
 HIGHEST    73           300 AM
 LOWEST     54          1200 PM
 AVERAGE    64

..........................................................


THE DETROIT MI CLIMATE NORMALS FOR TOMORROW
                         NORMAL    RECORD    YEAR
 MAXIMUM TEMPERATURE (F)   32        55      1949
                                             1880
 MINIMUM TEMPERATURE (F)   19       -12      1875


SUNRISE AND SUNSET
JANUARY  8 2017.......SUNRISE   802 AM EST   SUNSET   519 PM EST
JANUARY  9 2017.......SUNRISE   802 AM EST   SUNSET   520 PM EST


-  INDICATES NEGATIVE NUMBERS.
R  INDICATES RECORD WAS SET OR TIED.
MM INDICATES DATA IS MISSING.
T  INDICATES TRACE AMOUNT.




$$
