000
CDUS43 KDTX 150538
CLIDTW


CLIMATE REPORT
NATIONAL WEATHER SERVICE DETROIT/PONTIAC MI
137 AM EDT SUN MAY 15 2016


...................................

...THE DETROIT MI CLIMATE SUMMARY FOR MAY 14 2016...

CLIMATE NORMAL PERIOD 1981 TO 2010
CLIMATE RECORD PERIOD 1874 TO 2016


WEATHER ITEM   OBSERVED TIME   RECORD YEAR NORMAL DEPARTURE LAST
                VALUE   (LST)  VALUE       VALUE  FROM      YEAR
                                                  NORMAL
..................................................................
TEMPERATURE (F)
 YESTERDAY
  MAXIMUM         56   1225 AM  91    1962  69    -13       63
  MINIMUM         42   1159 PM  34    1984  49     -7       39
                                      1910
  AVERAGE         49                        59    -10       51

PRECIPITATION (IN)
  YESTERDAY        0.22          1.39 1916   0.11   0.11     0.00
  MONTH TO DATE    1.99                      1.44   0.55     2.39
  SINCE MAR 1      9.16                      6.62   2.54     5.80
  SINCE JAN 1     12.52                     10.60   1.92     8.60

SNOWFALL (IN)
  YESTERDAY        T   R         0.0    MM   0.0    0.0      0.0
  MONTH TO DATE    T                         0.0    0.0      0.0
  SINCE MAR 1      8.7                       8.6    0.1      2.8
  SINCE JUL 1     35.3                      42.5   -7.2     47.5
  SNOW DEPTH       0

DEGREE DAYS
 HEATING
  YESTERDAY       16                         7      9       14
  MONTH TO DATE  121                       123     -2       52
  SINCE MAR 1   1345                      1464   -119     1430
  SINCE JUL 1   5110                      6017   -907     6541

 COOLING
  YESTERDAY        0                         1     -1        0
  MONTH TO DATE    2                         9     -7       37
  SINCE MAR 1      2                        15    -13       37
  SINCE JAN 1      2                        15    -13       37
..................................................................


WIND (MPH)
  HIGHEST WIND SPEED    29   HIGHEST WIND DIRECTION     W (280)
  HIGHEST GUST SPEED    37   HIGHEST GUST DIRECTION     W (280)
  AVERAGE WIND SPEED    13.8


SKY COVER
  POSSIBLE SUNSHINE  MM
  AVERAGE SKY COVER 1.0


WEATHER CONDITIONS
 THE FOLLOWING WEATHER WAS RECORDED YESTERDAY.
  RAIN
  LIGHT RAIN
  HAIL
  FOG


RELATIVE HUMIDITY (PERCENT)
 HIGHEST    96           300 AM
 LOWEST     56          1200 PM
 AVERAGE    76

..........................................................


THE DETROIT MI CLIMATE NORMALS FOR TODAY
                         NORMAL    RECORD    YEAR
 MAXIMUM TEMPERATURE (F)   70        92      1962
 MINIMUM TEMPERATURE (F)   49        33      1973
                                             1895


SUNRISE AND SUNSET
MAY 15 2016...........SUNRISE   612 AM EDT   SUNSET   848 PM EDT
MAY 16 2016...........SUNRISE   611 AM EDT   SUNSET   849 PM EDT


-  INDICATES NEGATIVE NUMBERS.
R  INDICATES RECORD WAS SET OR TIED.
MM INDICATES DATA IS MISSING.
T  INDICATES TRACE AMOUNT.




$$
