000
CDUS43 KDTX 120537
CLIDTW


CLIMATE REPORT
NATIONAL WEATHER SERVICE DETROIT/PONTIAC MI
137 AM EDT MON SEP 12 2016


...................................

...THE DETROIT MI CLIMATE SUMMARY FOR SEPTEMBER 11 2016...

CLIMATE NORMAL PERIOD 1981 TO 2010
CLIMATE RECORD PERIOD 1874 TO 2016


WEATHER ITEM   OBSERVED TIME   RECORD YEAR NORMAL DEPARTURE LAST
                VALUE   (LST)  VALUE       VALUE  FROM      YEAR
                                                  NORMAL
..................................................................
TEMPERATURE (F)
 YESTERDAY
  MAXIMUM         74    413 PM  95    1931  76     -2       68
  MINIMUM         56    644 AM  39    1917  57     -1       58
  AVERAGE         65                        66     -1       63

PRECIPITATION (IN)
  YESTERDAY        0.00          3.71 2000   0.12  -0.12     0.19
  MONTH TO DATE    1.86                      1.21   0.65     0.72
  SINCE SEP 1      1.86                      1.21   0.65     0.72
  SINCE JAN 1     23.08                     23.64  -0.56    22.70

SNOWFALL (IN)
  YESTERDAY        0.0           0.0    MM   0.0    0.0      0.0
  MONTH TO DATE    0.0                       0.0    0.0      0.0
  SINCE SEP 1      0.0                       0.0    0.0      0.0
  SINCE JUL 1      0.0                       0.0    0.0      0.0
  SNOW DEPTH       0

DEGREE DAYS
 HEATING
  YESTERDAY        0                         2     -2        2
  MONTH TO DATE    0                        15    -15        2
  SINCE SEP 1      0                        15    -15        2
  SINCE JUL 1      0                        25    -25       12

 COOLING
  YESTERDAY        0                         3     -3        0
  MONTH TO DATE   72                        47     25      120
  SINCE SEP 1     72                        47     25      120
  SINCE JAN 1   1095                       758    337      840
..................................................................


WIND (MPH)
  HIGHEST WIND SPEED    12   HIGHEST WIND DIRECTION     W (280)
  HIGHEST GUST SPEED    15   HIGHEST GUST DIRECTION     W (280)
  AVERAGE WIND SPEED     4.8


SKY COVER
  POSSIBLE SUNSHINE  MM
  AVERAGE SKY COVER 0.2


WEATHER CONDITIONS
 THE FOLLOWING WEATHER WAS RECORDED YESTERDAY.
  NO SIGNIFICANT WEATHER WAS OBSERVED.


RELATIVE HUMIDITY (PERCENT)
 HIGHEST   100           600 AM
 LOWEST     41           500 PM
 AVERAGE    71

..........................................................


THE DETROIT MI CLIMATE NORMALS FOR TODAY
                         NORMAL    RECORD    YEAR
 MAXIMUM TEMPERATURE (F)   76        96      1952
 MINIMUM TEMPERATURE (F)   56        39      1943


SUNRISE AND SUNSET
SEPTEMBER 12 2016.....SUNRISE   711 AM EDT   SUNSET   747 PM EDT
SEPTEMBER 13 2016.....SUNRISE   712 AM EDT   SUNSET   746 PM EDT


-  INDICATES NEGATIVE NUMBERS.
R  INDICATES RECORD WAS SET OR TIED.
MM INDICATES DATA IS MISSING.
T  INDICATES TRACE AMOUNT.




$$
