000
CDUS43 KDTX 120539
CLIDTW


CLIMATE REPORT
NATIONAL WEATHER SERVICE DETROIT/PONTIAC MI
138 AM EDT TUE APR 12 2016


...................................

...THE DETROIT MI CLIMATE SUMMARY FOR APRIL 11 2016...

CLIMATE NORMAL PERIOD 1981 TO 2010
CLIMATE RECORD PERIOD 1874 TO 2016


WEATHER ITEM   OBSERVED TIME   RECORD YEAR NORMAL DEPARTURE LAST
                VALUE   (LST)  VALUE       VALUE  FROM      YEAR
                                                  NORMAL
..................................................................
TEMPERATURE (F)
 YESTERDAY
  MAXIMUM         60    334 PM  87    1977  57      3       63
  MINIMUM         36   1120 PM  22    1940  38     -2       36
  AVERAGE         48                        48      0       50

PRECIPITATION (IN)
  YESTERDAY        0.05          1.60 1965   0.10  -0.05     0.00
  MONTH TO DATE    0.84                      1.04  -0.20     1.58
  SINCE MAR 1      5.70                      3.32   2.38     2.38
  SINCE JAN 1      9.06                      7.30   1.76     5.18

SNOWFALL (IN)
  YESTERDAY        0.0           2.5  1885   0.1   -0.1      0.0
  MONTH TO DATE    1.3                       1.1    0.2      0.0
  SINCE MAR 1      8.7                       8.0    0.7      2.8
  SINCE JUL 1     35.3                      41.9   -6.6     47.5
  SNOW DEPTH       0

DEGREE DAYS
 HEATING
  YESTERDAY       17                        18     -1       15
  MONTH TO DATE  303                       214     89      183
  SINCE MAR 1    973                      1076   -103     1120
  SINCE JUL 1   4738                      5629   -891     6231

 COOLING
  YESTERDAY        0                         0      0        0
  MONTH TO DATE    0                         0      0        0
  SINCE MAR 1      0                         0      0        0
  SINCE JAN 1      0                         0      0        0
..................................................................


WIND (MPH)
  HIGHEST WIND SPEED    25   HIGHEST WIND DIRECTION     W (260)
  HIGHEST GUST SPEED    33   HIGHEST GUST DIRECTION    SW (240)
  AVERAGE WIND SPEED    13.5


SKY COVER
  POSSIBLE SUNSHINE  MM
  AVERAGE SKY COVER 0.9


WEATHER CONDITIONS
 THE FOLLOWING WEATHER WAS RECORDED YESTERDAY.
  LIGHT RAIN
  FOG
  HAZE


RELATIVE HUMIDITY (PERCENT)
 HIGHEST   100          1200 AM
 LOWEST     40           400 PM
 AVERAGE    70

..........................................................


THE DETROIT MI CLIMATE NORMALS FOR TODAY
                         NORMAL    RECORD    YEAR
 MAXIMUM TEMPERATURE (F)   58        89      1977
 MINIMUM TEMPERATURE (F)   38        18      1976


SUNRISE AND SUNSET
APRIL 12 2016.........SUNRISE   657 AM EDT   SUNSET   812 PM EDT
APRIL 13 2016.........SUNRISE   655 AM EDT   SUNSET   813 PM EDT


-  INDICATES NEGATIVE NUMBERS.
R  INDICATES RECORD WAS SET OR TIED.
MM INDICATES DATA IS MISSING.
T  INDICATES TRACE AMOUNT.




$$
