000
CDUS43 KDTX 240537
CLIDTW


CLIMATE REPORT
NATIONAL WEATHER SERVICE DETROIT/PONTIAC MI
137 AM EDT WED JUN 24 2015


...................................

...THE DETROIT MI CLIMATE SUMMARY FOR JUNE 23 2015...

CLIMATE NORMAL PERIOD 1981 TO 2010
CLIMATE RECORD PERIOD 1874 TO 2015


WEATHER ITEM   OBSERVED TIME   RECORD YEAR NORMAL DEPARTURE LAST
                VALUE   (LST)  VALUE       VALUE  FROM      YEAR
                                                  NORMAL
..................................................................
TEMPERATURE (F)
 YESTERDAY
  MAXIMUM         81   1223 AM  95    1923  82     -1       80
                                      1911
  MINIMUM         65   1159 PM  42    1877  62      3       63
  AVERAGE         73                        72      1       72

PRECIPITATION (IN)
  YESTERDAY        1.08R         0.95 2010   0.12   0.96     0.01
  MONTH TO DATE    4.30                      2.75   1.55     3.20
  SINCE JUN 1      4.30                      2.75   1.55     3.20
  SINCE JAN 1     16.04                     15.29   0.75    17.87

SNOWFALL (IN)
  YESTERDAY        0.0           0.0    MM   0.0    0.0      0.0
  MONTH TO DATE    0.0                       0.0    0.0      0.0
  SINCE JUN 1      0.0                       0.0    0.0      0.0
  SINCE JUL 1     47.5                      42.5    5.0     94.9
  SNOW DEPTH       0

DEGREE DAYS
 HEATING
  YESTERDAY        0                         0      0        0
  MONTH TO DATE   19                        34    -15       12
  SINCE JUN 1     19                        34    -15       12
  SINCE JUL 1   6617                      6136    481     7023

 COOLING
  YESTERDAY        8                         7      1        7
  MONTH TO DATE  117                       113      4      112
  SINCE JUN 1    117                       113      4      112
  SINCE JAN 1    221                       161     60      176
..................................................................


WIND (MPH)
  HIGHEST WIND SPEED    23   HIGHEST WIND DIRECTION    SW (230)
  HIGHEST GUST SPEED    33   HIGHEST GUST DIRECTION    SW (240)
  AVERAGE WIND SPEED    10.6


SKY COVER
  POSSIBLE SUNSHINE  MM
  AVERAGE SKY COVER 0.5


WEATHER CONDITIONS
 THE FOLLOWING WEATHER WAS RECORDED YESTERDAY.
  THUNDERSTORM
  HEAVY RAIN
  RAIN
  LIGHT RAIN
  FOG


RELATIVE HUMIDITY (PERCENT)
 HIGHEST    84           200 AM
 LOWEST     45           600 PM
 AVERAGE    65

..........................................................


THE DETROIT MI CLIMATE NORMALS FOR TODAY
                         NORMAL    RECORD    YEAR
 MAXIMUM TEMPERATURE (F)   82        97      1952
 MINIMUM TEMPERATURE (F)   62        45      1881


SUNRISE AND SUNSET
JUNE 24 2015..........SUNRISE   558 AM EDT   SUNSET   914 PM EDT
JUNE 25 2015..........SUNRISE   558 AM EDT   SUNSET   914 PM EDT


-  INDICATES NEGATIVE NUMBERS.
R  INDICATES RECORD WAS SET OR TIED.
MM INDICATES DATA IS MISSING.
T  INDICATES TRACE AMOUNT.




$$
