787
CDUS43 KDTX 112140
CLIDTW


CLIMATE REPORT
NATIONAL WEATHER SERVICE DETROIT/PONTIAC MI
439 PM EST SAT NOV 11 2017


...................................

...THE DETROIT MI CLIMATE SUMMARY FOR NOVEMBER 11 2017...
VALID TODAY AS OF 0400 PM LOCAL TIME.

CLIMATE NORMAL PERIOD 1981 TO 2010
CLIMATE RECORD PERIOD 1874 TO 2017


WEATHER ITEM   OBSERVED TIME   RECORD YEAR NORMAL DEPARTURE LAST
                VALUE   (LST)  VALUE       VALUE  FROM      YEAR
                                                  NORMAL
..................................................................
TEMPERATURE (F)
 TODAY
  MAXIMUM         36    316 PM  71    1964  51    -15       54
  MINIMUM         23    236 AM  19    1926  36    -13       33
  AVERAGE         30                        44    -14       44

PRECIPITATION (IN)
  TODAY            0.00          1.16 1879   0.09  -0.09     0.00
  MONTH TO DATE    2.18                      0.99   1.19     1.01
  SINCE SEP 1      5.93                      6.78  -0.85    10.27
  SINCE JAN 1     31.23                     29.21   2.02    31.49

SNOWFALL (IN)
  TODAY            0.0           4.1  1984   0.0    0.0      0.0
  MONTH TO DATE    T                         0.2   -0.2      0.0
  SINCE SEP 1      T                         0.3   -0.3      0.0
  SINCE JUL 1      T                         0.3   -0.3      0.0
  SNOW DEPTH       0

DEGREE DAYS
 HEATING
  TODAY           35                        22     13       21
  MONTH TO DATE  255                       217     38      129
  SINCE SEP 1    584                       718   -134      456
  SINCE JUL 1    588                       728   -140      456

 COOLING
  TODAY            0                         0      0        0
  MONTH TO DATE    0                         0      0        0
  SINCE SEP 1    168                        92     76      154
  SINCE JAN 1    918                       803    115     1177
..................................................................


WIND (MPH)
  HIGHEST WIND SPEED    18   HIGHEST WIND DIRECTION     S (170)
  HIGHEST GUST SPEED    25   HIGHEST GUST DIRECTION    SE (130)
  AVERAGE WIND SPEED     7.7


SKY COVER
  POSSIBLE SUNSHINE  MM
  AVERAGE SKY COVER 0.9


WEATHER CONDITIONS
 THE FOLLOWING WEATHER WAS RECORDED TODAY.
  NO SIGNIFICANT WEATHER WAS OBSERVED.


RELATIVE HUMIDITY (PERCENT)
 HIGHEST    68           200 AM
 LOWEST     40           300 PM
 AVERAGE    54

..........................................................


THE DETROIT MI CLIMATE NORMALS FOR TOMORROW
                         NORMAL    RECORD    YEAR
 MAXIMUM TEMPERATURE (F)   51        69      2005
                                             1964
                                             1902
 MINIMUM TEMPERATURE (F)   36        16      1983
                                             1911


SUNRISE AND SUNSET
NOVEMBER 11 2017......SUNRISE   719 AM EST   SUNSET   515 PM EST
NOVEMBER 12 2017......SUNRISE   720 AM EST   SUNSET   514 PM EST


-  INDICATES NEGATIVE NUMBERS.
R  INDICATES RECORD WAS SET OR TIED.
MM INDICATES DATA IS MISSING.
T  INDICATES TRACE AMOUNT.




$$
