000
CDUS43 KDTX 052034
CLIDTW


CLIMATE REPORT
NATIONAL WEATHER SERVICE DETROIT/PONTIAC MI
434 PM EDT SAT AUG 5 2017


...................................

...THE DETROIT MI CLIMATE SUMMARY FOR AUGUST 5 2017...
VALID TODAY AS OF 0400 PM LOCAL TIME.

CLIMATE NORMAL PERIOD 1981 TO 2010
CLIMATE RECORD PERIOD 1874 TO 2017


WEATHER ITEM   OBSERVED TIME   RECORD YEAR NORMAL DEPARTURE LAST
                VALUE   (LST)  VALUE       VALUE  FROM      YEAR
                                                  NORMAL
..................................................................
TEMPERATURE (F)
 TODAY
  MAXIMUM         79    225 PM  96    1881  83     -4       90
  MINIMUM         55    551 AM  45    1972  64     -9       72
  AVERAGE         67                        73     -6       81

PRECIPITATION (IN)
  TODAY            0.00          2.33 1940   0.11  -0.11     0.17
  MONTH TO DATE    0.28                      0.55  -0.27     0.17
  SINCE JUN 1      4.74                      7.44  -2.70     3.04
  SINCE JAN 1     21.67                     19.98   1.69    15.77

SNOWFALL (IN)
  TODAY            0.0           0.0    MM   0.0    0.0      0.0
  MONTH TO DATE    0.0                       0.0    0.0      0.0
  SINCE JUN 1      0.0                       0.0    0.0      0.0
  SINCE JUL 1      0.0                       0.0    0.0      0.0
  SNOW DEPTH       0

DEGREE DAYS
 HEATING
  TODAY            0                         0      0        0
  MONTH TO DATE    0                         0      0        0
  SINCE JUN 1     11                        37    -26       14
  SINCE JUL 1      0                         2     -2        0

 COOLING
  TODAY            2                         8     -6       16
  MONTH TO DATE   42                        40      2       70
  SINCE JUN 1    544                       478     66      643
  SINCE JAN 1    590                       526     64      721
..................................................................


WIND (MPH)
  HIGHEST WIND SPEED    21   HIGHEST WIND DIRECTION    NW (310)
  HIGHEST GUST SPEED    27   HIGHEST GUST DIRECTION     W (290)
  AVERAGE WIND SPEED    12.8


SKY COVER
  POSSIBLE SUNSHINE  MM
  AVERAGE SKY COVER 0.3


WEATHER CONDITIONS
 THE FOLLOWING WEATHER WAS RECORDED TODAY.
  NO SIGNIFICANT WEATHER WAS OBSERVED.


RELATIVE HUMIDITY (PERCENT)
 HIGHEST    93           500 AM
 LOWEST     33           200 PM
 AVERAGE    63

..........................................................


THE DETROIT MI CLIMATE NORMALS FOR TOMORROW
                         NORMAL    RECORD    YEAR
 MAXIMUM TEMPERATURE (F)   82       104      1918
 MINIMUM TEMPERATURE (F)   64        49      1971


SUNRISE AND SUNSET
AUGUST  5 2017........SUNRISE   631 AM EDT   SUNSET   847 PM EDT
AUGUST  6 2017........SUNRISE   632 AM EDT   SUNSET   846 PM EDT


-  INDICATES NEGATIVE NUMBERS.
R  INDICATES RECORD WAS SET OR TIED.
MM INDICATES DATA IS MISSING.
T  INDICATES TRACE AMOUNT.




$$
