000
CDUS43 KDTX 112132
CLIDTW


CLIMATE REPORT
NATIONAL WEATHER SERVICE DETROIT/PONTIAC MI
431 PM EST TUE NOV 11 2014


...................................

...THE DETROIT MI CLIMATE SUMMARY FOR NOVEMBER 11 2014...
VALID TODAY AS OF 0400 PM LOCAL TIME.

CLIMATE NORMAL PERIOD 1981 TO 2010
CLIMATE RECORD PERIOD 1874 TO 2014


WEATHER ITEM   OBSERVED TIME   RECORD YEAR NORMAL DEPARTURE LAST
                VALUE   (LST)  VALUE       VALUE  FROM      YEAR
                                                  NORMAL
..................................................................
TEMPERATURE (F)
 TODAY
  MAXIMUM         64    151 PM  71    1964  51     13       44
  MINIMUM         45    451 AM  19    1926  36      9       28
  AVERAGE         55                        44     11       36

PRECIPITATION (IN)
  TODAY            T             1.16 1879   0.09  -0.09     0.18
  MONTH TO DATE    0.15                      0.99  -0.84     0.40
  SINCE SEP 1      7.22                      6.78   0.44     5.08
  SINCE JAN 1     34.64                     29.21   5.43    36.06

SNOWFALL (IN)
  TODAY            0.0           4.1  1984   0.0    0.0      0.5
  MONTH TO DATE    0.0                       0.2   -0.2      0.5
  SINCE SEP 1      T                         0.3   -0.3      0.5
  SINCE JUL 1      T                         0.3   -0.3      0.5
  SNOW DEPTH       0

DEGREE DAYS
 HEATING
  TODAY           10                        22    -12       29
  MONTH TO DATE  230                       217     13      234
  SINCE SEP 1    729                       718     11      707
  SINCE JUL 1    742                       728     14      719

 COOLING
  TODAY            0                         0      0        0
  MONTH TO DATE    0                         0      0        0
  SINCE SEP 1     72                        92    -20       98
  SINCE JAN 1    704                       803    -99      891
..................................................................


WIND (MPH)
  HIGHEST WIND SPEED    28   HIGHEST WIND DIRECTION    SW (210)
  HIGHEST GUST SPEED    33   HIGHEST GUST DIRECTION    SW (210)
  AVERAGE WIND SPEED    13.2


SKY COVER
  POSSIBLE SUNSHINE  MM
  AVERAGE SKY COVER 0.6


WEATHER CONDITIONS
 THE FOLLOWING WEATHER WAS RECORDED TODAY.
  LIGHT RAIN


RELATIVE HUMIDITY (PERCENT)
 HIGHEST    72           400 PM
 LOWEST     48          1200 PM
 AVERAGE    60

..........................................................


THE DETROIT MI CLIMATE NORMALS FOR TOMORROW
                         NORMAL    RECORD    YEAR
 MAXIMUM TEMPERATURE (F)   51        69      2005
                                             1964
                                             1902
 MINIMUM TEMPERATURE (F)   36        16      1983
                                             1911


SUNRISE AND SUNSET
NOVEMBER 11 2014......SUNRISE   719 AM EST   SUNSET   515 PM EST
NOVEMBER 12 2014......SUNRISE   720 AM EST   SUNSET   514 PM EST


-  INDICATES NEGATIVE NUMBERS.
R  INDICATES RECORD WAS SET OR TIED.
MM INDICATES DATA IS MISSING.
T  INDICATES TRACE AMOUNT.




$$
