000
CDUS43 KDTX 210536
CLIDTW


CLIMATE REPORT
NATIONAL WEATHER SERVICE DETROIT/PONTIAC MI
136 AM EDT SAT MAR 21 2015


...................................

...THE DETROIT MI CLIMATE SUMMARY FOR MARCH 20 2015...

CLIMATE NORMAL PERIOD 1981 TO 2010
CLIMATE RECORD PERIOD 1874 TO 2015


WEATHER ITEM   OBSERVED TIME   RECORD YEAR NORMAL DEPARTURE LAST
                VALUE   (LST)  VALUE       VALUE  FROM      YEAR
                                                  NORMAL
..................................................................
TEMPERATURE (F)
 YESTERDAY
  MAXIMUM         51    453 PM  82    2012  48      3       41
  MINIMUM         32    311 AM  -2    1885  30      2       29
  AVERAGE         42                        39      3       35

PRECIPITATION (IN)
  YESTERDAY        0.00          0.88 1984   0.07  -0.07      T
  MONTH TO DATE    0.32                      1.41  -1.09     1.34
  SINCE MAR 1      0.32                      1.41  -1.09     1.34
  SINCE JAN 1      3.12                      5.39  -2.27     7.08

SNOWFALL (IN)
  YESTERDAY        0.0           5.6  1996   0.2   -0.2       T
  MONTH TO DATE    2.8                       5.2   -2.4     11.5
  SINCE MAR 1      2.8                       5.2   -2.4     11.5
  SINCE JUL 1     47.5                      39.1    8.4     90.7
  SNOW DEPTH       0

DEGREE DAYS
 HEATING
  YESTERDAY       23                        26     -3       30
  MONTH TO DATE  610                       599     11      772
  SINCE MAR 1    610                       599     11      772
  SINCE JUL 1   5721                      5152    569     6022

 COOLING
  YESTERDAY        0                         0      0        0
  MONTH TO DATE    0                         0      0        0
  SINCE MAR 1      0                         0      0        0
  SINCE JAN 1      0                         0      0        0
..................................................................


WIND (MPH)
  HIGHEST WIND SPEED    17   HIGHEST WIND DIRECTION    SW (210)
  HIGHEST GUST SPEED    22   HIGHEST GUST DIRECTION    SW (210)
  AVERAGE WIND SPEED     8.0


SKY COVER
  POSSIBLE SUNSHINE  MM
  AVERAGE SKY COVER 0.9


WEATHER CONDITIONS
 THE FOLLOWING WEATHER WAS RECORDED YESTERDAY.
  NO SIGNIFICANT WEATHER WAS OBSERVED.


RELATIVE HUMIDITY (PERCENT)
 HIGHEST    76           900 PM
 LOWEST     40          1200 PM
 AVERAGE    58

..........................................................


THE DETROIT MI CLIMATE NORMALS FOR TODAY
                         NORMAL    RECORD    YEAR
 MAXIMUM TEMPERATURE (F)   48        84      2012
 MINIMUM TEMPERATURE (F)   30        -1      1885


SUNRISE AND SUNSET
MARCH 21 2015.........SUNRISE   735 AM EDT   SUNSET   746 PM EDT
MARCH 22 2015.........SUNRISE   734 AM EDT   SUNSET   748 PM EDT


-  INDICATES NEGATIVE NUMBERS.
R  INDICATES RECORD WAS SET OR TIED.
MM INDICATES DATA IS MISSING.
T  INDICATES TRACE AMOUNT.




$$
