000
CDUS43 KDTX 100027
CLIDTW


CLIMATE REPORT...CORRECTED PRECIP
NATIONAL WEATHER SERVICE DETROIT/PONTIAC MI
726 PM EST SUN NOV 9 2014


...................................

...THE DETROIT MI CLIMATE SUMMARY FOR NOVEMBER 9 2014...
VALID TODAY AS OF 0500 PM LOCAL TIME.

CLIMATE NORMAL PERIOD 1981 TO 2010
CLIMATE RECORD PERIOD 1874 TO 2014


WEATHER ITEM   OBSERVED TIME   RECORD YEAR NORMAL DEPARTURE LAST
                VALUE   (LST)  VALUE       VALUE  FROM      YEAR
                                                  NORMAL
..................................................................
TEMPERATURE (F)
 TODAY
  MAXIMUM         44   1230 PM  75    1999  52     -8       58
  MINIMUM         32    724 AM  18    1991  37     -5       37
  AVERAGE         38                        44     -6       48

PRECIPITATION (IN)
  TODAY            0.00          1.38 1897   0.09  -0.09     0.00
  MONTH TO DATE    0.15                      0.81  -0.66     0.22
  SINCE SEP 1      7.22                      6.60   0.62     4.90
  SINCE JAN 1     34.64                     29.03   5.61    35.88

SNOWFALL (IN)
  TODAY            0.0           5.3  1921   0.1   -0.1      0.0
  MONTH TO DATE    0.0                       0.2   -0.2      0.0
  SINCE SEP 1      T                         0.3   -0.3       T
  SINCE JUL 1      T                         0.3   -0.3       T
  SNOW DEPTH       0

DEGREE DAYS
 HEATING
  TODAY           27                        21      6       17
  MONTH TO DATE  203                       174     29      182
  SINCE SEP 1    702                       675     27      655
  SINCE JUL 1    715                       685     30      667

 COOLING
  TODAY            0                         0      0        0
  MONTH TO DATE    0                         0      0        0
  SINCE SEP 1     72                        92    -20       98
  SINCE JAN 1    704                       803    -99      891
..................................................................


WIND (MPH)
  HIGHEST WIND SPEED    22   HIGHEST WIND DIRECTION     S (200)
  HIGHEST GUST SPEED    26   HIGHEST GUST DIRECTION     S (200)
  AVERAGE WIND SPEED     9.3


SKY COVER
  POSSIBLE SUNSHINE  MM
  AVERAGE SKY COVER 1.0


WEATHER CONDITIONS
 THE FOLLOWING WEATHER WAS RECORDED TODAY.
  NO SIGNIFICANT WEATHER WAS OBSERVED.


RELATIVE HUMIDITY (PERCENT)
 HIGHEST    85           900 AM
 LOWEST     57           300 PM
 AVERAGE    71

..........................................................


THE DETROIT MI CLIMATE NORMALS FOR TOMORROW
                         NORMAL    RECORD    YEAR
 MAXIMUM TEMPERATURE (F)   52        68      1999
 MINIMUM TEMPERATURE (F)   36        19      1913


SUNRISE AND SUNSET
NOVEMBER  9 2014......SUNRISE   716 AM EST   SUNSET   518 PM EST
NOVEMBER 10 2014......SUNRISE   718 AM EST   SUNSET   516 PM EST


-  INDICATES NEGATIVE NUMBERS.
R  INDICATES RECORD WAS SET OR TIED.
MM INDICATES DATA IS MISSING.
T  INDICATES TRACE AMOUNT.




$$
