000
CDUS43 KDTX 100536
CLIDTW


CLIMATE REPORT
NATIONAL WEATHER SERVICE DETROIT/PONTIAC MI
136 AM EDT SUN JUL 10 2016


...................................

...THE DETROIT MI CLIMATE SUMMARY FOR JULY 9 2016...

CLIMATE NORMAL PERIOD 1981 TO 2010
CLIMATE RECORD PERIOD 1874 TO 2016


WEATHER ITEM   OBSERVED TIME   RECORD YEAR NORMAL DEPARTURE LAST
                VALUE   (LST)  VALUE       VALUE  FROM      YEAR
                                                  NORMAL
..................................................................
TEMPERATURE (F)
 YESTERDAY
  MAXIMUM         79    558 PM 102    1936  84     -5       76
  MINIMUM         65    555 AM  50    1883  64      1       63
  AVERAGE         72                        74     -2       70

PRECIPITATION (IN)
  YESTERDAY        T             2.51 1937   0.10  -0.10     0.53
  MONTH TO DATE    1.18                      0.92   0.26     0.70
  SINCE JUN 1      2.48                      4.44  -1.96     6.02
  SINCE JAN 1     15.21                     16.98  -1.77    17.76

SNOWFALL (IN)
  YESTERDAY        0.0           0.0    MM   0.0    0.0      0.0
  MONTH TO DATE    0.0                       0.0    0.0      0.0
  SINCE JUN 1      0.0                       0.0    0.0      0.0
  SINCE JUL 1      0.0                       0.0    0.0      0.0
  SNOW DEPTH       0

DEGREE DAYS
 HEATING
  YESTERDAY        0                         0      0        0
  MONTH TO DATE    0                         0      0        3
  SINCE JUN 1     14                        35    -21       25
  SINCE JUL 1      0                         0      0        3

 COOLING
  YESTERDAY        7                         9     -2        5
  MONTH TO DATE   75                        78     -3       34
  SINCE JUN 1    278                       245     33      174
  SINCE JAN 1    356                       293     63      278
..................................................................


WIND (MPH)
  HIGHEST WIND SPEED    18   HIGHEST WIND DIRECTION     N (360)
  HIGHEST GUST SPEED    25   HIGHEST GUST DIRECTION     N (350)
  AVERAGE WIND SPEED     8.8


SKY COVER
  POSSIBLE SUNSHINE  MM
  AVERAGE SKY COVER 0.7


WEATHER CONDITIONS
 THE FOLLOWING WEATHER WAS RECORDED YESTERDAY.
  LIGHT RAIN


RELATIVE HUMIDITY (PERCENT)
 HIGHEST    90          1200 AM
 LOWEST     48           400 PM
 AVERAGE    69

..........................................................


THE DETROIT MI CLIMATE NORMALS FOR TODAY
                         NORMAL    RECORD    YEAR
 MAXIMUM TEMPERATURE (F)   84       102      1936
 MINIMUM TEMPERATURE (F)   64        51      1895


SUNRISE AND SUNSET
JULY 10 2016..........SUNRISE   607 AM EDT   SUNSET   910 PM EDT
JULY 11 2016..........SUNRISE   608 AM EDT   SUNSET   910 PM EDT


-  INDICATES NEGATIVE NUMBERS.
R  INDICATES RECORD WAS SET OR TIED.
MM INDICATES DATA IS MISSING.
T  INDICATES TRACE AMOUNT.




$$
