287
CDUS43 KDTX 282031
CLIDTW


CLIMATE REPORT
NATIONAL WEATHER SERVICE DETROIT/PONTIAC MI
429 PM EDT WED JUN 28 2017


...................................

...THE DETROIT MI CLIMATE SUMMARY FOR JUNE 28 2017...
VALID TODAY AS OF 0400 PM LOCAL TIME.

CLIMATE NORMAL PERIOD 1981 TO 2010
CLIMATE RECORD PERIOD 1874 TO 2017


WEATHER ITEM   OBSERVED TIME   RECORD YEAR NORMAL DEPARTURE LAST
                VALUE   (LST)  VALUE       VALUE  FROM      YEAR
                                                  NORMAL
..................................................................
TEMPERATURE (F)
 TODAY
  MAXIMUM         79    259 PM 104    1934  83     -4       76
  MINIMUM         51    500 AM  49    1970  63    -12       58
                                      1919
  AVERAGE         65                        73     -8       67

PRECIPITATION (IN)
  TODAY            0.00          1.56 1999   0.11  -0.11     0.00
  MONTH TO DATE    1.48                      3.30  -1.82     1.30
  SINCE JUN 1      1.48                      3.30  -1.82     1.30
  SINCE JAN 1     18.41                     15.84   2.57    14.03

SNOWFALL (IN)
  TODAY            0.0           0.0    MM   0.0    0.0      0.0
  MONTH TO DATE    0.0                       0.0    0.0      0.0
  SINCE JUN 1      0.0                       0.0    0.0      0.0
  SINCE JUL 1     37.9                      42.5   -4.6     35.3
  SNOW DEPTH       0

DEGREE DAYS
 HEATING
  TODAY            0                         0      0        0
  MONTH TO DATE   11                        34    -23       14
  SINCE JUN 1     11                        34    -23       14
  SINCE JUL 1   5157                      6136   -979     5195

 COOLING
  TODAY            0                         8     -8        2
  MONTH TO DATE  176                       151     25      196
  SINCE JUN 1    176                       151     25      196
  SINCE JAN 1    222                       199     23      274
..................................................................


WIND (MPH)
  HIGHEST WIND SPEED    22   HIGHEST WIND DIRECTION     S (180)
  HIGHEST GUST SPEED    26   HIGHEST GUST DIRECTION    SW (210)
  AVERAGE WIND SPEED     8.3


SKY COVER
  POSSIBLE SUNSHINE  MM
  AVERAGE SKY COVER 0.6


WEATHER CONDITIONS
 THE FOLLOWING WEATHER WAS RECORDED TODAY.
  NO SIGNIFICANT WEATHER WAS OBSERVED.


RELATIVE HUMIDITY (PERCENT)
 HIGHEST    83           300 AM
 LOWEST     36          1200 PM
 AVERAGE    60

..........................................................


THE DETROIT MI CLIMATE NORMALS FOR TOMORROW
                         NORMAL    RECORD    YEAR
 MAXIMUM TEMPERATURE (F)   83        96      1933
 MINIMUM TEMPERATURE (F)   63        48      1989
                                             1923


SUNRISE AND SUNSET
JUNE 28 2017..........SUNRISE   559 AM EDT   SUNSET   914 PM EDT
JUNE 29 2017..........SUNRISE   600 AM EDT   SUNSET   914 PM EDT


-  INDICATES NEGATIVE NUMBERS.
R  INDICATES RECORD WAS SET OR TIED.
MM INDICATES DATA IS MISSING.
T  INDICATES TRACE AMOUNT.




$$
