000
CDUS43 KDTX 220536
CLIDTW


CLIMATE REPORT
NATIONAL WEATHER SERVICE DETROIT/PONTIAC MI
136 AM EDT TUE JUL 22 2014


...................................

...THE DETROIT MI CLIMATE SUMMARY FOR JULY 21 2014...

CLIMATE NORMAL PERIOD 1981 TO 2010
CLIMATE RECORD PERIOD 1874 TO 2014


WEATHER ITEM   OBSERVED TIME   RECORD YEAR NORMAL DEPARTURE LAST
                VALUE   (LST)  VALUE       VALUE  FROM      YEAR
                                                  NORMAL
..................................................................
TEMPERATURE (F)
 YESTERDAY
  MAXIMUM         84    443 PM 100    2011  84      0       85
  MINIMUM         63    555 AM  50    1970  64     -1       66
  AVERAGE         74                        74      0       76

PRECIPITATION (IN)
  YESTERDAY        0.00          1.19 1899   0.12  -0.12     0.00
  MONTH TO DATE    1.29                      2.21  -0.92     3.31
  SINCE JUN 1      5.29                      5.73  -0.44     9.32
  SINCE JAN 1     19.96                     18.27   1.69    24.17

SNOWFALL (IN)
  YESTERDAY        0.0           0.0    MM   0.0    0.0      0.0
  MONTH TO DATE    0.0                       0.0    0.0      0.0
  SINCE JUN 1      0.0                       0.0    0.0      0.0
  SINCE JUL 1      0.0                       0.0    0.0      0.0
  SNOW DEPTH       0

DEGREE DAYS
 HEATING
  YESTERDAY        0                         0      0        0
  MONTH TO DATE    3                         0      3        0
  SINCE JUN 1     15                        35    -20       23
  SINCE JUL 1      3                         0      3        0

 COOLING
  YESTERDAY        9                         9      0       11
  MONTH TO DATE  121                       186    -65      256
  SINCE JUN 1    306                       353    -47      426
  SINCE JAN 1    370                       401    -31      529
..................................................................


WIND (MPH)
  HIGHEST WIND SPEED    12   HIGHEST WIND DIRECTION    SE (120)
  HIGHEST GUST SPEED    15   HIGHEST GUST DIRECTION    SE (130)
  AVERAGE WIND SPEED     2.9


SKY COVER
  POSSIBLE SUNSHINE  MM
  AVERAGE SKY COVER 0.5


WEATHER CONDITIONS
 THE FOLLOWING WEATHER WAS RECORDED YESTERDAY.
  FOG
  FOG W/VISIBILITY <= 1/4 MILE
  HAZE


RELATIVE HUMIDITY (PERCENT)
 HIGHEST    93           300 AM
 LOWEST     40           200 PM
 AVERAGE    67

..........................................................


THE DETROIT MI CLIMATE NORMALS FOR TODAY
                         NORMAL    RECORD    YEAR
 MAXIMUM TEMPERATURE (F)   83        96      1940
 MINIMUM TEMPERATURE (F)   64        49      1970


SUNRISE AND SUNSET
JULY 22 2014..........SUNRISE   616 AM EDT   SUNSET   903 PM EDT
JULY 23 2014..........SUNRISE   617 AM EDT   SUNSET   902 PM EDT


-  INDICATES NEGATIVE NUMBERS.
R  INDICATES RECORD WAS SET OR TIED.
MM INDICATES DATA IS MISSING.
T  INDICATES TRACE AMOUNT.




$$
