236
CDUS43 KDTX 280555
CLIDTW


CLIMATE REPORT
NATIONAL WEATHER SERVICE DETROIT/PONTIAC MI
155 AM EDT TUE MAR 28 2017


...................................

...THE DETROIT MI CLIMATE SUMMARY FOR MARCH 27 2017...

CLIMATE NORMAL PERIOD 1981 TO 2010
CLIMATE RECORD PERIOD 1874 TO 2017


WEATHER ITEM   OBSERVED TIME   RECORD YEAR NORMAL DEPARTURE LAST
                VALUE   (LST)  VALUE       VALUE  FROM      YEAR
                                                  NORMAL
..................................................................
TEMPERATURE (F)
 YESTERDAY
  MAXIMUM         63    131 PM  81    2007  51     12       68
  MINIMUM         47    133 AM   3    1934  32     15       32
  AVERAGE         55                        42     13       50

PRECIPITATION (IN)
  YESTERDAY        T             1.35 1880   0.08  -0.08     0.62
  MONTH TO DATE    2.29                      1.95   0.34     4.10
  SINCE MAR 1      2.29                      1.95   0.34     4.10
  SINCE JAN 1      7.02                      5.93   1.09     7.46

SNOWFALL (IN)
  YESTERDAY       MM             6.3  1934   0.1   MM        0.0
  MONTH TO DATE    6.9                       6.3    0.6      7.4
  SINCE MAR 1      6.9                       6.3    0.6      7.4
  SINCE JUL 1     37.8                      40.2   -2.4     34.0
  SNOW DEPTH       0

DEGREE DAYS
 HEATING
  YESTERDAY       10                        23    -13       15
  MONTH TO DATE  778                       772      6      604
  SINCE MAR 1    778                       772      6      604
  SINCE JUL 1   4516                      5325   -809     4369

 COOLING
  YESTERDAY        0                         0      0        0
  MONTH TO DATE    0                         0      0        0
  SINCE MAR 1      0                         0      0        0
  SINCE JAN 1      0                         0      0        0
..................................................................


WIND (MPH)
  HIGHEST WIND SPEED    16   HIGHEST WIND DIRECTION    SW (230)
  HIGHEST GUST SPEED    20   HIGHEST GUST DIRECTION    SW (230)
  AVERAGE WIND SPEED     7.9


SKY COVER
  POSSIBLE SUNSHINE  MM
  AVERAGE SKY COVER 1.0


WEATHER CONDITIONS
 THE FOLLOWING WEATHER WAS RECORDED YESTERDAY.
  LIGHT RAIN
  FOG


RELATIVE HUMIDITY (PERCENT)
 HIGHEST   100           200 AM
 LOWEST     60           200 PM
 AVERAGE    80

..........................................................


THE DETROIT MI CLIMATE NORMALS FOR TODAY
                         NORMAL    RECORD    YEAR
 MAXIMUM TEMPERATURE (F)   51        82      1945
 MINIMUM TEMPERATURE (F)   33         4      1934


SUNRISE AND SUNSET
MARCH 28 2017.........SUNRISE   722 AM EDT   SUNSET   755 PM EDT
MARCH 29 2017.........SUNRISE   721 AM EDT   SUNSET   756 PM EDT


-  INDICATES NEGATIVE NUMBERS.
R  INDICATES RECORD WAS SET OR TIED.
MM INDICATES DATA IS MISSING.
T  INDICATES TRACE AMOUNT.




$$
