000
CDUS43 KDTX 310556
CLIDTW


CLIMATE REPORT
NATIONAL WEATHER SERVICE DETROIT/PONTIAC MI
136 AM EDT THU JUL 31 2014


...................................

...THE DETROIT MI CLIMATE SUMMARY FOR JULY 30 2014...

CLIMATE NORMAL PERIOD 1981 TO 2010
CLIMATE RECORD PERIOD 1874 TO 2014


WEATHER ITEM   OBSERVED TIME   RECORD YEAR NORMAL DEPARTURE LAST
                VALUE   (LST)  VALUE       VALUE  FROM      YEAR
                                                  NORMAL
..................................................................
TEMPERATURE (F)
 YESTERDAY
  MAXIMUM         78    344 PM  98    1916  83     -5       79
  MINIMUM         57    538 AM  50    1984  64     -7       54
  AVERAGE         68                        73     -5       67

PRECIPITATION (IN)
  YESTERDAY        0.14          1.75 1915   0.11   0.03     0.00
  MONTH TO DATE    2.43                      3.25  -0.82     4.04
  SINCE JUN 1      6.43                      6.77  -0.34    10.05
  SINCE JAN 1     21.10                     19.31   1.79    24.90

SNOWFALL (IN)
  YESTERDAY        0.0           0.0    MM   0.0    0.0      0.0
  MONTH TO DATE    0.0                       0.0    0.0      0.0
  SINCE JUN 1      0.0                       0.0    0.0      0.0
  SINCE JUL 1      0.0                       0.0    0.0      0.0
  SNOW DEPTH       0

DEGREE DAYS
 HEATING
  YESTERDAY        0                         0      0        0
  MONTH TO DATE    8                         0      8        4
  SINCE JUN 1     20                        35    -15       27
  SINCE JUL 1      8                         0      8        4

 COOLING
  YESTERDAY        3                         8     -5        2
  MONTH TO DATE  164                       265   -101      286
  SINCE JUN 1    349                       432    -83      456
  SINCE JAN 1    413                       480    -67      559
..................................................................


WIND (MPH)
  HIGHEST WIND SPEED    17   HIGHEST WIND DIRECTION    NW (330)
  HIGHEST GUST SPEED    22   HIGHEST GUST DIRECTION     N (350)
  AVERAGE WIND SPEED     5.1


SKY COVER
  POSSIBLE SUNSHINE  MM
  AVERAGE SKY COVER 0.8


WEATHER CONDITIONS
 THE FOLLOWING WEATHER WAS RECORDED YESTERDAY.
  THUNDERSTORM
  HEAVY RAIN
  RAIN
  FOG
  HAZE


RELATIVE HUMIDITY (PERCENT)
 HIGHEST    93           100 AM
 LOWEST     47           400 PM
 AVERAGE    70

..........................................................


THE DETROIT MI CLIMATE NORMALS FOR TODAY
                         NORMAL    RECORD    YEAR
 MAXIMUM TEMPERATURE (F)   83        96      2006
 MINIMUM TEMPERATURE (F)   64        48      1918
                                             1895


SUNRISE AND SUNSET
JULY 31 2014..........SUNRISE   625 AM EDT   SUNSET   854 PM EDT
AUGUST  1 2014........SUNRISE   626 AM EDT   SUNSET   852 PM EDT


-  INDICATES NEGATIVE NUMBERS.
R  INDICATES RECORD WAS SET OR TIED.
MM INDICATES DATA IS MISSING.
T  INDICATES TRACE AMOUNT.




$$
