000
CDUS43 KDTX 240535
CLIDTW


CLIMATE REPORT
NATIONAL WEATHER SERVICE DETROIT/PONTIAC MI
135 AM EDT FRI JUL 24 2015


...................................

...THE DETROIT MI CLIMATE SUMMARY FOR JULY 23 2015...

CLIMATE NORMAL PERIOD 1981 TO 2010
CLIMATE RECORD PERIOD 1874 TO 2015


WEATHER ITEM   OBSERVED TIME   RECORD YEAR NORMAL DEPARTURE LAST
                VALUE   (LST)  VALUE       VALUE  FROM      YEAR
                                                  NORMAL
..................................................................
TEMPERATURE (F)
 YESTERDAY
  MAXIMUM         86    402 PM  98    2012  83      3       79
                                      1933
  MINIMUM         61    544 AM  50    1981  64     -3       61
  AVERAGE         74                        74      0       70

PRECIPITATION (IN)
  YESTERDAY        0.00          1.69 2010   0.11  -0.11      T
  MONTH TO DATE    1.18                      2.43  -1.25     1.29
  SINCE JUN 1      6.50                      5.95   0.55     5.29
  SINCE JAN 1     18.24                     18.49  -0.25    19.96

SNOWFALL (IN)
  YESTERDAY        0.0           0.0    MM   0.0    0.0      0.0
  MONTH TO DATE    0.0                       0.0    0.0      0.0
  SINCE JUN 1      0.0                       0.0    0.0      0.0
  SINCE JUL 1      0.0                       0.0    0.0      0.0
  SNOW DEPTH       0

DEGREE DAYS
 HEATING
  YESTERDAY        0                         0      0        0
  MONTH TO DATE    3                         0      3        3
  SINCE JUN 1     25                        35    -10       15
  SINCE JUL 1      3                         0      3        3

 COOLING
  YESTERDAY        9                         9      0        5
  MONTH TO DATE  149                       204    -55      141
  SINCE JUN 1    289                       371    -82      326
  SINCE JAN 1    393                       419    -26      390
..................................................................


WIND (MPH)
  HIGHEST WIND SPEED    13   HIGHEST WIND DIRECTION     W (270)
  HIGHEST GUST SPEED    16   HIGHEST GUST DIRECTION     W (270)
  AVERAGE WIND SPEED     4.9


SKY COVER
  POSSIBLE SUNSHINE  MM
  AVERAGE SKY COVER 0.4


WEATHER CONDITIONS
 THE FOLLOWING WEATHER WAS RECORDED YESTERDAY.
  NO SIGNIFICANT WEATHER WAS OBSERVED.


RELATIVE HUMIDITY (PERCENT)
 HIGHEST    78           200 AM
 LOWEST     37           400 PM
 AVERAGE    58

..........................................................


THE DETROIT MI CLIMATE NORMALS FOR TODAY
                         NORMAL    RECORD    YEAR
 MAXIMUM TEMPERATURE (F)   83       105      1934
 MINIMUM TEMPERATURE (F)   64        52      1974
                                             1953


SUNRISE AND SUNSET
JULY 24 2015..........SUNRISE   618 AM EDT   SUNSET   901 PM EDT
JULY 25 2015..........SUNRISE   619 AM EDT   SUNSET   900 PM EDT


-  INDICATES NEGATIVE NUMBERS.
R  INDICATES RECORD WAS SET OR TIED.
MM INDICATES DATA IS MISSING.
T  INDICATES TRACE AMOUNT.




$$
