497
CDUS43 KDTX 012137
CLIDTW


CLIMATE REPORT
NATIONAL WEATHER SERVICE DETROIT/PONTIAC MI
436 PM EST THU DEC 1 2016


...................................

...THE DETROIT MI CLIMATE SUMMARY FOR DECEMBER 1 2016...
VALID TODAY AS OF 0400 PM LOCAL TIME.

CLIMATE NORMAL PERIOD 1981 TO 2010
CLIMATE RECORD PERIOD 1874 TO 2016


WEATHER ITEM   OBSERVED TIME   RECORD YEAR NORMAL DEPARTURE LAST
                VALUE   (LST)  VALUE       VALUE  FROM      YEAR
                                                  NORMAL
..................................................................
TEMPERATURE (F)
 TODAY
  MAXIMUM         41    359 PM  64    1970  41      0       50
  MINIMUM         36    848 AM   8    1930  29      7       34
                                      1886
  AVERAGE         39                        35      4       42

PRECIPITATION (IN)
  TODAY            T             1.69 1974   0.08  -0.08     0.05
  MONTH TO DATE    T                         0.08  -0.08     0.05
  SINCE DEC 1      T                         0.08  -0.08     0.05
  SINCE JAN 1     32.58                     31.09   1.49    27.35

SNOWFALL (IN)
  TODAY            T            18.4  1974   0.2   -0.2      0.0
  MONTH TO DATE    T                         0.2   -0.2      0.0
  SINCE DEC 1      T                         0.2   -0.2      0.0
  SINCE JUL 1      0.1                       1.8   -1.7      6.2
  SNOW DEPTH       0

DEGREE DAYS
 HEATING
  TODAY           26                        30     -4       23
  MONTH TO DATE   26                        30     -4       23
  SINCE DEC 1     26                        30     -4       23
  SINCE JUL 1    894                      1245   -351      943

 COOLING
  TODAY            0                         0      0        0
  MONTH TO DATE    0                         0      0        0
  SINCE DEC 1      0                         0      0        0
  SINCE JAN 1   1177                       803    374      891
..................................................................


WIND (MPH)
  HIGHEST WIND SPEED    25   HIGHEST WIND DIRECTION    SW (230)
  HIGHEST GUST SPEED    30   HIGHEST GUST DIRECTION    SW (220)
  AVERAGE WIND SPEED    17.1


SKY COVER
  POSSIBLE SUNSHINE  MM
  AVERAGE SKY COVER 1.0


WEATHER CONDITIONS
 THE FOLLOWING WEATHER WAS RECORDED TODAY.
  LIGHT RAIN
  LIGHT SNOW
  FOG
  HAZE


RELATIVE HUMIDITY (PERCENT)
 HIGHEST    82          1000 AM
 LOWEST     65          1200 AM
 AVERAGE    74

..........................................................


THE DETROIT MI CLIMATE NORMALS FOR TOMORROW
                         NORMAL    RECORD    YEAR
 MAXIMUM TEMPERATURE (F)   41        67      1982
 MINIMUM TEMPERATURE (F)   29        -2      1976


SUNRISE AND SUNSET
DECEMBER  1 2016......SUNRISE   743 AM EST   SUNSET   502 PM EST
DECEMBER  2 2016......SUNRISE   744 AM EST   SUNSET   502 PM EST


-  INDICATES NEGATIVE NUMBERS.
R  INDICATES RECORD WAS SET OR TIED.
MM INDICATES DATA IS MISSING.
T  INDICATES TRACE AMOUNT.




$$
