000
CDUS43 KDTX 032134
CLIDTW


CLIMATE REPORT
NATIONAL WEATHER SERVICE DETROIT/PONTIAC MI
432 PM EST SAT FEB 3 2018


...................................

...THE DETROIT MI CLIMATE SUMMARY FOR FEBRUARY 3 2018...
VALID TODAY AS OF 0400 PM LOCAL TIME.

CLIMATE NORMAL PERIOD 1981 TO 2010
CLIMATE RECORD PERIOD 1874 TO 2018


WEATHER ITEM   OBSERVED TIME   RECORD YEAR NORMAL DEPARTURE LAST
                VALUE   (LST)  VALUE       VALUE  FROM      YEAR
                                                  NORMAL
..................................................................
TEMPERATURE (F)
 TODAY
  MAXIMUM         30    359 PM  56    2016  33     -3       25
  MINIMUM         11   1234 AM -15    1985  19     -8       12
  AVERAGE         21                        26     -5       19

PRECIPITATION (IN)
  TODAY            T             1.12 1883   0.06  -0.06     0.00
  MONTH TO DATE    T                         0.19  -0.19     0.10
  SINCE DEC 1      2.84                      4.61  -1.77     5.09
  SINCE JAN 1      1.36                      2.15  -0.79     2.93

SNOWFALL (IN)
  TODAY            T             7.2  1901   0.4   -0.4      0.0
  MONTH TO DATE    T                         1.1   -1.1      1.5
  SINCE DEC 1     31.7                      23.2    8.5     30.1
  SINCE JUL 1     31.7                      24.8    6.9     30.2
  SNOW DEPTH       1

DEGREE DAYS
 HEATING
  TODAY           44                        39      5       46
  MONTH TO DATE  134                       117     17      121
  SINCE DEC 1   2561                      2422    139     2240
  SINCE JUL 1   3624                      3637    -13     3108

 COOLING
  TODAY            0                         0      0        0
  MONTH TO DATE    0                         0      0        0
  SINCE DEC 1      0                         0      0        0
  SINCE JAN 1      0                         0      0        0
..................................................................


WIND (MPH)
  HIGHEST WIND SPEED    21   HIGHEST WIND DIRECTION     S (200)
  HIGHEST GUST SPEED    26   HIGHEST GUST DIRECTION     S (190)
  AVERAGE WIND SPEED    12.2


SKY COVER
  POSSIBLE SUNSHINE  MM
  AVERAGE SKY COVER 1.0


WEATHER CONDITIONS
 THE FOLLOWING WEATHER WAS RECORDED TODAY.
  LIGHT SNOW


RELATIVE HUMIDITY (PERCENT)
 HIGHEST    74           100 PM
 LOWEST     56           500 AM
 AVERAGE    65

..........................................................


THE DETROIT MI CLIMATE NORMALS FOR TOMORROW
                         NORMAL    RECORD    YEAR
 MAXIMUM TEMPERATURE (F)   33        63      1890
 MINIMUM TEMPERATURE (F)   19       -10      1918
                                             1875


SUNRISE AND SUNSET
FEBRUARY  3 2018......SUNRISE   744 AM EST   SUNSET   550 PM EST
FEBRUARY  4 2018......SUNRISE   743 AM EST   SUNSET   552 PM EST


-  INDICATES NEGATIVE NUMBERS.
R  INDICATES RECORD WAS SET OR TIED.
MM INDICATES DATA IS MISSING.
T  INDICATES TRACE AMOUNT.




$$
