039
CDUS43 KDTX 102139
CLIDTW


CLIMATE REPORT
NATIONAL WEATHER SERVICE DETROIT/PONTIAC MI
431 PM EST FRI FEB 10 2017


...................................

...THE DETROIT MI CLIMATE SUMMARY FOR FEBRUARY 10 2017...
VALID TODAY AS OF 0400 PM LOCAL TIME.

CLIMATE NORMAL PERIOD 1981 TO 2010
CLIMATE RECORD PERIOD 1874 TO 2017


WEATHER ITEM   OBSERVED TIME   RECORD YEAR NORMAL DEPARTURE LAST
                VALUE   (LST)  VALUE       VALUE  FROM      YEAR
                                                  NORMAL
..................................................................
TEMPERATURE (F)
 TODAY
  MAXIMUM         32    359 PM  59    2009  34     -2       25
  MINIMUM         17    118 AM -13    1899  20     -3       13
  AVERAGE         25                        27     -2       19

PRECIPITATION (IN)
  TODAY            T             1.24 1981   0.08  -0.08     0.04
  MONTH TO DATE    1.12                      0.67   0.45     0.68
  SINCE DEC 1      6.11                      5.09   1.02     5.03
  SINCE JAN 1      3.95                      2.63   1.32     2.02

SNOWFALL (IN)
  TODAY            T             8.1  1981   0.3   -0.3      0.7
  MONTH TO DATE    2.0                       3.6   -1.6      3.4
  SINCE DEC 1     30.6                      25.7    4.9     13.1
  SINCE JUL 1     30.7                      27.3    3.4     19.3
  SNOW DEPTH       0

DEGREE DAYS
 HEATING
  TODAY           40                        38      2       46
  MONTH TO DATE  362                       386    -24      312
  SINCE DEC 1   2481                      2691   -210     2183
  SINCE JUL 1   3349                      3906   -557     3103

 COOLING
  TODAY            0                         0      0        0
  MONTH TO DATE    0                         0      0        0
  SINCE DEC 1      0                         0      0        0
  SINCE JAN 1      0                         0      0        0
..................................................................


WIND (MPH)
  HIGHEST WIND SPEED    23   HIGHEST WIND DIRECTION     S (180)
  HIGHEST GUST SPEED    29   HIGHEST GUST DIRECTION     S (180)
  AVERAGE WIND SPEED    12.0


SKY COVER
  POSSIBLE SUNSHINE  MM
  AVERAGE SKY COVER 0.9


WEATHER CONDITIONS
 THE FOLLOWING WEATHER WAS RECORDED TODAY.
  LIGHT SNOW
  HAZE


RELATIVE HUMIDITY (PERCENT)
 HIGHEST    74           200 AM
 LOWEST     49           200 PM
 AVERAGE    62

..........................................................


THE DETROIT MI CLIMATE NORMALS FOR TOMORROW
                         NORMAL    RECORD    YEAR
 MAXIMUM TEMPERATURE (F)   34        70      1999
 MINIMUM TEMPERATURE (F)   20       -10      1885


SUNRISE AND SUNSET
FEBRUARY 10 2017......SUNRISE   736 AM EST   SUNSET   600 PM EST
FEBRUARY 11 2017......SUNRISE   735 AM EST   SUNSET   601 PM EST


-  INDICATES NEGATIVE NUMBERS.
R  INDICATES RECORD WAS SET OR TIED.
MM INDICATES DATA IS MISSING.
T  INDICATES TRACE AMOUNT.




$$
