000
CDUS43 KDTX 040544
CLIDTW


CLIMATE REPORT
NATIONAL WEATHER SERVICE DETROIT/PONTIAC MI
1244 AM EST SAT MAR 4 2017


...................................

...THE DETROIT MI CLIMATE SUMMARY FOR MARCH 3 2017...

CLIMATE NORMAL PERIOD 1981 TO 2010
CLIMATE RECORD PERIOD 1874 TO 2017


WEATHER ITEM   OBSERVED TIME   RECORD YEAR NORMAL DEPARTURE LAST
                VALUE   (LST)  VALUE       VALUE  FROM      YEAR
                                                  NORMAL
..................................................................
TEMPERATURE (F)
 YESTERDAY
  MAXIMUM         32    241 PM  67    1974  40     -8       30
  MINIMUM         22   1159 PM  -4    2003  24     -2       19
  AVERAGE         27                        32     -5       25

PRECIPITATION (IN)
  YESTERDAY        T             1.71 1953   0.07  -0.07     0.10
  MONTH TO DATE    0.90                      0.22   0.68     0.39
  SINCE MAR 1      0.90                      0.22   0.68     0.39
  SINCE JAN 1      5.63                      4.20   1.43     3.75

SNOWFALL (IN)
  YESTERDAY        T             2.2  2016   0.3   -0.3      2.2
  MONTH TO DATE    0.3                       0.9   -0.6      5.5
  SINCE MAR 1      0.3                       0.9   -0.6      5.5
  SINCE JUL 1     31.2                      34.8   -3.6     32.1
  SNOW DEPTH       T

DEGREE DAYS
 HEATING
  YESTERDAY       38                        33      5       40
  MONTH TO DATE   96                        99     -3      120
  SINCE MAR 1     96                        99     -3      120
  SINCE JUL 1   3834                      4652   -818     3885

 COOLING
  YESTERDAY        0                         0      0        0
  MONTH TO DATE    0                         0      0        0
  SINCE MAR 1      0                         0      0        0
  SINCE JAN 1      0                         0      0        0
..................................................................


WIND (MPH)
  HIGHEST WIND SPEED    23   HIGHEST WIND DIRECTION     W (290)
  HIGHEST GUST SPEED    29   HIGHEST GUST DIRECTION     W (290)
  AVERAGE WIND SPEED    12.9


SKY COVER
  POSSIBLE SUNSHINE  MM
  AVERAGE SKY COVER 0.6


WEATHER CONDITIONS
 THE FOLLOWING WEATHER WAS RECORDED YESTERDAY.
  LIGHT SNOW
  HAZE


RELATIVE HUMIDITY (PERCENT)
 HIGHEST    74           500 AM
 LOWEST     39           200 PM
 AVERAGE    57

..........................................................


THE DETROIT MI CLIMATE NORMALS FOR TODAY
                         NORMAL    RECORD    YEAR
 MAXIMUM TEMPERATURE (F)   41        69      1983
 MINIMUM TEMPERATURE (F)   25         0      2014


SUNRISE AND SUNSET
MARCH  4 2017.........SUNRISE   703 AM EST   SUNSET   627 PM EST
MARCH  5 2017.........SUNRISE   702 AM EST   SUNSET   628 PM EST


-  INDICATES NEGATIVE NUMBERS.
R  INDICATES RECORD WAS SET OR TIED.
MM INDICATES DATA IS MISSING.
T  INDICATES TRACE AMOUNT.




$$
