000
CDUS43 KDTX 072031
CLIDTW


CLIMATE REPORT
NATIONAL WEATHER SERVICE DETROIT/PONTIAC MI
430 PM EDT WED JUN 7 2017


...................................

...THE DETROIT MI CLIMATE SUMMARY FOR JUNE 7 2017...
VALID TODAY AS OF 0400 PM LOCAL TIME.

CLIMATE NORMAL PERIOD 1981 TO 2010
CLIMATE RECORD PERIOD 1874 TO 2017


WEATHER ITEM   OBSERVED TIME   RECORD YEAR NORMAL DEPARTURE LAST
                VALUE   (LST)  VALUE       VALUE  FROM      YEAR
                                                  NORMAL
..................................................................
TEMPERATURE (F)
 TODAY
  MAXIMUM         74    259 PM  95    2011  77     -3       70
  MINIMUM         53    524 AM  38    1875  57     -4       54
  AVERAGE         64                        67     -3       62

PRECIPITATION (IN)
  TODAY            0.00          2.55 1939   0.12  -0.12      T
  MONTH TO DATE    0.02                      0.83  -0.81     1.06
  SINCE JUN 1      0.02                      0.83  -0.81     1.06
  SINCE JAN 1     16.95                     13.37   3.58    13.79

SNOWFALL (IN)
  TODAY            0.0           0.0    MM   0.0    0.0      0.0
  MONTH TO DATE    0.0                       0.0    0.0      0.0
  SINCE JUN 1      0.0                       0.0    0.0      0.0
  SINCE JUL 1     37.9                      42.5   -4.6     35.3
  SNOW DEPTH       0

DEGREE DAYS
 HEATING
  TODAY            1                         2     -1        3
  MONTH TO DATE    8                        17     -9        3
  SINCE JUN 1      8                        17     -9        3
  SINCE JUL 1   5154                      6119   -965     5184

 COOLING
  TODAY            0                         4     -4        0
  MONTH TO DATE   15                        24     -9       33
  SINCE JUN 1     15                        24     -9       33
  SINCE JAN 1     61                        72    -11      111
..................................................................


WIND (MPH)
  HIGHEST WIND SPEED    24   HIGHEST WIND DIRECTION    NE (30)
  HIGHEST GUST SPEED    29   HIGHEST GUST DIRECTION    NE (30)
  AVERAGE WIND SPEED    12.2


SKY COVER
  POSSIBLE SUNSHINE  MM
  AVERAGE SKY COVER 0.4


WEATHER CONDITIONS
 THE FOLLOWING WEATHER WAS RECORDED TODAY.
  NO SIGNIFICANT WEATHER WAS OBSERVED.


RELATIVE HUMIDITY (PERCENT)
 HIGHEST    89           200 AM
 LOWEST     35           100 PM
 AVERAGE    62

..........................................................


THE DETROIT MI CLIMATE NORMALS FOR TOMORROW
                         NORMAL    RECORD    YEAR
 MAXIMUM TEMPERATURE (F)   77       100      1933
 MINIMUM TEMPERATURE (F)   57        39      1949
                                             1913


SUNRISE AND SUNSET
JUNE  7 2017..........SUNRISE   557 AM EDT   SUNSET   908 PM EDT
JUNE  8 2017..........SUNRISE   557 AM EDT   SUNSET   908 PM EDT


-  INDICATES NEGATIVE NUMBERS.
R  INDICATES RECORD WAS SET OR TIED.
MM INDICATES DATA IS MISSING.
T  INDICATES TRACE AMOUNT.




$$
