000
CDUS43 KDTX 310535
CLIDTW


CLIMATE REPORT
NATIONAL WEATHER SERVICE DETROIT/PONTIAC MI
135 AM EDT MON MAR 31 2014


...................................

...THE DETROIT MI CLIMATE SUMMARY FOR MARCH 30 2014...

CLIMATE NORMAL PERIOD 1981 TO 2010
CLIMATE RECORD PERIOD 1874 TO 2014


WEATHER ITEM   OBSERVED TIME   RECORD YEAR NORMAL DEPARTURE LAST
                VALUE   (LST)  VALUE       VALUE  FROM      YEAR
                                                  NORMAL
..................................................................
TEMPERATURE (F)
 YESTERDAY
  MAXIMUM         53    454 PM  81    1998  52      1       57
                                      1986
  MINIMUM         26    629 AM  10    1923  34     -8       32
  AVERAGE         40                        43     -3       45

PRECIPITATION (IN)
  YESTERDAY        0.00          1.76 1922   0.08  -0.08     0.00
  MONTH TO DATE    1.49                      2.19  -0.70     0.71
  SINCE MAR 1      1.49                      2.19  -0.70     0.71
  SINCE JAN 1      7.23                      6.17   1.06     6.99

SNOWFALL (IN)
  YESTERDAY        0.0           7.1  1881   0.2   -0.2      0.0
  MONTH TO DATE   12.5                       6.8    5.7      3.1
  SINCE MAR 1     12.5                       6.8    5.7      3.1
  SINCE JUL 1     91.7                      40.7   51.0     47.6
  SNOW DEPTH       0

DEGREE DAYS
 HEATING
  YESTERDAY       25                        22      3       20
  MONTH TO DATE 1098                       840    258      918
  SINCE MAR 1   1098                       840    258      918
  SINCE JUL 1   6348                      5393    955     5203

 COOLING
  YESTERDAY        0                         0      0        0
  MONTH TO DATE    0                         0      0        0
  SINCE MAR 1      0                         0      0        0
  SINCE JAN 1      0                         0      0        0
..................................................................


WIND (MPH)
  HIGHEST WIND SPEED    15   HIGHEST WIND DIRECTION     N (350)
  HIGHEST GUST SPEED    23   HIGHEST GUST DIRECTION    NW (300)
  AVERAGE WIND SPEED     7.0


SKY COVER
  POSSIBLE SUNSHINE  MM
  AVERAGE SKY COVER 0.1


WEATHER CONDITIONS
 THE FOLLOWING WEATHER WAS RECORDED YESTERDAY.
  NO SIGNIFICANT WEATHER WAS OBSERVED.


RELATIVE HUMIDITY (PERCENT)
 HIGHEST    81           700 AM
 LOWEST     24           400 PM
 AVERAGE    53

..........................................................


THE DETROIT MI CLIMATE NORMALS FOR TODAY
                         NORMAL    RECORD    YEAR
 MAXIMUM TEMPERATURE (F)   53        80      1943
 MINIMUM TEMPERATURE (F)   34         6      1923


SUNRISE AND SUNSET
MARCH 31 2014.........SUNRISE   718 AM EDT   SUNSET   758 PM EDT
APRIL  1 2014.........SUNRISE   716 AM EDT   SUNSET   759 PM EDT


-  INDICATES NEGATIVE NUMBERS.
R  INDICATES RECORD WAS SET OR TIED.
MM INDICATES DATA IS MISSING.
T  INDICATES TRACE AMOUNT.




$$
