000
CDUS43 KDTX 220544
CLIDTW


CLIMATE REPORT
NATIONAL WEATHER SERVICE DETROIT/PONTIAC MI
143 AM EDT THU SEP 22 2016


...................................

...THE DETROIT MI CLIMATE SUMMARY FOR SEPTEMBER 21 2016...

CLIMATE NORMAL PERIOD 1981 TO 2010
CLIMATE RECORD PERIOD 1874 TO 2016


WEATHER ITEM   OBSERVED TIME   RECORD YEAR NORMAL DEPARTURE LAST
                VALUE   (LST)  VALUE       VALUE  FROM      YEAR
                                                  NORMAL
..................................................................
TEMPERATURE (F)
 YESTERDAY
  MAXIMUM         81    346 PM  92    1895  72      9       73
  MINIMUM         58    608 AM  35    1875  53      5       52
  AVERAGE         70                        62      8       63

PRECIPITATION (IN)
  YESTERDAY        0.00          1.73 1919   0.11  -0.11     0.00
  MONTH TO DATE    2.29                      2.35  -0.06     1.12
  SINCE SEP 1      2.29                      2.35  -0.06     1.12
  SINCE JAN 1     23.51                     24.78  -1.27    23.10

SNOWFALL (IN)
  YESTERDAY        0.0           0.0    MM   0.0    0.0      0.0
  MONTH TO DATE    0.0                       0.0    0.0      0.0
  SINCE SEP 1      0.0                       0.0    0.0      0.0
  SINCE JUL 1      0.0                       0.0    0.0      0.0
  SNOW DEPTH       0

DEGREE DAYS
 HEATING
  YESTERDAY        0                         5     -5        2
  MONTH TO DATE    2                        48    -46       27
  SINCE SEP 1      2                        48    -46       27
  SINCE JUL 1      2                        58    -56       37

 COOLING
  YESTERDAY        5                         2      3        0
  MONTH TO DATE  115                        72     43      144
  SINCE SEP 1    115                        72     43      144
  SINCE JAN 1   1138                       783    355      864
..................................................................


WIND (MPH)
  HIGHEST WIND SPEED    12   HIGHEST WIND DIRECTION    NW (300)
  HIGHEST GUST SPEED    15   HIGHEST GUST DIRECTION    NW (320)
  AVERAGE WIND SPEED     3.1


SKY COVER
  POSSIBLE SUNSHINE  MM
  AVERAGE SKY COVER 0.5


WEATHER CONDITIONS
 THE FOLLOWING WEATHER WAS RECORDED YESTERDAY.
  FOG
  HAZE


RELATIVE HUMIDITY (PERCENT)
 HIGHEST    90           100 AM
 LOWEST     54           400 PM
 AVERAGE    72

..........................................................


THE DETROIT MI CLIMATE NORMALS FOR TODAY
                         NORMAL    RECORD    YEAR
 MAXIMUM TEMPERATURE (F)   72        91      1941
 MINIMUM TEMPERATURE (F)   52        30      1974


SUNRISE AND SUNSET
SEPTEMBER 22 2016.....SUNRISE   721 AM EDT   SUNSET   730 PM EDT
SEPTEMBER 23 2016.....SUNRISE   722 AM EDT   SUNSET   728 PM EDT


-  INDICATES NEGATIVE NUMBERS.
R  INDICATES RECORD WAS SET OR TIED.
MM INDICATES DATA IS MISSING.
T  INDICATES TRACE AMOUNT.




$$
