000
CDUS43 KDTX 150539
CLIDTW


CLIMATE REPORT
NATIONAL WEATHER SERVICE DETROIT/PONTIAC MI
1238 AM EST TUE NOV 15 2016


...................................

...THE DETROIT MI CLIMATE SUMMARY FOR NOVEMBER 14 2016...

CLIMATE NORMAL PERIOD 1981 TO 2010
CLIMATE RECORD PERIOD 1874 TO 2016


WEATHER ITEM   OBSERVED TIME   RECORD YEAR NORMAL DEPARTURE LAST
                VALUE   (LST)  VALUE       VALUE  FROM      YEAR
                                                  NORMAL
..................................................................
TEMPERATURE (F)
 YESTERDAY
  MAXIMUM         57    332 PM  70    1909  50      7       51
  MINIMUM         31    640 AM  13    1986  35     -4       38
  AVERAGE         44                        42      2       45

PRECIPITATION (IN)
  YESTERDAY        0.00          1.07 1957   0.10  -0.10     0.00
  MONTH TO DATE    1.01                      1.28  -0.27     0.75
  SINCE SEP 1     10.27                      7.07   3.20     4.01
  SINCE JAN 1     31.49                     29.50   1.99    25.99

SNOWFALL (IN)
  YESTERDAY        0.0           3.0  1933   0.0    0.0      0.0
  MONTH TO DATE    0.0                       0.3   -0.3       T
  SINCE SEP 1      0.0                       0.4   -0.4       T
  SINCE JUL 1      0.0                       0.4   -0.4       T
  SNOW DEPTH       0

DEGREE DAYS
 HEATING
  YESTERDAY       21                        23     -2       20
  MONTH TO DATE  195                       284    -89      195
  SINCE SEP 1    522                       785   -263      542
  SINCE JUL 1    522                       795   -273      552

 COOLING
  YESTERDAY        0                         0      0        0
  MONTH TO DATE    0                         0      0        0
  SINCE SEP 1    154                        92     62      171
  SINCE JAN 1   1177                       803    374      891
..................................................................


WIND (MPH)
  HIGHEST WIND SPEED    17   HIGHEST WIND DIRECTION    SW (210)
  HIGHEST GUST SPEED    21   HIGHEST GUST DIRECTION    SW (210)
  AVERAGE WIND SPEED     8.5


SKY COVER
  POSSIBLE SUNSHINE  MM
  AVERAGE SKY COVER 0.6


WEATHER CONDITIONS
 THE FOLLOWING WEATHER WAS RECORDED YESTERDAY.
  HAZE


RELATIVE HUMIDITY (PERCENT)
 HIGHEST    82           800 AM
 LOWEST     49          1200 AM
 AVERAGE    66

..........................................................


THE DETROIT MI CLIMATE NORMALS FOR TODAY
                         NORMAL    RECORD    YEAR
 MAXIMUM TEMPERATURE (F)   49        71      1928
 MINIMUM TEMPERATURE (F)   35        10      1933


SUNRISE AND SUNSET
NOVEMBER 15 2016......SUNRISE   724 AM EST   SUNSET   511 PM EST
NOVEMBER 16 2016......SUNRISE   726 AM EST   SUNSET   510 PM EST


-  INDICATES NEGATIVE NUMBERS.
R  INDICATES RECORD WAS SET OR TIED.
MM INDICATES DATA IS MISSING.
T  INDICATES TRACE AMOUNT.




$$
